{"id":982,"date":"2018-06-21T14:08:50","date_gmt":"2018-06-21T12:08:50","guid":{"rendered":"http:\/\/gdsreseau3m.com\/?page_id=982"},"modified":"2019-07-17T09:33:49","modified_gmt":"2019-07-17T07:33:49","slug":"ovins-information-et-reglementation","status":"publish","type":"page","link":"https:\/\/gdsreseau3m.com\/?page_id=982","title":{"rendered":"Ovins \u2013 R\u00e9glementation &#8211; Carnet sanitaire"},"content":{"rendered":"<div class=\"mpl-content-wrap\"><h6><a href=\"http:\/\/gdsreseau3m.com\/?page_id=304\"><img loading=\"lazy\" class=\"alignnone wp-image-333\" src=\"http:\/\/gdsreseau3m.com\/wp-content\/uploads\/2018\/06\/treffleMenu.png\" alt=\"\" width=\"23\" height=\"22\" \/><\/a><a href=\"http:\/\/gdsreseau3m.com\/?page_id=3004\">D\u00e9claration de d\u00e9tention<\/a> <a href=\"http:\/\/gdsreseau3m.com\/?page_id=304\"><img loading=\"lazy\" class=\"alignnone wp-image-333\" src=\"http:\/\/gdsreseau3m.com\/wp-content\/uploads\/2018\/06\/treffleMenu.png\" alt=\"\" width=\"23\" height=\"22\" \/><\/a><a href=\"http:\/\/gdsreseau3m.com\/?page_id=1042\">La prophylaxie<\/a><a href=\"http:\/\/gdsreseau3m.com\/?page_id=304\"><img loading=\"lazy\" class=\"alignnone wp-image-333\" src=\"http:\/\/gdsreseau3m.com\/wp-content\/uploads\/2018\/06\/treffleMenu.png\" alt=\"\" width=\"23\" height=\"22\" \/><\/a><a href=\"http:\/\/gdsreseau3m.com\/?page_id=1046\">Transmission des ICA\u00a0<\/a><a href=\"http:\/\/gdsreseau3m.com\/?page_id=304\"><img loading=\"lazy\" class=\"alignnone wp-image-333\" src=\"http:\/\/gdsreseau3m.com\/wp-content\/uploads\/2018\/06\/treffleMenu.png\" alt=\"\" width=\"23\" height=\"22\" \/><\/a><a href=\"http:\/\/gdsreseau3m.com\/?page_id=982\">Carnet sanitaire<\/a><\/h6>\n<h1><span style=\"color: #2180c0;\"><img loading=\"lazy\" class=\"alignnone wp-image-750\" src=\"http:\/\/gdsreseau3m.com\/wp-content\/uploads\/2018\/06\/Ovins.png\" alt=\"\" width=\"39\" height=\"32\" \/> Carnet sanitaire<\/span><\/h1>\n<h3><span style=\"color: #2180c0;\">Objectifs et contenu de cet ensemble de documents<\/span><\/h3>\n<div>\n<p>Depuis l\u2019entr\u00e9e en vigueur de l\u2019arr\u00eat\u00e9 minist\u00e9riel du du 5 juin 2000, <b>la tenue d\u2019un registre d\u2019\u00e9levage est obligatoire pour tout d\u00e9tenteur d\u2019animaux dont la chair ou les produits sont susceptibles d\u2019\u00eatre c\u00e9d\u00e9s en vue de la consommation, ainsi que des animaux d\u00e9tenus aux seules fins d\u2019autoconsommation.<\/b> Ainsi, sont concern\u00e9es toutes personnes physiques ou morales ayant la garde permanente ou temporaire de bovins, ovins, caprins, porcins, mais aussi des esp\u00e8ces \u00e9quines, asines et leur croisement (m\u00eame s\u2019ils ne sont pas destin\u00e9s \u00e0 la consommation), ainsi que des abeilles, gibiers, volailles, lagomorphes, poissons, etc. Ce dispositif vise principalement \u00e0 participer \u00e0 la tra\u00e7abilit\u00e9 de la cha\u00eene alimentaire et \u00e0 la veille sanitaire des \u00e9levages : le Registre d\u2019\u00c9levage est la m\u00e9moire de la sant\u00e9 de tous les animaux de l\u2019exploitation.<\/p>\n<h3><span style=\"color: #2180c0;\">Composition du Registre et principes<\/span><\/h3>\n<p>Le Registre d\u2019\u00c9levage est un regroupement de documents qui peuvent \u00eatre scind\u00e9s en 3 volets :<\/p>\n<blockquote>\n<ul>\n<li>La description de l\u2019exploitation (volet 1)<\/li>\n<li>Les mouvements d\u2019animaux (volet 2)<\/li>\n<li>L\u2019entretien et les soins apport\u00e9s aux animaux (volet 3) dont fait partie le carnet sanitaire.<\/li>\n<\/ul>\n<\/blockquote>\n<p>S\u2019il n\u2019y a pas de forme impos\u00e9e pour le registre, la seule obligation \u00e9tant que l\u2019ensemble des documents et donn\u00e9es qui doivent le composer soit facilement retrouvable, lisible et class\u00e9 de fa\u00e7on ordonn\u00e9e, il n\u2019en demeure pas moins que tout doit \u00eatre sous forme papier (avec des pages num\u00e9rot\u00e9es) ! Toutefois, cela n\u2019emp\u00eache pas l\u2019enregistrement de certaines donn\u00e9es sur support informatique \u00e0 condition qu\u2019une \u00e9dition \u00ab\u00a0papier\u00a0\u00bb soit effectu\u00e9e tous les trimestres au minimum, ainsi que lors de toute visite du v\u00e9t\u00e9rinaire ou de toute demande d\u2019un agent habilit\u00e9. L\u2019ensemble des \u00e9l\u00e9ments composant le registre doit \u00eatre<b> conserv\u00e9 pendant 5 ans.<\/b><br \/>\nD\u2019autres informations que celles impos\u00e9es peuvent venir compl\u00e9ter le registre \u00e0 condition qu\u2019elles ne nuisent pas \u00e0 sa lisibilit\u00e9 (donn\u00e9es n\u00e9cessaires \u00e0 l\u2019obtention d\u2019une qualification, d\u2019un label, une charte, bon de reprise de DASRI).<\/p>\n<h3><span style=\"color: #2180c0;\">Volet 1 : Description de l\u2019exploitation<\/span><\/h3>\n<p><b><img loading=\"lazy\" class=\" wp-image-1055 alignleft\" src=\"http:\/\/gdsreseau3m.com\/wp-content\/uploads\/2018\/06\/1432822731_Registre_d_elevage_volet_1__1_.jpg\" alt=\"\" width=\"217\" height=\"303\" \/>L\u2019objectif de cette partie est de fournir rapidement un aper\u00e7u de l\u2019organisation sur l\u2019exploitation des productions animales concern\u00e9es par le registre.<\/b> Ainsi l\u2019identification des d\u00e9tenteurs d\u2019animaux (et celle de leurs propri\u00e9taires si diff\u00e9rents), mais aussi des lieux de d\u00e9tention, permanents ou temporaires, des animaux (b\u00e2timents, p\u00e2tures) doivent \u00eatre renseign\u00e9s. Pour chaque esp\u00e8ce, le type de production (lait, viande), leurs lieux et p\u00e9riodes de d\u00e9tention, ainsi que les coordonn\u00e9es des personnes et\/ou organismes intervenant dans l\u2019\u00e9levage (v\u00e9t\u00e9rinaires, organismes de production, organisme \u00e0 vocation sanitaire, \u2026) sont \u00e0 notifier. Il est \u00e9galement n\u00e9cessaire de pr\u00e9ciser le lieu de classement des documents composant le registre.<\/p>\n<p>Ces donn\u00e9es \u00e9tant amen\u00e9es \u00e0 \u00e9voluer dans le temps, cela n\u00e9cessitera de les mettre \u00e0 jour r\u00e9guli\u00e8rement, en pr\u00e9cisant toujours la date de derni\u00e8re mise \u00e0 jour.<\/p>\n<p><strong>\u2192 Quatre fiches permettant de regrouper toutes ces informations sont t\u00e9l\u00e9chargeable ci-contre : <\/strong><a href=\"http:\/\/gdsreseau3m.com\/wp-content\/uploads\/2018\/06\/Registre_Sanitaire_les_caracteristiques_de_lexploitation-icon.pdf\" target=\"_blank\" rel=\"noopener noreferrer\"><strong>\u00ab\u00a0Les caract\u00e9ristiques de l\u2019exploitation\u00a0\u00bb<\/strong><\/a><\/p>\n<h3><span style=\"color: #2180c0;\">Volet 2 : les mouvements d\u2019animaux<\/span><\/h3>\n<p><b>L\u2019objectif de cette partie est de pouvoir reconstituer a posteriori les mouvements d\u2019animaux afin notamment de disposer d\u2019une tra\u00e7abilit\u00e9 sanitaire et alimentaire<\/b>. Ainsi les naissances, entr\u00e9es (achat, pr\u00eat, pension) et sorties (mort, vente pour \u00e9levage ou pour abattage, pr\u00eat, pension,\u2026) sont \u00e0 enregistrer. Par esp\u00e8ce et pour chaque mouvement, l\u2019identification des animaux ou du lot d\u2019animaux concern\u00e9s, la date du mouvement, les coordonn\u00e9es du vendeur (entr\u00e9es) ou celle de l\u2019acheteur (sorties) doivent \u00eatre consign\u00e9s. Dans le cas de sorties, le motif doit \u00eatre pr\u00e9cis\u00e9 ; pour les sorties pour cause de \u00ab\u00a0mort\u00a0\u00bb, les bons d\u2019\u00e9quarrissage correspondants doivent \u00eatre conserv\u00e9s. A noter que dans le cadre de la conditionnalit\u00e9 des aides PAC, les bons d\u2019enl\u00e8vements doivent \u00eatre conserv\u00e9s pour l\u2019ensemble des sorties quel que soit le motif.<\/p>\n<p>Notons que c\u2019est \u00e0 partir de ce suivi des mouvements que des enqu\u00eates \u00e9pid\u00e9miologiques peuvent \u00eatre r\u00e9alis\u00e9es en cas de probl\u00e8me sanitaire.<\/p>\n<h4><span style=\"color: #9b3590;\">Particularit\u00e9s par esp\u00e8ces :<\/span><\/h4>\n<ul>\n<li><strong>Bovin<\/strong> : ces obligations se traduisent uniquement par le classement des documents de notification, du livre annuel des bovins (document envoy\u00e9 une fois par an par le G.D.S. \u00e0 chaque \u00e9leveur) et des bons d\u2019\u00e9quarrissage (et les bons d\u2019enl\u00e8vements dans le cadre de la conditionnalit\u00e9).<\/li>\n<li><strong>Ovin\/Caprin<\/strong> : cela se traduit par le classement du recensement annuel des animaux, des documents de circulation pour les mouvements, de la liste des boucles livr\u00e9es pr\u00e9cisant la date de pose de chacun des rep\u00e8res (le carnet de naissance est suffisant si les dates d\u2019identification sont mentionn\u00e9es) ainsi que du tableau de correspondance entre les num\u00e9ros des boucles de rebouclage provisoires et les num\u00e9ros des animaux concern\u00e9s (avec la date de pose des rep\u00e8res provisoires).<\/li>\n<li><strong>Equid\u00e9<\/strong> : depuis 2010, les d\u00e9tenteurs d\u2019\u00e9quid\u00e9s doivent enregistrer leurs lieux de d\u00e9tention aupr\u00e8s de l\u2019IFCE via le SIRE pour se mettre en r\u00e8gle. Cette d\u00e9claration permet d\u2019agir en cas de crise sanitaire \u00e9quine en localisant facilement les lieux accueillant des chevaux sur le territoire. Le registre d\u2019\u00e9levage permet ensuite de consulter les renseignements concernant le lieu de d\u00e9tention et les \u00e9quid\u00e9s pr\u00e9sents.<\/li>\n<li><strong> Ruche<\/strong> : depuis le 1er janvier 2010, apiculteur professionnel ou amateur doivent d\u00e9clarer annuellement la d\u00e9tention et l\u2019emplacement des ruches. L\u2019int\u00e9r\u00eat de d\u00e9clarer toutes les ruches en activit\u00e9 est de pouvoir suivre au plus pr\u00e8s de la r\u00e9alit\u00e9 les populations d\u2019abeilles, leur r\u00e9partition et surtout leur sant\u00e9.<\/li>\n<\/ul>\n<\/div>\n<div>\n<h2><span style=\"color: #2180c0;\">Le 3e volet : L&rsquo;entretien et les Soins apport\u00e9s aux Animaux<\/span><\/h2>\n<p><b>L&rsquo;objectif de ce volet est de regrouper tout ce qui permet de pr\u00e9ciser l&rsquo;\u00e9tat sanitaire de l&rsquo;animal, du troupeau ou de l&rsquo;exploitation, ainsi que de tracer tous les \u00e9l\u00e9ments utilis\u00e9s pour assurer les productions animales de l&rsquo;exploitation : alimentation et soins. <\/b><\/p>\n<p>Ce volet peut \u00eatre d\u00e9compos\u00e9 en deux parties : la collecte &amp; l&rsquo;archivage de documents et l&rsquo;enregistrement de certaines informations.<\/p>\n<h4><span style=\"color: #9b3590;\">1. Les documents qui doivent \u00eatre collect\u00e9s et archiv\u00e9s :<\/span><\/h4>\n<ul>\n<li>Les comptes-rendus de visites sanitaires d&rsquo;un v\u00e9t\u00e9rinaire ou d&rsquo;un agent de la DD(cs)PP, ainsi que tout autre compte-rendu de visite r\u00e9alis\u00e9e sur l&rsquo;exploitation (ex. : visite GDS, suivi de PSE\u2026). Tous les \u00e9leveurs ont au moins un compte-rendu \u00e0 archiver : celui de la visite sanitaire annuelle obligatoire (d\u00e8s f\u00e9vrier 2017 pour les ovins).<\/li>\n<li>Les r\u00e9sultats de toutes les analyses effectu\u00e9es en vue d&rsquo;\u00e9valuer la situation sanitaire du troupeau ou de l&rsquo;exploitation (ex. : analyses sur les animaux, analyses d&rsquo;eau, de fourrage, &#8230;)<\/li>\n<li>Les \u00e9tiquettes de tous les \u00e9l\u00e9ments entrant dans l&rsquo;alimentation des animaux et non produits sur l&rsquo;exploitation. A la place des \u00e9tiquettes, peuvent \u00eatre conserv\u00e9s la facture ou le bon de livraison. Quel que soit le document conserv\u00e9, nous vous conseillons de conserver le num\u00e9ro de lot pour qu&rsquo;en cas de lot \u00ab\u00a0d\u00e9fectueux\u00a0\u00bb, vous puissiez savoir si vous \u00eates concern\u00e9s.<\/li>\n<li>Les ordonnances des m\u00e9dicaments et aliments m\u00e9dicamenteux, factures ou bons de livraisons pour les produits sans sans ordonnance.<\/li>\n<\/ul>\n<h3><span style=\"color: #9b3590;\">2. L&rsquo;enregistrement dans le carnet sanitaire :<\/span><\/h3>\n<p>Tous les traitements r\u00e9alis\u00e9s sur les animaux doivent \u00eatre consign\u00e9s dans le carnet d&rsquo;enregistrement des traitements (commun\u00e9ment appel\u00e9 Carnet Sanitaire), qu&rsquo;ils soient r\u00e9alis\u00e9s par le v\u00e9t\u00e9rinaire ou par l&rsquo;\u00e9leveur et quel que soit l&rsquo;\u00e2ge des animaux concern\u00e9s. A noter que la distribution d&rsquo;aliments m\u00e9dicamenteux doit \u00eatre consign\u00e9e au m\u00eame titre que tout autre traitement.<\/p>\n<p>La forme du Carnet Sanitaire est libre (cahier, calendrier, agenda, document type du GDS\u2026) tant que toutes les informations obligatoires y sont enregistr\u00e9es, de fa\u00e7on chronologique et par esp\u00e8ce voire \u00e9ventuellement par cat\u00e9gorie d&rsquo;animaux (ex. : possibilit\u00e9 d&rsquo;avoir un carnet pour les brebis et un autre pour les agneaux), sur support papier (pages num\u00e9rot\u00e9es) ou informatique. (voir encadr\u00e9 ci-dessous)<\/p>\n<p>L&rsquo;objectif est que pour chaque traitement effectu\u00e9 sur un animal ou un lot, l&rsquo;on puisse retrouver \u00e0 post\u00e9riori, quel animal ou quel lot est concern\u00e9, quand, quelle posologie a \u00e9t\u00e9 administr\u00e9e, le respect des d\u00e9lais d&rsquo;attente, l&rsquo;ordonnance correspondant, &#8230; en cas de contr\u00f4le ou de probl\u00e8me sanitaire.<\/p>\n<ul>\n<li><b>Le GDS met \u00e0 disposition des \u00e9leveurs un mod\u00e8le de <a href=\"http:\/\/gdsreseau3m.com\/wp-content\/uploads\/2018\/07\/carnet-sanitaire-version-informatique.pdf\" target=\"_blank\" rel=\"noopener noreferrer\"><span style=\"color: #56b74f;\">carnet d&rsquo;enregistrement papier<\/span><\/a> (ou version imprim\u00e9e d\u00e9livr\u00e9e gratuitement \u00e0 la demande). <\/b><\/li>\n<\/ul>\n<p><a href=\"http:\/\/gdsreseau3m.com\/wp-content\/uploads\/2018\/07\/carnet-sanitaire-version-informatique.pdf\" target=\"_blank\" rel=\"noopener noreferrer\"><img loading=\"lazy\" class=\"alignnone size-medium wp-image-2787 thumb-of-pdf\" src=\"http:\/\/gdsreseau3m.com\/wp-content\/uploads\/2018\/07\/carnet-sanitaire-version-informatique-pdf-300x212.jpg\" alt=\"thumbnail of carnet sanitaire version informatique\" width=\"300\" height=\"212\" srcset=\"https:\/\/gdsreseau3m.com\/wp-content\/uploads\/2018\/07\/carnet-sanitaire-version-informatique-pdf-300x212.jpg 300w, https:\/\/gdsreseau3m.com\/wp-content\/uploads\/2018\/07\/carnet-sanitaire-version-informatique-pdf-768x544.jpg 768w, https:\/\/gdsreseau3m.com\/wp-content\/uploads\/2018\/07\/carnet-sanitaire-version-informatique-pdf.jpg 1024w\" sizes=\"(max-width: 300px) 100vw, 300px\" \/><\/a><\/p>\n<p>Les \u00e9leveurs de bovins ou d&rsquo;ovins abonn\u00e9s \u00e0 Estelevage peuvent renseigner ces donn\u00e9es par informatique dans le module sanitaire \u00ab\u00a0Enregistrement des traitements\u00a0\u00bb. L&rsquo;avantage de la saisie informatique est de pouvoir valoriser ses enregistrements plus facilement et d&rsquo;\u00e9viter de recopier des informations puisque celles-ci peuvent \u00eatre pr\u00e9tabul\u00e9es (ex. : posologie, rythme de traitement, date remise en vente, &#8230; peuvent \u00eatre pr\u00e9-enregistr\u00e9es pour chaque produit utilis\u00e9). Toutefois, une \u00e9dition trimestrielle du carnet sanitaire doit \u00eatre r\u00e9alis\u00e9e et conserv\u00e9e dans ce cas.<\/p>\n<p>C&rsquo;est sur cet historique sant\u00e9 que s&rsquo;appuiera le v\u00e9t\u00e9rinaire pour faire son bilan sanitaire d&rsquo;\u00e9levage en d\u00e9gageant les pathologies majeures ou plus fr\u00e9quentes dans l&rsquo;\u00e9tablissement et en mettant en place des actions de ma\u00eetrise de ces pathologies formalis\u00e9es dans des protocoles de soin.<\/p>\n<p>Enfin, notez que le Registre d&rsquo;\u00c9levage peut faire l&rsquo;objet d&rsquo;un contr\u00f4le par les agents de la DD(CS)PP, DDT (ou autre organisme habilit\u00e9) et entre dans la conditionnalit\u00e9 des aides PAC. Sa bonne tenue est donc un gage de maintien de l&rsquo;ensemble des aides per\u00e7ues sur l&rsquo;exploitation.<\/p>\n<table width=\"100%\">\n<tbody>\n<tr>\n<td>\n<div><span style=\"color: #2180c0;\"><b>\u00a0LES DONN\u00c9ES QUI DOIVENT \u00caTRE NOT\u00c9ES SUR LE CARNET SANITAIRE, POUR TOUT TRAITEMENT :<\/b><\/span><\/div>\n<p><span style=\"color: #414741;\"><u>Ce que l&rsquo;\u00e9leveur doit remplir : <\/u><br \/>\n&#8211;\u00a0\u00a0 \u00a0la <b>date <\/b>de l&rsquo;intervention,<br \/>\n&#8211;\u00a0\u00a0 \u00a0le <b>num\u00e9ro d&rsquo;identification <\/b>des animaux concern\u00e9s ou l&rsquo;identification du lot concern\u00e9 \u00e0 condition que la description du lot permette de retrouver a posteriori l&rsquo;identification des animaux<br \/>\n<span style=\"color: #901283;\">ex. : \u00ab\u00a0agnelles \u00e2g\u00e9es de 6 \u00e0 12 mois\u00a0\u00bb, \u00ab\u00a0tous les animaux n\u00e9s apr\u00e8s le 01\/04\/2015\u00a0\u00bb et non, \u00ab\u00a0animaux bergerie du bas\u00a0\u00bb, &#8230;<\/span><br \/>\n&#8211;\u00a0\u00a0 \u00a0le<b> num\u00e9ro de l&rsquo;ordonnance <\/b>prescrivant le m\u00e9dicament utilis\u00e9.\u00a0 P<i>our retrouver facilement ce num\u00e9ro, vous pouvez le noter sur la boite du m\u00e9dicament<\/i><br \/>\n&#8211;\u00a0\u00a0 \u00a0les <b>dates de d\u00e9but et de fin <\/b>de traitement,<br \/>\n&#8211;\u00a0\u00a0 \u00a0le <b>m\u00e9dicament utilis\u00e9,<\/b> en pr\u00e9cisant la voie d&rsquo;administration, la dose administr\u00e9e et la fr\u00e9quence \u00e0 laquelle cette dose est administr\u00e9e<br \/>\n<span style=\"color: #901283;\">ex. : nombre de fois par jour, pendant x jours<\/span><br \/>\n&#8211;\u00a0\u00a0 \u00a0la <b><u>date <\/u>de remise en vente<\/b> des produits (lait, viande, oeuf, miel) et <span style=\"color: #ff6600;\"><b>non le d\u00e9lai d&rsquo;attente <\/b><\/span><br \/>\n&#8211;\u00a0\u00a0 \u00a0le <b>nom de la personne <\/b>ayant r\u00e9alis\u00e9 l&rsquo;intervention.<br \/>\n&#8211;\u00a0\u00a0 \u00a0le motif du traitement est facultatif<\/span><\/p>\n<p><u>Ce que le v\u00e9t\u00e9rinaire doit remplir \u00e0 chaque visite (pensez \u00e0 lui faire remplir votre registre) :<\/u><br \/>\n&#8211;\u00a0\u00a0 \u00a0la <b>date <\/b>d&rsquo;intervention,<br \/>\n&#8211;\u00a0\u00a0 \u00a0le <b>num\u00e9ro d&rsquo;ordonnance<\/b>,<br \/>\n&#8211;\u00a0\u00a0 \u00a0le <b>diagnostic<\/b>, quand il est \u00e9tabli,<br \/>\n&#8211;\u00a0\u00a0 \u00a0l&rsquo;<b>\u00e9tat g\u00e9n\u00e9ral <\/b>(ou les performances zootechniques) des animaux sur lesquels il est intervenu,<br \/>\n&#8211;\u00a0\u00a0 \u00a0<b>son nom et sa signature.<\/b><\/p>\n<p>Pour les autres donn\u00e9es, il fait r\u00e9f\u00e9rence <b>\u00e0 sa propre ordonnance<\/b> qui doit obligatoirement comporter ces informations et laisse l&rsquo;ordonnance \u00e0 l&rsquo;\u00e9leveur qui la <b>conservera durant 5 ann\u00e9es<\/b>.<\/td>\n<\/tr>\n<\/tbody>\n<\/table>\n<div>Sources : GDS, CDA 61, haras-nationaux.fr<\/div>\n<\/div>\n<\/div>","protected":false},"excerpt":{"rendered":"<p>D\u00e9claration de d\u00e9tention La prophylaxieTransmission des ICA\u00a0Carnet sanitaire Carnet sanitaire Objectifs et contenu de cet ensemble de documents Depuis l\u2019entr\u00e9e en vigueur de l\u2019arr\u00eat\u00e9 minist\u00e9riel du du 5 juin 2000, la tenue d\u2019un registre d\u2019\u00e9levage est obligatoire pour tout d\u00e9tenteur d\u2019animaux dont la chair ou les produits sont susceptibles d\u2019\u00eatre c\u00e9d\u00e9s en vue de la [&hellip;]<\/p>\n","protected":false},"author":1,"featured_media":0,"parent":0,"menu_order":0,"comment_status":"closed","ping_status":"closed","template":"","meta":[],"_links":{"self":[{"href":"https:\/\/gdsreseau3m.com\/index.php?rest_route=\/wp\/v2\/pages\/982"}],"collection":[{"href":"https:\/\/gdsreseau3m.com\/index.php?rest_route=\/wp\/v2\/pages"}],"about":[{"href":"https:\/\/gdsreseau3m.com\/index.php?rest_route=\/wp\/v2\/types\/page"}],"author":[{"embeddable":true,"href":"https:\/\/gdsreseau3m.com\/index.php?rest_route=\/wp\/v2\/users\/1"}],"replies":[{"embeddable":true,"href":"https:\/\/gdsreseau3m.com\/index.php?rest_route=%2Fwp%2Fv2%2Fcomments&post=982"}],"version-history":[{"count":15,"href":"https:\/\/gdsreseau3m.com\/index.php?rest_route=\/wp\/v2\/pages\/982\/revisions"}],"predecessor-version":[{"id":4313,"href":"https:\/\/gdsreseau3m.com\/index.php?rest_route=\/wp\/v2\/pages\/982\/revisions\/4313"}],"wp:attachment":[{"href":"https:\/\/gdsreseau3m.com\/index.php?rest_route=%2Fwp%2Fv2%2Fmedia&parent=982"}],"curies":[{"name":"wp","href":"https:\/\/api.w.org\/{rel}","templated":true}]}}