{"id":980,"date":"2018-06-21T14:08:34","date_gmt":"2018-06-21T12:08:34","guid":{"rendered":"http:\/\/gdsreseau3m.com\/?page_id=980"},"modified":"2024-02-26T17:23:47","modified_gmt":"2024-02-26T16:23:47","slug":"ovins-parasitisme","status":"publish","type":"page","link":"https:\/\/gdsreseau3m.com\/?page_id=980","title":{"rendered":"Ovins \u2013 Parasitisme"},"content":{"rendered":"<div class=\"mpl-content-wrap\"><h1><img loading=\"lazy\" class=\"alignnone wp-image-750\" src=\"http:\/\/gdsreseau3m.com\/wp-content\/uploads\/2018\/06\/Ovins.png\" alt=\"\" width=\"39\" height=\"32\" \/><span style=\"color: #2180c0;\"> Gestion du parasitisme<\/span><\/h1>\n<h3><span style=\"color: #2180c0;\">Pourquoi remettre en cause ses pratiques ?<\/span><\/h3>\n<p>Les traitements antiparasitaires sont (tr\u00e8s) souvent r\u00e9alis\u00e9s par habitude, avec les m\u00eames produits sur les m\u00eames lots d&rsquo;animaux&#8230; toujours aux m\u00eames p\u00e9riodes ! Les r\u00e9sultats obtenus sont plus ou moins satisfaisants (parfois moins que plus !) et au pire<i>, \u00ab\u00a0si \u00e7a ne leur fait pas de bien, \u00e7a ne peut pas leur faire de mal\u00a0\u00bb<\/i> ! Voici ce que bon nombre d&rsquo;\u00e9leveur nous dit lors de nos visites ou journ\u00e9es de formations et qui ne peuvent nous laisser indiff\u00e9rents face \u00e0 cette probl\u00e9matique qu&rsquo;est la gestion du parasitisme.<\/p>\n<p>En effet, outre les aspects de sant\u00e9\/bien-\u00eatre des ovins, l&rsquo;impact technique et financier de ces pratiques faites \u00ab\u00a0par habitude\u00a0\u00bb peut \u00eatre lourd de cons\u00e9quences, notamment avec l&rsquo;apparition de r\u00e9sistances aux produits, sans parler des aspects environnementaux et de l&rsquo;image port\u00e9e aupr\u00e8s des consommateurs. Voici une premi\u00e8re approche de la gestion des parasites\u2026<\/p>\n<div><b><img loading=\"lazy\" class=\"alignnone size-full wp-image-1035\" src=\"http:\/\/gdsreseau3m.com\/wp-content\/uploads\/2018\/06\/1410081332_P1040864.jpg\" alt=\"\" width=\"448\" height=\"336\" srcset=\"https:\/\/gdsreseau3m.com\/wp-content\/uploads\/2018\/06\/1410081332_P1040864.jpg 448w, https:\/\/gdsreseau3m.com\/wp-content\/uploads\/2018\/06\/1410081332_P1040864-300x225.jpg 300w, https:\/\/gdsreseau3m.com\/wp-content\/uploads\/2018\/06\/1410081332_P1040864-400x300.jpg 400w\" sizes=\"(max-width: 448px) 100vw, 448px\" \/><br \/>\nVivre avec le parasite &#8230; sans pr\u00e9judice !\u00a0 <\/b><\/div>\n<h4><span style=\"color: #9b3590;\">1. Conna\u00eetre les parasites pr\u00e9sents dans l&rsquo;\u00e9levage<\/span><\/h4>\n<p>La premi\u00e8re chose \u00e0 faire, avant de mettre en place un traitement, est d&rsquo;\u00e9valuer les parasites pr\u00e9sents. Pour ce faire, il faudra :<\/p>\n<p><u><b>Une \u00e9valuation sur les animaux :<\/b><\/u><\/p>\n<ul>\n<li>Celle-ci se fera sur des pr\u00e9l\u00e8vements de f\u00e8ces (4-5 animaux\/lot), voire de sang. Ceux-ci seront transmis au laboratoire qui les analysera. Sur les f\u00e8ces, seront recherch\u00e9s strongles, paramphistomes, coccidies, t\u00e9nia, &#8230; Alors que le sang\u00a0 servira \u00e0 faire une s\u00e9rologie Grande Douve.<\/li>\n<li>R\u00e8gles d&rsquo;usage : faire les pr\u00e9l\u00e8vements dans le rectum ; ne pas m\u00e9langer les f\u00e8ces de plusieurs animaux ; les mettre dans un pot\u00a0 st\u00e9rile (de pr\u00e9f\u00e9rence).<\/li>\n<\/ul>\n<p><u><b>Une \u00e9valuation des risques pr\u00e9sents dans chaque p\u00e2ture :<\/b><\/u><\/p>\n<ul>\n<li>S&rsquo;il y a des zones humides (joncs, r\u00e9surgence de sources, endroits toujours humides\/mouill\u00e9s &#8230;), les animaux p\u00e2turant dans ces parcelles peuvent \u00eatre infest\u00e9s par la Grande Douve (et par des paramphistomes =&gt; dans le rumen)<\/li>\n<\/ul>\n<p>&nbsp;<\/p>\n<p>=&gt; PAS DE ZONE HUMIDE = PAS DE GRANDE DOUVE car besoin d&rsquo;un escargot aquatique pour se transmettre (h\u00f4te interm\u00e9diaire) !<\/p>\n<ul>\n<li>S&rsquo;il y a des zones s\u00e8ches (coteaux, vergers, plateaux calcaires&#8230;) dans ce cas, le risque est plut\u00f4t repr\u00e9sent\u00e9 par la Petite Douve (besoin de 2 h\u00f4tes interm\u00e9diaires &#8211; 1 escargot et 1 fourmi &#8211; pour se transmettre).<\/li>\n<\/ul>\n<p>=&gt; PAS DE ZONE S\u00c8CHE = PAS DE PETITE DOUVE !<\/p>\n<ul>\n<li>Si vous avez eu des retours d&rsquo;abattoirs avec la mention \u00ab\u00a0foie douv\u00e9\u00a0\u00bb, le risque est pr\u00e9sent ! Reste \u00e0 savoir s&rsquo;il s&rsquo;agit de Petite ou Grande Douve&#8230; (produits de traitement diff\u00e9rents).<\/li>\n<\/ul>\n<p><img loading=\"lazy\" class=\"alignnone size-full wp-image-1037\" src=\"http:\/\/gdsreseau3m.com\/wp-content\/uploads\/2018\/06\/1403855335_Paramphistome_messin.png\" alt=\"\" width=\"230\" height=\"189\" \/><br \/>\n<b><span style=\"color: #56b74f;\">\u2192\u00a0Les r\u00e9sultats du laboratoire ET vos connaissances des p\u00e2tures permettront de d\u00e9cider s&rsquo;il est n\u00e9cessaire de traiter ou non, et le cas \u00e9ch\u00e9ant, avec quels produits. Demandez conseil \u00e0 votre v\u00e9t\u00e9rinaire !<\/span> <\/b><\/p>\n<p><b><span style=\"color: #74bd2c;\"><span style=\"color: #333333;\">Le GDS, le laboratoire et les v\u00e9t\u00e9rinaires se mobilisent pour vous guider dans vos choix et vous accompagner \u00e0 poser un diagnostic gr\u00e2ce aux analyses sanguines et coproscopies possibles \u00e0 des tarifs pr\u00e9f\u00e9rentiels pour les \u00e9leveurs adh\u00e9rents \u00e0 la section ovine<\/span> <\/span><\/b><\/p>\n<h4><span style=\"color: #9b3590;\">2. \u00c9valuer l&rsquo;int\u00e9r\u00eat de traiter<\/span><\/h4>\n<p>Il est important de comprendre que chaque parasite se g\u00e8re diff\u00e9remment ! Ainsi on traitera contre les Douves plut\u00f4t \u00e0 la rentr\u00e9e (= pour \u00ab\u00a0nettoyer\u00a0\u00bb le foie des animaux infest\u00e9s) alors qu&rsquo;il pourra \u00eatre n\u00e9cessaire de traiter 1 \u00e0 2 fois en p\u00e9riode de p\u00e2ture des lots d&rsquo;animaux tr\u00e8s infest\u00e9s par les strongles ! En effet l&rsquo;immunit\u00e9 d\u00e9velopp\u00e9e par les ovins contre les strongles est tr\u00e8s insuffisante (\u00e0 l&rsquo;inverse des bovins) et n\u00e9cessite 1 \u00e0 2 traitements par an y compris pour des adultes !<\/p>\n<p>Par ailleurs, au-del\u00e0 des parasites, on s&rsquo;int\u00e9ressera aux cat\u00e9gories d&rsquo;animaux : les agneaux sont plus sensibles \u00e0 certains parasites (= t\u00e9nia, coccidies) que les adultes. Certains traitements sur les jeunes pourront donc \u00eatre indispensables alors que pour les adultes, ils seront inutiles.<\/p>\n<p>Enfin, quelques traitements vont permettre aux animaux d&rsquo;\u00e9liminer des oeufs ou larves de parasites qui risquent eux-m\u00eames de recontaminer les p\u00e2tures, d&rsquo;o\u00f9 des pr\u00e9cautions \u00e0 prendre lors du traitement !<br \/>\nExemple du t\u00e9nia : bloquer les agneaux 24 heures dans un enclos, apr\u00e8s traitement, pour ne pas diss\u00e9miner les oeufs dans la p\u00e2ture !<\/p>\n<p><b><span style=\"color: #56b74f;\">\u2192\u00a0Une bonne connaissance des parasites est donc n\u00e9cessaire afin de comprendre comment et pourquoi traiter.<\/span> <\/b><\/p>\n<h4><span style=\"color: #9b3590;\">3. Traiter correctement pour ne pas induire de r\u00e9sistance<\/span><\/h4>\n<p>Dans de nombreux cas d&rsquo;inefficacit\u00e9 des traitements, c&rsquo;est plus le mode d&rsquo;application du produit qui est en jeu que le produit lui-m\u00eame ! Quelques de bases \u00e0 respecter scrupuleusement :<\/p>\n<ul>\n<li>Ne pas sous-doser les produits administr\u00e9s car les parasites non tu\u00e9s les plus r\u00e9sistants vont persister, se d\u00e9velopper et petit \u00e0 petit prendre le dessus sur les autres = ils seront donc r\u00e9sistants aux mol\u00e9cules utilis\u00e9es (= r\u00e9sistance VRAIE) ! Pour cela il faudra :<\/li>\n<\/ul>\n<p>&#8211; Ne pas sous-estimer le poids des animaux<br \/>\n&#8211; Tenir compte de la concentration du produit pour calculer la dose \u00e0 administrer (peut varier pour un m\u00eame nom commercial =&gt; attention aux changements de produits)<br \/>\n&#8211; Par voie orale, privil\u00e9gier les faibles doses : \u00e9vite la r\u00e9gurgitation<br \/>\n&#8211; V\u00e9rifier la dose restant dans le bidon \u00e0 la fin du traitement du lot : celle-ci doit correspondre \u00e0 ce que vous aviez calcul\u00e9 !<\/p>\n<ul>\n<li>Varier les mol\u00e9cules utilis\u00e9es. Pour cela, il est n\u00e9cessaire de changer de produit, sur avis v\u00e9t\u00e9rinaire pour \u00eatre certain de ne pas prendre les m\u00eames mol\u00e9cules mais sous un nom commercial diff\u00e9rent !<\/li>\n<\/ul>\n<h4><span style=\"color: #800080;\">A retenir<\/span><\/h4>\n<blockquote>\n<ul>\n<li>une bonne connaissance des parasites est n\u00e9cessaire afin de comprendre comment et pourquoi traiter<\/li>\n<li>changer de produit (nom commercial) ne signifie pas toujours changer de mol\u00e9cules =&gt; attention aux r\u00e9sistances<\/li>\n<li>Traiter lorsque cela est n\u00e9cessaire et toujours \u00e0 la bonne dose (ne pas sous doser)<\/li>\n<\/ul>\n<\/blockquote>\n<p>Voir l&rsquo;article <b><a href=\"http:\/\/www.gdsreseau3m.com\/documents\/fichiers\/pages\/1410082867_PL_A12_S45_parasitisme,_traitement_raisonne___efficacite.pdf\" target=\"_self\" rel=\"noopener noreferrer\"><span style=\"color: #56b74f;\">\u00a0\u00bb Traitement raisonn\u00e9 = efficacit\u00e9\u00a0\u00bb\u00a0<\/span><\/a><\/b><\/p>\n<h3><span style=\"color: #2180c0;\">Contactez votre technicien GDS sp\u00e9cialis\u00e9 section ovine<\/span><b><br \/>\n<\/b><\/h3>\n<p><b>GDS 55<\/b> = <a href=\"mailto:l.foures@gds55.com\"><span style=\"color: #56b74f;\">Laurent FOURES<\/span><\/a> &#8211; 03 29 83 30 41<br \/>\n<b>GDS 57<\/b> =<span style=\"color: #56b74f;\"><a style=\"color: #56b74f;\" href=\"mailto:kenens@gddsb-moselle.asso.fr\"> Margaux KENENS<\/a> <\/span>&#8211; 03 87 66 12 98<\/p>\n<\/div>","protected":false},"excerpt":{"rendered":"<p>Gestion du parasitisme Pourquoi remettre en cause ses pratiques ? Les traitements antiparasitaires sont (tr\u00e8s) souvent r\u00e9alis\u00e9s par habitude, avec les m\u00eames produits sur les m\u00eames lots d&rsquo;animaux&#8230; toujours aux m\u00eames p\u00e9riodes ! Les r\u00e9sultats obtenus sont plus ou moins satisfaisants (parfois moins que plus !) et au pire, \u00ab\u00a0si \u00e7a ne leur fait pas [&hellip;]<\/p>\n","protected":false},"author":1,"featured_media":0,"parent":0,"menu_order":0,"comment_status":"closed","ping_status":"closed","template":"","meta":[],"_links":{"self":[{"href":"https:\/\/gdsreseau3m.com\/index.php?rest_route=\/wp\/v2\/pages\/980"}],"collection":[{"href":"https:\/\/gdsreseau3m.com\/index.php?rest_route=\/wp\/v2\/pages"}],"about":[{"href":"https:\/\/gdsreseau3m.com\/index.php?rest_route=\/wp\/v2\/types\/page"}],"author":[{"embeddable":true,"href":"https:\/\/gdsreseau3m.com\/index.php?rest_route=\/wp\/v2\/users\/1"}],"replies":[{"embeddable":true,"href":"https:\/\/gdsreseau3m.com\/index.php?rest_route=%2Fwp%2Fv2%2Fcomments&post=980"}],"version-history":[{"count":10,"href":"https:\/\/gdsreseau3m.com\/index.php?rest_route=\/wp\/v2\/pages\/980\/revisions"}],"predecessor-version":[{"id":6843,"href":"https:\/\/gdsreseau3m.com\/index.php?rest_route=\/wp\/v2\/pages\/980\/revisions\/6843"}],"wp:attachment":[{"href":"https:\/\/gdsreseau3m.com\/index.php?rest_route=%2Fwp%2Fv2%2Fmedia&parent=980"}],"curies":[{"name":"wp","href":"https:\/\/api.w.org\/{rel}","templated":true}]}}