{"id":801,"date":"2018-06-19T16:59:21","date_gmt":"2018-06-19T14:59:21","guid":{"rendered":"http:\/\/gdsreseau3m.com\/?page_id=801"},"modified":"2023-01-16T15:18:59","modified_gmt":"2023-01-16T14:18:59","slug":"presentation-en-savoir-plus","status":"publish","type":"page","link":"https:\/\/gdsreseau3m.com\/?page_id=801","title":{"rendered":"Pr\u00e9sentation en savoir plus"},"content":{"rendered":"<div class=\"mpl-content-wrap\"><h2><span style=\"color: #2180c0;\"><img loading=\"lazy\" class=\"alignnone size-full wp-image-333\" src=\"http:\/\/gdsreseau3m.com\/wp-content\/uploads\/2018\/06\/treffleMenu.png\" alt=\"\" width=\"35\" height=\"36\" \/><\/span><span style=\"color: #2180c0;\">Les GDS reconnus Organisme \u00e0 Vocation Sanitaire<br \/>\n<\/span><\/h2>\n<h2><span style=\"color: #2180c0;\"><i>Une reconnaissance par l&rsquo;\u00c9tat souligne la comp\u00e9tence historique des GDS fran\u00e7ais.<\/i><\/span><i><\/i><\/h2>\n<p>&nbsp;<\/p>\n<div>\n<p>\u201cEn reconnaissant les Groupements de d\u00e9fense sanitaire comme Organismes \u00e0 Vocation Sanitaire (OVS), le Minist\u00e8re de l&rsquo;Agriculture poursuit la construction de la \u00ab Nouvelle gouvernance sanitaire \u00bb.<br \/>\nChaque r\u00e9gion fran\u00e7aise dispose de deux Organismes \u00e0 vocation sanitaire (OVS), l&rsquo;un sp\u00e9cialiste des animaux, l&rsquo;autre des v\u00e9g\u00e9taux.<\/p>\n<p>Pour devenir d\u00e9l\u00e9gataire de l&rsquo;\u00c9tat sur des mesures de surveillance ou de lutte (prophylaxie, d\u00e9pistages&#8230;), un organisme doit \u00eatre reconnu OVS. Depuis des ann\u00e9es, les GDS assurent le suivi de missions de prophylaxies pour le compte des Services de l&rsquo;Etat.<\/p>\n<\/div>\n<div>\n<h6>N\u00b0 d\u2019accr\u00e9ditation OVS GDS Grand-Est : 3-1677- Port\u00e9e : inspections relatives \u00e0 la sant\u00e9 animale \u2013 contr\u00f4les n\u00e9cessaires \u00e0 la qualification du troupeau. <a href=\"http:\/\/www.cofrac.fr\/\" target=\"_blank\" rel=\"noopener noreferrer\">www.cofrac.fr<\/a><\/h6>\n<\/div>\n<\/div>","protected":false},"excerpt":{"rendered":"<p>Les GDS reconnus Organisme \u00e0 Vocation Sanitaire Une reconnaissance par l&rsquo;\u00c9tat souligne la comp\u00e9tence historique des GDS fran\u00e7ais. &nbsp; \u201cEn reconnaissant les Groupements de d\u00e9fense sanitaire comme Organismes \u00e0 Vocation Sanitaire (OVS), le Minist\u00e8re de l&rsquo;Agriculture poursuit la construction de la \u00ab Nouvelle gouvernance sanitaire \u00bb. Chaque r\u00e9gion fran\u00e7aise dispose de deux Organismes \u00e0 vocation [&hellip;]<\/p>\n","protected":false},"author":1,"featured_media":0,"parent":0,"menu_order":0,"comment_status":"closed","ping_status":"closed","template":"","meta":[],"_links":{"self":[{"href":"https:\/\/gdsreseau3m.com\/index.php?rest_route=\/wp\/v2\/pages\/801"}],"collection":[{"href":"https:\/\/gdsreseau3m.com\/index.php?rest_route=\/wp\/v2\/pages"}],"about":[{"href":"https:\/\/gdsreseau3m.com\/index.php?rest_route=\/wp\/v2\/types\/page"}],"author":[{"embeddable":true,"href":"https:\/\/gdsreseau3m.com\/index.php?rest_route=\/wp\/v2\/users\/1"}],"replies":[{"embeddable":true,"href":"https:\/\/gdsreseau3m.com\/index.php?rest_route=%2Fwp%2Fv2%2Fcomments&post=801"}],"version-history":[{"count":10,"href":"https:\/\/gdsreseau3m.com\/index.php?rest_route=\/wp\/v2\/pages\/801\/revisions"}],"predecessor-version":[{"id":6453,"href":"https:\/\/gdsreseau3m.com\/index.php?rest_route=\/wp\/v2\/pages\/801\/revisions\/6453"}],"wp:attachment":[{"href":"https:\/\/gdsreseau3m.com\/index.php?rest_route=%2Fwp%2Fv2%2Fmedia&parent=801"}],"curies":[{"name":"wp","href":"https:\/\/api.w.org\/{rel}","templated":true}]}}