{"id":7103,"date":"2025-01-20T12:25:41","date_gmt":"2025-01-20T11:25:41","guid":{"rendered":"https:\/\/gdsreseau3m.com\/?page_id=7103"},"modified":"2025-01-20T12:30:48","modified_gmt":"2025-01-20T11:30:48","slug":"fmgds","status":"publish","type":"page","link":"https:\/\/gdsreseau3m.com\/?page_id=7103","title":{"rendered":"FMGDS"},"content":{"rendered":"<div class=\"mpl-content-wrap\"><h3>Qu\u2019est-ce que le FMGDS ?<\/h3>\n<p>Le FMGDS est une association Loi 1901 dont les membres sont les GDS, FRGDS et GDS France.<\/p>\n<p><a href=\"http:\/\/gdsreseau3m.com\/wp-content\/uploads\/2025\/01\/fmgds.png\"><img loading=\"lazy\" class=\"wp-image-7104 alignright\" src=\"http:\/\/gdsreseau3m.com\/wp-content\/uploads\/2025\/01\/fmgds.png\" alt=\"\" width=\"311\" height=\"232\" srcset=\"https:\/\/gdsreseau3m.com\/wp-content\/uploads\/2025\/01\/fmgds.png 605w, https:\/\/gdsreseau3m.com\/wp-content\/uploads\/2025\/01\/fmgds-300x224.png 300w, https:\/\/gdsreseau3m.com\/wp-content\/uploads\/2025\/01\/fmgds-400x300.png 400w\" sizes=\"(max-width: 311px) 100vw, 311px\" \/><\/a>Le FMGDS a pour objet d\u2019assurer une prise en charge permettant de pallier toute ou partie des pertes \u00e9conomiques ou sanitaires subies par les \u00e9leveurs adh\u00e9rents \u00e0 leur Groupement de D\u00e9fense Sanitaire en cas d\u2019apparition d\u2019un foyer de maladies animales, ou cons\u00e9cutives \u00e0 la mise en oeuvre d\u2019un programme collectif volontaire de lutte contre une maladie animale ou de programmes sanitaires relevant de la stricte comp\u00e9tence de ses soci\u00e9taires.<\/p>\n<p>Il peut \u00e9galement contribuer au financement par les \u00e9leveurs adh\u00e9rents des actions sanitaires conduites dans le cadre de ces programmes collectifs. Il peut enfin pallier toute ou partie des pertes subies individuellement par un \u00e9leveur adh\u00e9rent en cas de survenance d\u2019un incident sanitaire.<\/p>\n<p>&nbsp;<\/p>\n<h3>Comment est-il abond\u00e9 ?<\/h3>\n<ul>\n<li>Les cotisations au FMGDS comprennent l\u2019ensemble des contributions vers\u00e9es par les \u00e9leveurs b\u00e9n\u00e9ficiaires aupr\u00e8s de leur GDS et revers\u00e9es par celui-ci au FMGDS ;<\/li>\n<li>Les fonds initialement stock\u00e9s sur un compte bancaire d\u00e9di\u00e9 dans les d\u00e9partements ont \u00e9t\u00e9 remont\u00e9s \u00e0 la r\u00e9serve nationale en 2019\/2020 pour raisons comptables ;<\/li>\n<li>Les fonds restant dans les GDS depuis 2019 sont soit des int\u00e9r\u00eats de placements, soit des droits de tirage ; le tout appartient aux GDS qui n\u2019ont plus de justification \u00e0 faire aux instances statutaires du FMGDS ;<\/li>\n<li>La tr\u00e9sorerie FMGDS qui est g\u00e9r\u00e9e au niveau national n\u2019appartient pas aux GDS mais \u00e0 la collectivit\u00e9 des \u00e9leveurs fran\u00e7ais qui ont cotis\u00e9 au FMGDS ;<\/li>\n<li>Entre 2015 et 2023, le montant de la cotisation FMGDS s&rsquo;\u00e9levait \u00e0 0<br \/>\neuro pour les esp\u00e8ces concern\u00e9es.<\/li>\n<\/ul>\n<h3>Quelles sont les conditions d\u2019\u00e9ligibilit\u00e9 ?<\/h3>\n<p>\u00catre adh\u00e9rent ann\u00e9e n et ann\u00e9e n-1 au GDS ET au FMGDS (hors nouvel install\u00e9 ann\u00e9e n-1).<\/p>\n<ul>\n<li><strong>Montant appel\u00e9 par animal et par esp\u00e8ce : <a href=\"http:\/\/gdsreseau3m.com\/wp-content\/uploads\/2025\/01\/Guide-du-FMGDS_Juillet-2024.pdf\">voir le guide 2024 <\/a><\/strong><\/li>\n<\/ul>\n<p>L\u2019effectif des animaux appel\u00e9 pour les cotisations est le m\u00eame que celui<br \/>\ndes cotisations appel\u00e9es par les GDS.<\/p>\n<h3>Comment le fonds est-il utilis\u00e9 ?<\/h3>\n<ul>\n<li>Au niveau national pour l\u2019indemnisation de programmes nationaux ;<\/li>\n<li>Au niveau r\u00e9gional pour des actions locales sp\u00e9cifiques ;<\/li>\n<li>Au niveau d\u00e9partemental pour des action locales<\/li>\n<\/ul>\n<h3>Quel type de pertes couvre-t-il au niveau national ?<\/h3>\n<p>Les pertes prises en charge sont d\u00e9finies par le conseil d\u2019administration du FMGDS qui d\u00e9cide de l\u2019objet et des r\u00e8gles d\u2019indemnisation.<\/p>\n<p>Les programmes nationaux doivent respecter les crit\u00e8res suivants :<\/p>\n<ul>\n<li><strong>Crit\u00e8res essentiels et minimums requis<\/strong> : impact clinique pour les \u00e9levages touch\u00e9s (objectiv\u00e9 par la morbidit\u00e9 et la mortalit\u00e9 intra-cheptel) ; Risque de diffusion rapide de la maladie ; absence de moyen de pr\u00e9vention disponible (vaccination) hors cas particulier (nouvelle souche ou vaccin sous ATU) ; impact sanitaire collectif (objectiv\u00e9 par le nombre d\u2019\u00e9levage atteint<br \/>\n\u00e0 l\u2019\u00e9chelle d\u2019un territoire).<\/li>\n<li>C<strong>rit\u00e8res facultatifs mais pouvant influencer la d\u00e9cision<\/strong> : \u00c9mergence ; Caract\u00e8re zoonotique de la maladie ; Impact commercial.<\/li>\n<\/ul>\n<p>Depuis 2017, le FMGDS intervient pour l\u2019indemnisation des \u00e9levages touch\u00e9s<br \/>\npar la Besnoitiose.<\/p>\n<p>Comment est utilis\u00e9 le FMGDS au niveau r\u00e9gional ?<\/p>\n<p>Afin de pouvoir continuer \u00e0 financer des actions collectives, l\u2019Assembl\u00e9e<br \/>\nG\u00e9n\u00e9rale du FMGDS a valid\u00e9 le versement aux FRGDS d\u2019une partie des fonds.<\/p>\n<p>Ces fonds devant \u00eatre utilis\u00e9s pour les actions suivantes :<\/p>\n<ul>\n<li>IBR<\/li>\n<li>BVD<\/li>\n<li>Paratuberculose<br \/>\nNeosporose<\/li>\n<li>Border Disease<\/li>\n<li>Fi\u00e8vre Q<\/li>\n<li>Mycoplasme<\/li>\n<li>Wohlfahrtia<\/li>\n<li>Besnoitiose<\/li>\n<li>Caev \/ Visna maedi<\/li>\n<li>Gale<\/li>\n<li>Maladies abortives<\/li>\n<li>Hygi\u00e8ne alimentaire (autocontr\u00f4les producteurs fermiers\u2026)<\/li>\n<li>Pathologies \u00e9mergentes (hors prise en charge \u00c9tat\/FMSE<\/li>\n<\/ul>\n<p>Chaque ann\u00e9e, les FRGDS doivent r\u00e9diger un compte rendu des actions<br \/>\nmen\u00e9es par ann\u00e9e civile, ainsi qu\u2019un suivi financier de la consommation<br \/>\ndes fonds, avant le 31 janvier de l\u2019ann\u00e9e suivante.<\/p>\n<h3>Pour en savoir plus :<\/h3>\n<blockquote><p><strong>Consultez le guide FMGDS &#8211; version 2024<\/strong><\/p>\n<p><a href=\"http:\/\/gdsreseau3m.com\/wp-content\/uploads\/2025\/01\/Guide-du-FMGDS_Juillet-2024.pdf\"><img loading=\"lazy\" class=\"alignnone size-full wp-image-7105\" src=\"http:\/\/gdsreseau3m.com\/wp-content\/uploads\/2025\/01\/2025-01-20-12_16_04-Greenshot-FMGDS.png\" alt=\"\" width=\"636\" height=\"861\" srcset=\"https:\/\/gdsreseau3m.com\/wp-content\/uploads\/2025\/01\/2025-01-20-12_16_04-Greenshot-FMGDS.png 636w, https:\/\/gdsreseau3m.com\/wp-content\/uploads\/2025\/01\/2025-01-20-12_16_04-Greenshot-FMGDS-222x300.png 222w\" sizes=\"(max-width: 636px) 100vw, 636px\" \/><\/a><\/p><\/blockquote>\n<\/div>","protected":false},"excerpt":{"rendered":"<p>Qu\u2019est-ce que le FMGDS ? Le FMGDS est une association Loi 1901 dont les membres sont les GDS, FRGDS et GDS France. Le FMGDS a pour objet d\u2019assurer une prise en charge permettant de pallier toute ou partie des pertes \u00e9conomiques ou sanitaires subies par les \u00e9leveurs adh\u00e9rents \u00e0 leur Groupement de D\u00e9fense Sanitaire en [&hellip;]<\/p>\n","protected":false},"author":1,"featured_media":0,"parent":0,"menu_order":0,"comment_status":"closed","ping_status":"closed","template":"","meta":[],"_links":{"self":[{"href":"https:\/\/gdsreseau3m.com\/index.php?rest_route=\/wp\/v2\/pages\/7103"}],"collection":[{"href":"https:\/\/gdsreseau3m.com\/index.php?rest_route=\/wp\/v2\/pages"}],"about":[{"href":"https:\/\/gdsreseau3m.com\/index.php?rest_route=\/wp\/v2\/types\/page"}],"author":[{"embeddable":true,"href":"https:\/\/gdsreseau3m.com\/index.php?rest_route=\/wp\/v2\/users\/1"}],"replies":[{"embeddable":true,"href":"https:\/\/gdsreseau3m.com\/index.php?rest_route=%2Fwp%2Fv2%2Fcomments&post=7103"}],"version-history":[{"count":4,"href":"https:\/\/gdsreseau3m.com\/index.php?rest_route=\/wp\/v2\/pages\/7103\/revisions"}],"predecessor-version":[{"id":7111,"href":"https:\/\/gdsreseau3m.com\/index.php?rest_route=\/wp\/v2\/pages\/7103\/revisions\/7111"}],"wp:attachment":[{"href":"https:\/\/gdsreseau3m.com\/index.php?rest_route=%2Fwp%2Fv2%2Fmedia&parent=7103"}],"curies":[{"name":"wp","href":"https:\/\/api.w.org\/{rel}","templated":true}]}}