{"id":6015,"date":"2021-11-18T12:03:23","date_gmt":"2021-11-18T11:03:23","guid":{"rendered":"http:\/\/gdsreseau3m.com\/?page_id=6015"},"modified":"2022-05-09T13:45:11","modified_gmt":"2022-05-09T11:45:11","slug":"biosecurite-en-elevage","status":"publish","type":"page","link":"https:\/\/gdsreseau3m.com\/?page_id=6015","title":{"rendered":"Bios\u00e9curit\u00e9 en \u00e9levage"},"content":{"rendered":"<div class=\"mpl-content-wrap\"><div class=\"flex_column av_one_half flex_column_div av-zero-column-padding first avia-builder-el-0 el_before_av_one_half avia-builder-el-first av_one_half__trois_quart premier_paragraphe \">\n<section class=\"av_textblock_section \">\n<div class=\"avia_textblock \">\n<h2><span style=\"color: #000080;\">Organiser la protection de mon \u00e9levage et celle de mon entourage<\/span><\/h2>\n<p>La bios\u00e9curit\u00e9 peut \u00eatre d\u00e9finie comme l\u2019ensemble des mesures de protection pour pr\u00e9venir l\u2019introduction d\u2019agents pathog\u00e8nes, leur dispersion \u00e0 l\u2019int\u00e9rieur de l\u2019\u00e9levage et leur diss\u00e9mination hors de l\u2019\u00e9levage.<\/p>\n<p>Les mesures de bios\u00e9curit\u00e9 doivent \u00eatre proportionn\u00e9es aux risques identifi\u00e9s et adapt\u00e9es aux pratiques d\u2019\u00e9levage de l\u2019exploitation.<\/p>\n<div class=\"flex_column av_one_half flex_column_div av-zero-column-padding avia-builder-el-5 el_after_av_one_half el_before_av_one_half av_one_half__trois_quart_droite column-top-margin\">\n<section class=\"av_textblock_section \">\n<div class=\"avia_textblock \">\n<table>\n<tbody>\n<tr>\n<td width=\"302\"><span style=\"color: #89ad1a;\"><strong>Bios\u00e9curit\u00e9 externe<\/strong><\/span><\/p>\n<p style=\"text-align: left;\">La bios\u00e9curit\u00e9 vis-\u00e0-vis des risques ext\u00e9rieurs consiste \u00e0 ma\u00eetriser les sources d\u2019introduction de contaminants dans l\u2019\u00e9levage via des mesures simples telles que :<\/p>\n<ul>\n<li>La r\u00e9alisation d\u2019analyses \u00e0 l\u2019introduction et la mise en quarantaine du ou des animaux introduits,<\/li>\n<li>L\u2019isolement vis-\u00e0-vis du voisinage et de la faune sauvage par des cl\u00f4tures et l\u2019am\u00e9nagement des points d\u2019eau,<\/li>\n<li>Le nettoyage et la d\u00e9sinfection des v\u00e9hicules et du mat\u00e9riel,<\/li>\n<li>La pose d\u2019un p\u00e9diluve et le changement de bottes\/v\u00eatements pour entrer en zone d\u2019\u00e9levage,<\/li>\n<li>La lutte contre les nuisibles (insectes, rongeurs).<\/li>\n<\/ul>\n<\/td>\n<td width=\"302\"><span style=\"color: #89ad1a;\"><strong>Bios\u00e9curit\u00e9 interne<\/strong><\/span><\/p>\n<p>La bios\u00e9curit\u00e9 en interne a pour but de limiter la propagation des germes qui seraient pr\u00e9sents \u00e0 l\u2019int\u00e9rieur du cheptel, leur sortie de l\u2019\u00e9levage et leur persistance dans l\u2019environnement via diff\u00e9rentes mesures :<\/p>\n<ul>\n<li>L\u2019isolement des animaux malades,<\/li>\n<li>Prot\u00e9ger les animaux \u00e0 risques particuliers par une stricte s\u00e9paration des ateliers et par des mesures de pr\u00e9vention, telles que la vaccination,<\/li>\n<li>Organisation des soins avec un syst\u00e8me de marche en avant (jeunes avant adultes, sains avant malades),<\/li>\n<li>Le nettoyage, la d\u00e9sinfection et le vide sanitaire dans les b\u00e2timents d\u2019\u00e9levage,<\/li>\n<li>La gestion raisonn\u00e9e des effluents d\u2019\u00e9levage,<\/li>\n<li>La lutte contre les nuisibles (insectes, rongeurs),<\/li>\n<li>La gestion des animaux morts,<\/li>\n<li>Le nettoyage et la d\u00e9sinfection des v\u00e9hicules et du mat\u00e9riel.<\/li>\n<\/ul>\n<\/td>\n<\/tr>\n<\/tbody>\n<\/table>\n<\/div>\n<\/section>\n<\/div>\n<p><a href=\"http:\/\/gdsreseau3m.com\/wp-content\/uploads\/2021\/11\/Partie-1-V3-avec-logos.jpg\"><img loading=\"lazy\" class=\"alignnone size-full wp-image-6010\" src=\"http:\/\/gdsreseau3m.com\/wp-content\/uploads\/2021\/11\/Partie-1-V3-avec-logos-reduc.jpg\" alt=\"\" width=\"1217\" height=\"1722\" srcset=\"https:\/\/gdsreseau3m.com\/wp-content\/uploads\/2021\/11\/Partie-1-V3-avec-logos-reduc.jpg 1217w, https:\/\/gdsreseau3m.com\/wp-content\/uploads\/2021\/11\/Partie-1-V3-avec-logos-reduc-212x300.jpg 212w, https:\/\/gdsreseau3m.com\/wp-content\/uploads\/2021\/11\/Partie-1-V3-avec-logos-reduc-768x1087.jpg 768w, https:\/\/gdsreseau3m.com\/wp-content\/uploads\/2021\/11\/Partie-1-V3-avec-logos-reduc-724x1024.jpg 724w\" sizes=\"(max-width: 1217px) 100vw, 1217px\" \/><\/a><\/p>\n<p><img loading=\"lazy\" class=\"alignnone size-full wp-image-6227\" src=\"http:\/\/gdsreseau3m.com\/wp-content\/uploads\/2022\/02\/p.1Saga-biose\u0301curite\u0301_Chapt1_Partie-2-logos.jpg\" alt=\"\" width=\"2480\" height=\"3508\" srcset=\"https:\/\/gdsreseau3m.com\/wp-content\/uploads\/2022\/02\/p.1Saga-biose\u0301curite\u0301_Chapt1_Partie-2-logos.jpg 2480w, https:\/\/gdsreseau3m.com\/wp-content\/uploads\/2022\/02\/p.1Saga-biose\u0301curite\u0301_Chapt1_Partie-2-logos-212x300.jpg 212w, https:\/\/gdsreseau3m.com\/wp-content\/uploads\/2022\/02\/p.1Saga-biose\u0301curite\u0301_Chapt1_Partie-2-logos-768x1086.jpg 768w, https:\/\/gdsreseau3m.com\/wp-content\/uploads\/2022\/02\/p.1Saga-biose\u0301curite\u0301_Chapt1_Partie-2-logos-724x1024.jpg 724w\" sizes=\"(max-width: 2480px) 100vw, 2480px\" \/><\/p>\n<p><img loading=\"lazy\" class=\"alignnone size-full wp-image-6228\" src=\"http:\/\/gdsreseau3m.com\/wp-content\/uploads\/2022\/02\/p.2.Saga-biose\u0301curite\u0301_Chapt1_Partie-2-logos.jpg\" alt=\"\" width=\"2480\" height=\"3508\" srcset=\"https:\/\/gdsreseau3m.com\/wp-content\/uploads\/2022\/02\/p.2.Saga-biose\u0301curite\u0301_Chapt1_Partie-2-logos.jpg 2480w, https:\/\/gdsreseau3m.com\/wp-content\/uploads\/2022\/02\/p.2.Saga-biose\u0301curite\u0301_Chapt1_Partie-2-logos-212x300.jpg 212w, https:\/\/gdsreseau3m.com\/wp-content\/uploads\/2022\/02\/p.2.Saga-biose\u0301curite\u0301_Chapt1_Partie-2-logos-768x1086.jpg 768w, https:\/\/gdsreseau3m.com\/wp-content\/uploads\/2022\/02\/p.2.Saga-biose\u0301curite\u0301_Chapt1_Partie-2-logos-724x1024.jpg 724w\" sizes=\"(max-width: 2480px) 100vw, 2480px\" \/><\/p>\n<p><img loading=\"lazy\" class=\"alignnone size-full wp-image-6304\" src=\"http:\/\/gdsreseau3m.com\/wp-content\/uploads\/2022\/05\/Saga-biose\u0301curite\u0301_Chapt1_Partie-3avec-logos.jpg\" alt=\"\" width=\"2480\" height=\"3508\" srcset=\"https:\/\/gdsreseau3m.com\/wp-content\/uploads\/2022\/05\/Saga-biose\u0301curite\u0301_Chapt1_Partie-3avec-logos.jpg 2480w, https:\/\/gdsreseau3m.com\/wp-content\/uploads\/2022\/05\/Saga-biose\u0301curite\u0301_Chapt1_Partie-3avec-logos-212x300.jpg 212w, https:\/\/gdsreseau3m.com\/wp-content\/uploads\/2022\/05\/Saga-biose\u0301curite\u0301_Chapt1_Partie-3avec-logos-768x1086.jpg 768w, https:\/\/gdsreseau3m.com\/wp-content\/uploads\/2022\/05\/Saga-biose\u0301curite\u0301_Chapt1_Partie-3avec-logos-724x1024.jpg 724w\" sizes=\"(max-width: 2480px) 100vw, 2480px\" \/><img loading=\"lazy\" class=\"alignnone size-full wp-image-6305\" src=\"http:\/\/gdsreseau3m.com\/wp-content\/uploads\/2022\/05\/Saga-biose\u0301curite\u0301_Chapt1_Partie-3avec-logos2.jpg\" alt=\"\" width=\"2480\" height=\"3508\" srcset=\"https:\/\/gdsreseau3m.com\/wp-content\/uploads\/2022\/05\/Saga-biose\u0301curite\u0301_Chapt1_Partie-3avec-logos2.jpg 2480w, https:\/\/gdsreseau3m.com\/wp-content\/uploads\/2022\/05\/Saga-biose\u0301curite\u0301_Chapt1_Partie-3avec-logos2-212x300.jpg 212w, https:\/\/gdsreseau3m.com\/wp-content\/uploads\/2022\/05\/Saga-biose\u0301curite\u0301_Chapt1_Partie-3avec-logos2-768x1086.jpg 768w, https:\/\/gdsreseau3m.com\/wp-content\/uploads\/2022\/05\/Saga-biose\u0301curite\u0301_Chapt1_Partie-3avec-logos2-724x1024.jpg 724w\" sizes=\"(max-width: 2480px) 100vw, 2480px\" \/><\/p>\n<p><img loading=\"lazy\" class=\"alignnone size-full wp-image-6310\" src=\"http:\/\/gdsreseau3m.com\/wp-content\/uploads\/2022\/05\/Saga-biose\u0301curite\u0301_Chapt2-partie-1-avec-logos.jpg\" alt=\"\" width=\"2480\" height=\"3508\" srcset=\"https:\/\/gdsreseau3m.com\/wp-content\/uploads\/2022\/05\/Saga-biose\u0301curite\u0301_Chapt2-partie-1-avec-logos.jpg 2480w, https:\/\/gdsreseau3m.com\/wp-content\/uploads\/2022\/05\/Saga-biose\u0301curite\u0301_Chapt2-partie-1-avec-logos-212x300.jpg 212w, https:\/\/gdsreseau3m.com\/wp-content\/uploads\/2022\/05\/Saga-biose\u0301curite\u0301_Chapt2-partie-1-avec-logos-768x1086.jpg 768w, https:\/\/gdsreseau3m.com\/wp-content\/uploads\/2022\/05\/Saga-biose\u0301curite\u0301_Chapt2-partie-1-avec-logos-724x1024.jpg 724w\" sizes=\"(max-width: 2480px) 100vw, 2480px\" \/><\/p>\n<\/div>\n<\/section>\n<\/div>\n<div class=\"flex_column av_one_half flex_column_div av-zero-column-padding first avia-builder-el-0 el_before_av_one_half avia-builder-el-first av_one_half__trois_quart premier_paragraphe \">\n<section class=\"av_textblock_section \">\n<div class=\"avia_textblock \">\n<ul>\n<li><strong>Saga n\u00b01<\/strong> : <a href=\"http:\/\/gdsreseau3m.com\/wp-content\/uploads\/2021\/11\/Partie-1-V3-avec-logos.jpg\">La bios\u00e9curit\u00e9 : se prot\u00e9ger et prot\u00e9ger les autres<\/a><\/li>\n<li><strong>Saga n\u00b02<\/strong> : <a href=\"http:\/\/gdsreseau3m.com\/wp-content\/uploads\/2021\/12\/Saga-biose\u0301curite\u0301_Chapt1_Partie-2-logos.pdf\">La sectorisation et le zonage de l\u2019exploitation ; la marche en avant (2 pages)<\/a><\/li>\n<li><strong>Saga n\u00b03<\/strong> : <a href=\"http:\/\/gdsreseau3m.com\/wp-content\/uploads\/2022\/05\/Saga-biose\u0301curite\u0301_Chapt1_Partie-3avec-logos.pdf\">L&rsquo;introduction d&rsquo;animaux, le mat\u00e9riel en commun et la pr\u00e9paration et le stockage des fourrages et des aliments (2 pages)<\/a><\/li>\n<li><strong>Saga n\u00b04<\/strong> : <a href=\"http:\/\/gdsreseau3m.com\/wp-content\/uploads\/2022\/05\/Saga-biose\u0301curite\u0301_Chapt2-partie-1-avec-logos.pdf\">La gestion des intervenants en \u00e9levage et des visiteurs<\/a><\/li>\n<\/ul>\n<h2><span style=\"color: #000080;\">Guide des bonnes pratiques en \u00e9levage : du bon <\/span><span style=\"color: #000080;\">sens paysan<\/span><\/h2>\n<ul>\n<li><a href=\"http:\/\/gdsreseau3m.com\/wp-content\/uploads\/2022\/02\/BOVIN-guide-pratique-biosecurite.pdf\"><strong>Guide complet de bonnes pratiques sur la bios\u00e9curit\u00e9 BOVINE<\/strong><\/a>, de vingt-quatre pages, pr\u00e9sentant l\u2019ensemble des mesures et recommandations ou sa <a href=\"http:\/\/gdsreseau3m.com\/wp-content\/uploads\/2022\/02\/BOVIN-Plaquette-Biosecurite.pdf\"><strong>plaquette r\u00e9capitulative de quatre pages<\/strong><\/a>, reprenant l\u2019essentiel des messages pour une premi\u00e8re sensibilisation.<\/li>\n<li><strong><a href=\"https:\/\/www.gdsfrance.org\/wp-content\/uploads\/Guide_Bonnes_Pratiques_Biosec_ovine_avril2021.pdf\">Guide de bonnes pratiques sur la bios\u00e9curit\u00e9 en \u00e9levage OVIN<\/a><\/strong>, pr\u00e9sentant l\u2019ensemble des mesures de bios\u00e9curit\u00e9 en ferme et recommandations ;<\/li>\n<\/ul>\n<ul>\n<li><a href=\"https:\/\/www.gdsfrance.org\/wp-content\/uploads\/Livret-guide-pratique-biosecurite-caprins.pdf\"><strong>Un livret \u00ab complet \u00bb sur la bios\u00e9curit\u00e9 en \u00e9levage CAPRIN<\/strong><\/a>, pr\u00e9sentant l\u2019ensemble des mesures et recommandations\u00a0;<\/li>\n<li><strong><a href=\"https:\/\/www.gdsfrance.org\/wp-content\/uploads\/Guide-Biosecurite-Tuberculose.pdf\">Guide des bonnes pratiques pour se prot\u00e9ger de la TUBERCULOSE BOVINE<\/a>.<\/strong><\/li>\n<\/ul>\n<p><a href=\"http:\/\/gdsreseau3m.com\/wp-content\/uploads\/2022\/02\/BOVIN-guide-pratique-biosecurite.pdf\"><img loading=\"lazy\" class=\"alignnone wp-image-6222\" src=\"http:\/\/gdsreseau3m.com\/wp-content\/uploads\/2022\/02\/gds3m_20220215_illu-guide-plaquette-\u00e0-telecharger.png\" alt=\"\" width=\"169\" height=\"239\" srcset=\"https:\/\/gdsreseau3m.com\/wp-content\/uploads\/2022\/02\/gds3m_20220215_illu-guide-plaquette-\u00e0-telecharger.png 389w, https:\/\/gdsreseau3m.com\/wp-content\/uploads\/2022\/02\/gds3m_20220215_illu-guide-plaquette-\u00e0-telecharger-212x300.png 212w\" sizes=\"(max-width: 169px) 100vw, 169px\" \/><\/a>\u00a0 <a href=\"https:\/\/www.gdsfrance.org\/wp-content\/uploads\/Guide_Bonnes_Pratiques_Biosec_ovine_avril2021.pdf\" target=\"_blank\" rel=\"noopener noreferrer\"><img loading=\"lazy\" class=\"alignnone wp-image-5735\" src=\"http:\/\/gdsreseau3m.com\/wp-content\/uploads\/2021\/05\/GDS3m_20210528_Fiche-1-bios\u00e9curit\u00e9-ovine.png\" alt=\"\" width=\"169\" height=\"239\" srcset=\"https:\/\/gdsreseau3m.com\/wp-content\/uploads\/2021\/05\/GDS3m_20210528_Fiche-1-bios\u00e9curit\u00e9-ovine.png 510w, https:\/\/gdsreseau3m.com\/wp-content\/uploads\/2021\/05\/GDS3m_20210528_Fiche-1-bios\u00e9curit\u00e9-ovine-213x300.png 213w\" sizes=\"(max-width: 169px) 100vw, 169px\" \/><\/a> <a href=\"https:\/\/www.gdsfrance.org\/wp-content\/uploads\/Livret-guide-pratique-biosecurite-caprins.pdf\" target=\"_blank\" rel=\"noopener noreferrer\"><img loading=\"lazy\" class=\"alignnone wp-image-6018\" src=\"http:\/\/gdsreseau3m.com\/wp-content\/uploads\/2021\/11\/gds3m_20211118_miniature-gyide-BP-bios\u00e9curit\u00e9-caprin.png\" alt=\"\" width=\"169\" height=\"240\" \/><\/a> <a href=\"https:\/\/www.gdsfrance.org\/wp-content\/uploads\/Guide-Biosecurite-Tuberculose.pdf\" target=\"_blank\" rel=\"noopener noreferrer\"><img loading=\"lazy\" class=\"alignnone wp-image-6021\" src=\"http:\/\/gdsreseau3m.com\/wp-content\/uploads\/2021\/11\/gds3m_20211118_miniature-guide-bovin-bios\u00e9curit\u00e9-tuberculose.png\" alt=\"\" width=\"167\" height=\"236\" srcset=\"https:\/\/gdsreseau3m.com\/wp-content\/uploads\/2021\/11\/gds3m_20211118_miniature-guide-bovin-bios\u00e9curit\u00e9-tuberculose.png 479w, https:\/\/gdsreseau3m.com\/wp-content\/uploads\/2021\/11\/gds3m_20211118_miniature-guide-bovin-bios\u00e9curit\u00e9-tuberculose-212x300.png 212w\" sizes=\"(max-width: 167px) 100vw, 167px\" \/><\/a><\/p>\n<h1 class=\"main-title entry-title \"><span style=\"color: #000080;\">Comment conna\u00eetre le niveau de bios\u00e9curit\u00e9 de mon \u00e9levage ?<\/span><\/h1>\n<p>Une grille d\u2019auto-\u00e9valuation a \u00e9t\u00e9 r\u00e9alis\u00e9e par GDS France et la SNGTV. L\u2019objectif de cette grille est d\u2019aider les \u00e9leveur \u00e0 \u00e9valuer leur niveau de bios\u00e9curit\u00e9, et de proposer des mesures concr\u00e8tes adapt\u00e9es aux points forts et aux points faibles identifi\u00e9s sur leur exploitation. Elle aide \u00e0 prioriser les investissements \u00e0 pr\u00e9voir en mati\u00e8re de bios\u00e9curit\u00e9.<\/p>\n<p>L\u2019\u00e9leveur peut se faire accompagner par un conseiller du GDS ou par un v\u00e9t\u00e9rinaire pour aider au renseignement ou \u00e0 l\u2019analyse de cette grille.<\/p>\n<p>\u00c9leveurs, pour conna\u00eetre le niveau de votre \u00e9levage quant \u00e0 la Bios\u00e9curit\u00e9, compl\u00e9tez en ligne la grille d&rsquo;auto-\u00e9valuation. Vous pouvez sinon t\u00e9l\u00e9charger la grille au format pdf.<\/p>\n<\/div>\n<ul>\n<li><a href=\"https:\/\/questionnaires.gdsfrance.org\/limesurvey\/index.php\/739755?lang=fr\">Grille d\u2019auto-\u00e9valuation diagnostic BIOSECURITE BOVIN en ligne sur le site de GDS France<\/a> ou t\u00e9l\u00e9charger cette m\u00eame grille <a href=\"https:\/\/www.gdsfrance.org\/wp-content\/uploads\/grille-dauto-evaluation-biosecurite_bovins.pdf\">au format PDF ici<\/a><\/li>\n<li><a href=\"https:\/\/questionnaires.gdsfrance.org\/limesurvey\/index.php\/268111?lang=fr\">Grille d\u2019auto-\u00e9valuation diagnostic BIOSECURITE OVIN en ligne sur le site de GDS France<\/a> ou t\u00e9l\u00e9charger cette m\u00eame grille <a href=\"https:\/\/www.gdsfrance.org\/wp-content\/uploads\/grille-dauto-evaluation-biosecurite_ovins.pdf\">au format PDF ici<\/a><\/li>\n<li><a href=\"https:\/\/questionnaires.gdsfrance.org\/limesurvey\/index.php\/285693?lang=fr\">Grille d\u2019auto-\u00e9valuation diagnostic BIOSECURITE CAPRIN en ligne sur le site de GDS France<\/a> ou t\u00e9l\u00e9charger cette m\u00eame grille <a href=\"https:\/\/www.gdsfrance.org\/wp-content\/uploads\/grille-dauto-evaluation-biosecurite_caprins.pdf\">au format PDF ici<\/a><\/li>\n<\/ul>\n<p><img loading=\"lazy\" class=\"alignnone size-full wp-image-6020\" src=\"http:\/\/gdsreseau3m.com\/wp-content\/uploads\/2021\/11\/20160303_154714-e1637243672925.jpg\" alt=\"\" width=\"1000\" height=\"450\" \/><\/p>\n<h1 class=\"main-title entry-title \"><span style=\"color: #000080;\">Une formation en ligne pour se former \u00e0 la bios\u00e9curit\u00e9<\/span><\/h1>\n<p><a href=\"https:\/\/biosecuritebovins.gdsfrance.org\/courses\/course-v1:GDS_France+CS001+2021\/about\" target=\"_blank\" rel=\"noopener noreferrer\"><img loading=\"lazy\" class=\"size-full wp-image-6023 alignright\" src=\"http:\/\/gdsreseau3m.com\/wp-content\/uploads\/2021\/11\/gds3m_2021-11-18-15_01_09-Bios\u00e9curit\u00e9-en-\u00e9levages-bovins-_-MOOC-miniature.png\" alt=\"\" width=\"253\" height=\"178\" \/><\/a>GDS France et le R\u00e9seau des GDS, en collaboration avec la SNGTV ont con\u00e7u un <strong><a href=\"https:\/\/biosecuritebovins.gdsfrance.org\/courses\/course-v1:GDS_France+CS001+2021\/about\" target=\"_blank\" rel=\"noopener noreferrer\">MOOC sur la bios\u00e9curit\u00e9 en \u00e9levage bovin<\/a><\/strong> (cours \u00e0 distance en toute autonomie et modulable). Il vise \u00e0 former les \u00e9leveurs, les acteurs du monde agricole ainsi que toutes les personnes curieuses de mieux comprendre \u00e0 quoi correspond la bios\u00e9curit\u00e9.<\/p>\n<h6><span class=\"org\">GDS France en partenariat avec la SNGTV et financ\u00e9 par le Minist\u00e8re de l\u2019Agriculture et de l\u2019Alimentation<\/span><\/h6>\n<\/section>\n<\/div>\n<\/div>","protected":false},"excerpt":{"rendered":"<p>Organiser la protection de mon \u00e9levage et celle de mon entourage La bios\u00e9curit\u00e9 peut \u00eatre d\u00e9finie comme l\u2019ensemble des mesures de protection pour pr\u00e9venir l\u2019introduction d\u2019agents pathog\u00e8nes, leur dispersion \u00e0 l\u2019int\u00e9rieur de l\u2019\u00e9levage et leur diss\u00e9mination hors de l\u2019\u00e9levage. Les mesures de bios\u00e9curit\u00e9 doivent \u00eatre proportionn\u00e9es aux risques identifi\u00e9s et adapt\u00e9es aux pratiques d\u2019\u00e9levage de [&hellip;]<\/p>\n","protected":false},"author":1,"featured_media":0,"parent":0,"menu_order":0,"comment_status":"closed","ping_status":"closed","template":"","meta":[],"_links":{"self":[{"href":"https:\/\/gdsreseau3m.com\/index.php?rest_route=\/wp\/v2\/pages\/6015"}],"collection":[{"href":"https:\/\/gdsreseau3m.com\/index.php?rest_route=\/wp\/v2\/pages"}],"about":[{"href":"https:\/\/gdsreseau3m.com\/index.php?rest_route=\/wp\/v2\/types\/page"}],"author":[{"embeddable":true,"href":"https:\/\/gdsreseau3m.com\/index.php?rest_route=\/wp\/v2\/users\/1"}],"replies":[{"embeddable":true,"href":"https:\/\/gdsreseau3m.com\/index.php?rest_route=%2Fwp%2Fv2%2Fcomments&post=6015"}],"version-history":[{"count":18,"href":"https:\/\/gdsreseau3m.com\/index.php?rest_route=\/wp\/v2\/pages\/6015\/revisions"}],"predecessor-version":[{"id":6311,"href":"https:\/\/gdsreseau3m.com\/index.php?rest_route=\/wp\/v2\/pages\/6015\/revisions\/6311"}],"wp:attachment":[{"href":"https:\/\/gdsreseau3m.com\/index.php?rest_route=%2Fwp%2Fv2%2Fmedia&parent=6015"}],"curies":[{"name":"wp","href":"https:\/\/api.w.org\/{rel}","templated":true}]}}