{"id":5193,"date":"2020-06-23T09:41:37","date_gmt":"2020-06-23T07:41:37","guid":{"rendered":"http:\/\/gdsreseau3m.com\/?page_id=5193"},"modified":"2021-04-20T13:50:12","modified_gmt":"2021-04-20T11:50:12","slug":"abeilles-bulletin-dinformation-section-apicole","status":"publish","type":"page","link":"https:\/\/gdsreseau3m.com\/?page_id=5193","title":{"rendered":"Abeilles \u2013 Bulletin d&rsquo;Information section apicole"},"content":{"rendered":"<div class=\"mpl-content-wrap\"><h1><img loading=\"lazy\" class=\"alignnone wp-image-1975\" src=\"http:\/\/gdsreseau3m.com\/wp-content\/uploads\/2018\/07\/picto-abeille.png\" alt=\"\" width=\"46\" height=\"38\" \/> <span style=\"color: #ff9900;\">Bulletin d&rsquo;Information section apicole du GDS Grand-Est<\/span><\/h1>\n<h3><span style=\"color: #56b74f;\">Bulletin d\u2019information n\u00b04 &#8211; F\u00e9vrier 2021<\/span><\/h3>\n<p>Au sommaire :<\/p>\n<ul>\n<li>\u00c9dito : une ann\u00e9e apicole in\u00e9dite<\/li>\n<li>Des \u00e9tudes sur le comportement VSH d\u2019Apis Mellifera \u00e0 l\u2019application dans nos ruchers<\/li>\n<\/ul>\n<h4>\u2192 T\u00e9l\u00e9charger le <a href=\"http:\/\/gdsreseau3m.com\/wp-content\/uploads\/2021\/04\/Bulletin-d\u2019information_Section-apicole_GDS-GE_f\u00e9vrier-2021_num\u00e9ro-4.pdf\" target=\"_blank\" rel=\"noopener noreferrer\">bulletin complet<\/a><\/h4>\n<hr \/>\n<h3><span style=\"color: #56b74f;\">Bulletin d\u2019information n\u00b03 &#8211; Juin 2020<\/span><\/h3>\n<p>Au sommaire :<\/p>\n<ul>\n<li>Enqu\u00eate sur les pertes hivernales<\/li>\n<li>Les arr\u00eat\u00e9s dans le Grand Est<\/li>\n<li>identifier son rucher<\/li>\n<\/ul>\n<h4>\u2192 T\u00e9l\u00e9charger le <a href=\"http:\/\/gdsreseau3m.com\/wp-content\/uploads\/2021\/04\/Bulletin-d\u2019information_Section-apicole_GDS-GE_Juin-2020_num\u00e9ro-3.pdf\" target=\"_blank\" rel=\"noopener noreferrer\">bulletin complet<\/a><\/h4>\n<hr \/>\n<h3><span style=\"color: #56b74f;\">Bulletin d\u2019information n\u00b02 &#8211; janvier 2020<\/span><\/h3>\n<p>Au sommaire :<\/p>\n<ul>\n<li>\u00c9dito du Pr\u00e9sident : 2019 une ann\u00e9e difficile<\/li>\n<li>\u00ab\u00a0La r\u00e9sistance de l\u2019abeille au varroa n\u2019est plus un mythe mais une r\u00e9alit\u00e9\u00a0\u00bb\u00a0 : c\u2019est le th\u00e8me d\u2019une conf\u00e9rence apicole anim\u00e9e par Jos GUTH<\/li>\n<li>Et si on d\u00e9mystifiait le Programme Sanitaire d\u2019Elevage (PSE) des GDSA ?<\/li>\n<li>La cire d\u2019abeilles<\/li>\n<\/ul>\n<h4>\u2192 T\u00e9l\u00e9charger le <a href=\"http:\/\/gdsreseau3m.com\/wp-content\/uploads\/2020\/06\/Bulletin-d\u2019information_Section-apicole_GDS-GE_janvier-2020_num\u00e9ro-2.pdf\" target=\"_blank\" rel=\"noopener noreferrer\">bulletin complet<\/a><\/h4>\n<hr \/>\n<h3><span style=\"color: #56b74f;\">Bulletin d\u2019information n\u00b01 &#8211; juillet 2019<\/span><\/h3>\n<p>Au sommaire :<\/p>\n<ul>\n<li>\u00c9dito du Pr\u00e9sident<\/li>\n<li>Rappel des obligations r\u00e9glementaires<\/li>\n<li>Actualit\u00e9s sur le frelon asiatique<\/li>\n<li>Les contacts utiles en Grand Est<\/li>\n<\/ul>\n<h4>\u2192 T\u00e9l\u00e9charger le <a href=\"http:\/\/gdsreseau3m.com\/wp-content\/uploads\/2019\/08\/n1-grand-est-4-pages-v3.pdf\" target=\"_blank\" rel=\"noopener noreferrer\">bulletin complet\u00a0<\/a><\/h4>\n<hr \/>\n<\/div>","protected":false},"excerpt":{"rendered":"<p>Bulletin d&rsquo;Information section apicole du GDS Grand-Est Bulletin d\u2019information n\u00b04 &#8211; F\u00e9vrier 2021 Au sommaire : \u00c9dito : une ann\u00e9e apicole in\u00e9dite Des \u00e9tudes sur le comportement VSH d\u2019Apis Mellifera \u00e0 l\u2019application dans nos ruchers \u2192 T\u00e9l\u00e9charger le bulletin complet Bulletin d\u2019information n\u00b03 &#8211; Juin 2020 Au sommaire : Enqu\u00eate sur les pertes hivernales Les [&hellip;]<\/p>\n","protected":false},"author":1,"featured_media":0,"parent":0,"menu_order":0,"comment_status":"closed","ping_status":"closed","template":"","meta":[],"_links":{"self":[{"href":"https:\/\/gdsreseau3m.com\/index.php?rest_route=\/wp\/v2\/pages\/5193"}],"collection":[{"href":"https:\/\/gdsreseau3m.com\/index.php?rest_route=\/wp\/v2\/pages"}],"about":[{"href":"https:\/\/gdsreseau3m.com\/index.php?rest_route=\/wp\/v2\/types\/page"}],"author":[{"embeddable":true,"href":"https:\/\/gdsreseau3m.com\/index.php?rest_route=\/wp\/v2\/users\/1"}],"replies":[{"embeddable":true,"href":"https:\/\/gdsreseau3m.com\/index.php?rest_route=%2Fwp%2Fv2%2Fcomments&post=5193"}],"version-history":[{"count":4,"href":"https:\/\/gdsreseau3m.com\/index.php?rest_route=\/wp\/v2\/pages\/5193\/revisions"}],"predecessor-version":[{"id":5652,"href":"https:\/\/gdsreseau3m.com\/index.php?rest_route=\/wp\/v2\/pages\/5193\/revisions\/5652"}],"wp:attachment":[{"href":"https:\/\/gdsreseau3m.com\/index.php?rest_route=%2Fwp%2Fv2%2Fmedia&parent=5193"}],"curies":[{"name":"wp","href":"https:\/\/api.w.org\/{rel}","templated":true}]}}