{"id":519,"date":"2018-06-18T11:36:36","date_gmt":"2018-06-18T09:36:36","guid":{"rendered":"http:\/\/gdsreseau3m.com\/?page_id=519"},"modified":"2022-01-05T11:45:06","modified_gmt":"2022-01-05T10:45:06","slug":"bovins-ibr-situation-locale","status":"publish","type":"page","link":"https:\/\/gdsreseau3m.com\/?page_id=519","title":{"rendered":"Bovins &#8211; IBR &#8211; Situation locale"},"content":{"rendered":"<div class=\"mpl-content-wrap\"><h6><a href=\"http:\/\/gdsreseau3m.com\/?page_id=304\"><img loading=\"lazy\" class=\"alignnone wp-image-333\" src=\"http:\/\/gdsreseau3m.com\/wp-content\/uploads\/2018\/06\/treffleMenu.png\" alt=\"\" width=\"23\" height=\"22\" \/><\/a><a href=\"http:\/\/gdsreseau3m.com\/?page_id=2325\">La maladie<\/a><a href=\"http:\/\/gdsreseau3m.com\/?page_id=304\"><img loading=\"lazy\" class=\"alignnone wp-image-333\" src=\"http:\/\/gdsreseau3m.com\/wp-content\/uploads\/2018\/06\/treffleMenu.png\" alt=\"\" width=\"23\" height=\"22\" \/><\/a><a href=\"http:\/\/gdsreseau3m.com\/?page_id=519\">Situation locale<\/a><a href=\"http:\/\/gdsreseau3m.com\/?page_id=304\"><img loading=\"lazy\" class=\"alignnone wp-image-333\" src=\"http:\/\/gdsreseau3m.com\/wp-content\/uploads\/2018\/06\/treffleMenu.png\" alt=\"\" width=\"23\" height=\"22\" \/><\/a><a href=\"http:\/\/gdsreseau3m.com\/?page_id=644\">Certification<\/a><a href=\"http:\/\/gdsreseau3m.com\/?page_id=304\"><img loading=\"lazy\" class=\"alignnone wp-image-333\" src=\"http:\/\/gdsreseau3m.com\/wp-content\/uploads\/2018\/06\/treffleMenu.png\" alt=\"\" width=\"23\" height=\"22\" \/><\/a><a href=\"http:\/\/gdsreseau3m.com\/?page_id=646\">Assainissement<\/a><a href=\"http:\/\/gdsreseau3m.com\/?page_id=304\"><img loading=\"lazy\" class=\"alignnone wp-image-333\" src=\"http:\/\/gdsreseau3m.com\/wp-content\/uploads\/2018\/06\/treffleMenu.png\" alt=\"\" width=\"23\" height=\"22\" \/><\/a><a href=\"http:\/\/gdsreseau3m.com\/?page_id=648\">Contr\u00f4le des risques<\/a><a href=\"http:\/\/gdsreseau3m.com\/?page_id=304\"><img loading=\"lazy\" class=\"alignnone wp-image-333\" src=\"http:\/\/gdsreseau3m.com\/wp-content\/uploads\/2018\/06\/treffleMenu.png\" alt=\"\" width=\"23\" height=\"22\" \/><\/a><a href=\"http:\/\/gdsreseau3m.com\/?page_id=650\">L&rsquo;IBR en Grande R\u00e9gion<\/a><a href=\"http:\/\/gdsreseau3m.com\/?page_id=304\"><img loading=\"lazy\" class=\"alignnone wp-image-333\" src=\"http:\/\/gdsreseau3m.com\/wp-content\/uploads\/2018\/06\/treffleMenu.png\" alt=\"\" width=\"23\" height=\"22\" \/><\/a><a href=\"http:\/\/gdsreseau3m.com\/?page_id=652\">Commerce<\/a><\/h6>\n<h1><span style=\"color: #56b74f;\"><img loading=\"lazy\" class=\"alignnone wp-image-749 \" src=\"http:\/\/gdsreseau3m.com\/wp-content\/uploads\/2018\/06\/Bovins1.png\" alt=\"\" width=\"55\" height=\"41\" \/>\u00a0<\/span><span style=\"color: #56b74f;\">Situation locale vis-\u00e0-vis de l&rsquo;IBR<\/span><\/h1>\n<h3><span style=\"color: #56b74f;\">Pr\u00e9sence du virus sur le territoire lorrain<\/span><\/h3>\n<p><img loading=\"lazy\" class=\"alignnone size-full wp-image-4801\" src=\"http:\/\/gdsreseau3m.com\/wp-content\/uploads\/2020\/01\/Carte_Situation-IBR-Lorraine-au-30.06.2019_pour-site-F3M.png\" alt=\"\" width=\"879\" height=\"720\" srcset=\"https:\/\/gdsreseau3m.com\/wp-content\/uploads\/2020\/01\/Carte_Situation-IBR-Lorraine-au-30.06.2019_pour-site-F3M.png 879w, https:\/\/gdsreseau3m.com\/wp-content\/uploads\/2020\/01\/Carte_Situation-IBR-Lorraine-au-30.06.2019_pour-site-F3M-300x246.png 300w, https:\/\/gdsreseau3m.com\/wp-content\/uploads\/2020\/01\/Carte_Situation-IBR-Lorraine-au-30.06.2019_pour-site-F3M-768x629.png 768w\" sizes=\"(max-width: 879px) 100vw, 879px\" \/><\/p>\n<div>Certains secteurs particuli\u00e8rement concern\u00e9s par l&rsquo;IBR ou certaines exploitations au voisinage \u00e0 risque b\u00e9n\u00e9ficient d&rsquo;une surveillance renforc\u00e9e, par le biais, par exemple, de contr\u00f4le de lait de tank mensuel. Cela permet de r\u00e9agir plus vite en cas de r\u00e9sultat trouv\u00e9 positif.<\/div>\n<div>\n<h3><span style=\"color: #56b74f;\">Certification IBR<\/span><\/h3>\n<div>\n<p>Pour nos 3 d\u00e9partements, la situation est bien favorable, voire tr\u00e8s favorable pour le d\u00e9partement de la Moselle reconnue Zone \u00c9pid\u00e9miologiquement Favorable (ZEF).<\/p>\n<blockquote><p><span style=\"color: #ff9900;\"><b>94,2 % des cheptels certifi\u00e9s Indemnes d&rsquo;IBR<br \/>\n<\/b><\/span><\/p><\/blockquote>\n<p><i><u>R\u00e9partition des cheptels en fonction de leur statut IBR (zone 54.55.57 au 30.06.2021)<br \/>\n<\/u><\/i><\/p>\n<p><img loading=\"lazy\" class=\"alignnone size-full wp-image-6187\" src=\"http:\/\/gdsreseau3m.com\/wp-content\/uploads\/2022\/01\/20220105_gds3m_maj-repartition-statuts-ibr-f3m.png\" alt=\"\" width=\"722\" height=\"457\" srcset=\"https:\/\/gdsreseau3m.com\/wp-content\/uploads\/2022\/01\/20220105_gds3m_maj-repartition-statuts-ibr-f3m.png 722w, https:\/\/gdsreseau3m.com\/wp-content\/uploads\/2022\/01\/20220105_gds3m_maj-repartition-statuts-ibr-f3m-300x190.png 300w\" sizes=\"(max-width: 722px) 100vw, 722px\" \/><\/p>\n<\/div>\n<\/div>\n<h3><span style=\"color: #56b74f;\">Un assainissement \u00e0 finaliser<\/span><\/h3>\n<div>Au 30 juin 2021, <strong>57<\/strong><b> \u00e9levages <\/b>d\u00e9tenaient encore des bovins positifs\/vaccin\u00e9s (contre 80 au 30 juin 2019). Ce nombre est en constante diminution. Pour ces cheptels, l&rsquo;assainissement doit s\u2019acc\u00e9l\u00e9rer ! Notamment avec la LSA qui impose plus de contraintes aux d\u00e9tenteurs d&rsquo;animaux positifs : <a href=\"http:\/\/gdsreseau3m.com\/wp-content\/uploads\/2022\/01\/Communiqu\u00e9-IBR-LSA-V4_mep-gds.pdf\"><strong>voir le communiqu\u00e9 sur la LSA.<\/strong><\/a><\/div>\n<div>\n<p>Nous vous pr\u00e9conisons donc d&rsquo;organiser dans les d\u00e9lais les plus courts l&rsquo;abattage de ces derniers bovins infect\u00e9s I.B.R.. <b>Ces r\u00e9formes peuvent \u00eatre aid\u00e9es financi\u00e8rement par le GDS sous conditions, contactez-nous ! <\/b><\/p>\n<blockquote><p><strong><span style=\"color: #ff9900;\">N&rsquo;attendez plus pour \u00e9liminez vos derniers bovins positifs\/vaccin\u00e9s IBR !<\/span><\/strong><\/p><\/blockquote>\n<div>\n<p>&nbsp;<\/p>\n<\/div>\n<\/div>\n<\/div>","protected":false},"excerpt":{"rendered":"<p>La maladieSituation localeCertificationAssainissementContr\u00f4le des risquesL&rsquo;IBR en Grande R\u00e9gionCommerce \u00a0Situation locale vis-\u00e0-vis de l&rsquo;IBR Pr\u00e9sence du virus sur le territoire lorrain Certains secteurs particuli\u00e8rement concern\u00e9s par l&rsquo;IBR ou certaines exploitations au voisinage \u00e0 risque b\u00e9n\u00e9ficient d&rsquo;une surveillance renforc\u00e9e, par le biais, par exemple, de contr\u00f4le de lait de tank mensuel. Cela permet de r\u00e9agir plus vite [&hellip;]<\/p>\n","protected":false},"author":1,"featured_media":0,"parent":0,"menu_order":0,"comment_status":"closed","ping_status":"closed","template":"","meta":[],"_links":{"self":[{"href":"https:\/\/gdsreseau3m.com\/index.php?rest_route=\/wp\/v2\/pages\/519"}],"collection":[{"href":"https:\/\/gdsreseau3m.com\/index.php?rest_route=\/wp\/v2\/pages"}],"about":[{"href":"https:\/\/gdsreseau3m.com\/index.php?rest_route=\/wp\/v2\/types\/page"}],"author":[{"embeddable":true,"href":"https:\/\/gdsreseau3m.com\/index.php?rest_route=\/wp\/v2\/users\/1"}],"replies":[{"embeddable":true,"href":"https:\/\/gdsreseau3m.com\/index.php?rest_route=%2Fwp%2Fv2%2Fcomments&post=519"}],"version-history":[{"count":30,"href":"https:\/\/gdsreseau3m.com\/index.php?rest_route=\/wp\/v2\/pages\/519\/revisions"}],"predecessor-version":[{"id":6189,"href":"https:\/\/gdsreseau3m.com\/index.php?rest_route=\/wp\/v2\/pages\/519\/revisions\/6189"}],"wp:attachment":[{"href":"https:\/\/gdsreseau3m.com\/index.php?rest_route=%2Fwp%2Fv2%2Fmedia&parent=519"}],"curies":[{"name":"wp","href":"https:\/\/api.w.org\/{rel}","templated":true}]}}