{"id":510,"date":"2018-06-18T11:32:12","date_gmt":"2018-06-18T09:32:12","guid":{"rendered":"http:\/\/gdsreseau3m.com\/?page_id=510"},"modified":"2018-07-24T10:57:49","modified_gmt":"2018-07-24T08:57:49","slug":"ovins-la-section-ovine","status":"publish","type":"page","link":"https:\/\/gdsreseau3m.com\/?page_id=510","title":{"rendered":"Ovins &#8211; La section Petits Ruminants"},"content":{"rendered":"<div class=\"mpl-content-wrap\"><h1><span style=\"color: #56b74f;\"><img loading=\"lazy\" class=\"alignnone wp-image-750\" src=\"http:\/\/gdsreseau3m.com\/wp-content\/uploads\/2018\/06\/Ovins.png\" alt=\"\" width=\"39\" height=\"32\" \/><\/span><span style=\"color: #2e85e8;\"> La section petits-ruminants<\/span><\/h1>\n<p><strong>Le GDS, pour les \u00e9leveurs d&rsquo;ovins et de caprins adh\u00e9rents, c&rsquo;est :<\/strong><\/p>\n<ul>\n<li>Des<b> actions techniques<\/b>\u00a0telles que la gestion des avortements, des audits diagnostic, participation \u00e0 des programmes de recherches reconnus au niveau national, aide \u00e0 la gestion des pathologies d&rsquo;\u00e9levage &#8230;<\/li>\n<li>Des <b>formations <\/b>anim\u00e9es par un v\u00e9t\u00e9rinaire \u00e0 votre enti\u00e8re disposition, et o\u00f9 vous pourrez rencontrer d&rsquo;autres \u00e9leveurs, \u00e9changer sur vos pratiques, vos id\u00e9es, visiter des bergeries, etc.<\/li>\n<li>Des<b> tarifs pr\u00e9f\u00e9rentiels<\/b> sur les analyses v\u00e9t\u00e9rinaires r\u00e9alis\u00e9es\u00a0au laboratoire d\u00e9partemental et dans le cadre de protocole de lutte<\/li>\n<li>L&rsquo;acc\u00e8s r\u00e9gulier \u00e0 nos <b>bulletins d&rsquo;information<\/b>, \u00e0 nos fiches techniques, voire des infos sur le vif en cas d&rsquo;\u00e9volutions sanitaires majeures<\/li>\n<li>Des <b>services d&rsquo;hygi\u00e8ne<\/b> = qualit\u00e9 de l&rsquo;eau, recyclage des d\u00e9chets d&rsquo;\u00e9levage<\/li>\n<li>La <b>caisse de p\u00e9r\u00e9quation<\/b><\/li>\n<\/ul>\n<p>Au-del\u00e0 des services que le GDS propose aux \u00e9leveurs adh\u00e9rents, participer \u00e0 la section ovine, c&rsquo;est aussi <b>faire partie d&rsquo;un r\u00e9seau repr\u00e9sent\u00e9 par des \u00e9leveurs,<\/b> o\u00f9 vos propositions et besoins sont entendus.<br \/>\nC&rsquo;est aussi avoir un <b>r\u00e9f\u00e9rent proche <\/b>de vous pour \u00e9changer, vous conseiller de fa\u00e7on neutre et \u00eatre \u00e9paul\u00e9 en cas de coup dur gr\u00e2ce \u00e0 la solidarit\u00e9 de chacun.<\/p>\n<p><img loading=\"lazy\" class=\"size-full wp-image-921\" src=\"http:\/\/gdsreseau3m.com\/wp-content\/uploads\/2018\/06\/1461575894_DSC_0022__2_.jpg\" alt=\"\" width=\"772\" height=\"276\" srcset=\"https:\/\/gdsreseau3m.com\/wp-content\/uploads\/2018\/06\/1461575894_DSC_0022__2_.jpg 772w, https:\/\/gdsreseau3m.com\/wp-content\/uploads\/2018\/06\/1461575894_DSC_0022__2_-300x107.jpg 300w, https:\/\/gdsreseau3m.com\/wp-content\/uploads\/2018\/06\/1461575894_DSC_0022__2_-768x275.jpg 768w\" sizes=\"(max-width: 772px) 100vw, 772px\" \/><\/p>\n<\/div>","protected":false},"excerpt":{"rendered":"<p>La section petits-ruminants Le GDS, pour les \u00e9leveurs d&rsquo;ovins et de caprins adh\u00e9rents, c&rsquo;est : Des actions techniques\u00a0telles que la gestion des avortements, des audits diagnostic, participation \u00e0 des programmes de recherches reconnus au niveau national, aide \u00e0 la gestion des pathologies d&rsquo;\u00e9levage &#8230; Des formations anim\u00e9es par un v\u00e9t\u00e9rinaire \u00e0 votre enti\u00e8re disposition, et [&hellip;]<\/p>\n","protected":false},"author":1,"featured_media":0,"parent":0,"menu_order":0,"comment_status":"closed","ping_status":"closed","template":"","meta":[],"_links":{"self":[{"href":"https:\/\/gdsreseau3m.com\/index.php?rest_route=\/wp\/v2\/pages\/510"}],"collection":[{"href":"https:\/\/gdsreseau3m.com\/index.php?rest_route=\/wp\/v2\/pages"}],"about":[{"href":"https:\/\/gdsreseau3m.com\/index.php?rest_route=\/wp\/v2\/types\/page"}],"author":[{"embeddable":true,"href":"https:\/\/gdsreseau3m.com\/index.php?rest_route=\/wp\/v2\/users\/1"}],"replies":[{"embeddable":true,"href":"https:\/\/gdsreseau3m.com\/index.php?rest_route=%2Fwp%2Fv2%2Fcomments&post=510"}],"version-history":[{"count":8,"href":"https:\/\/gdsreseau3m.com\/index.php?rest_route=\/wp\/v2\/pages\/510\/revisions"}],"predecessor-version":[{"id":3019,"href":"https:\/\/gdsreseau3m.com\/index.php?rest_route=\/wp\/v2\/pages\/510\/revisions\/3019"}],"wp:attachment":[{"href":"https:\/\/gdsreseau3m.com\/index.php?rest_route=%2Fwp%2Fv2%2Fmedia&parent=510"}],"curies":[{"name":"wp","href":"https:\/\/api.w.org\/{rel}","templated":true}]}}