{"id":444,"date":"2018-06-18T11:15:38","date_gmt":"2018-06-18T09:15:38","guid":{"rendered":"http:\/\/gdsreseau3m.com\/?page_id=444"},"modified":"2019-07-16T10:58:36","modified_gmt":"2019-07-16T08:58:36","slug":"bovins-avortements","status":"publish","type":"page","link":"https:\/\/gdsreseau3m.com\/?page_id=444","title":{"rendered":"Bovins &#8211; Avortements &#8211; Les avortements en \u00e9levage bovin"},"content":{"rendered":"<div class=\"mpl-content-wrap\"><h6><img loading=\"lazy\" class=\"alignnone wp-image-333\" src=\"http:\/\/gdsreseau3m.com\/wp-content\/uploads\/2018\/06\/treffleMenu.png\" alt=\"\" width=\"23\" height=\"22\" \/><a href=\"http:\/\/gdsreseau3m.com\/?page_id=444\">Les avortements en \u00e9levage bovin<\/a><img loading=\"lazy\" class=\"alignnone wp-image-333\" src=\"http:\/\/gdsreseau3m.com\/wp-content\/uploads\/2018\/06\/treffleMenu.png\" alt=\"\" width=\"23\" height=\"22\" \/><a href=\"http:\/\/gdsreseau3m.com\/?page_id=1287\">Le pack avortement des GDS<\/a> <img loading=\"lazy\" class=\"alignnone wp-image-333\" src=\"http:\/\/gdsreseau3m.com\/wp-content\/uploads\/2018\/06\/treffleMenu.png\" alt=\"\" width=\"23\" height=\"22\" \/><a href=\"http:\/\/gdsreseau3m.com\/?page_id=2657\">Documentation technique sur les maladies abortives<\/a><\/h6>\n<h1><span style=\"color: #56b74f;\"><img loading=\"lazy\" class=\"alignnone wp-image-749 \" src=\"http:\/\/gdsreseau3m.com\/wp-content\/uploads\/2018\/06\/Bovins1.png\" alt=\"\" width=\"56\" height=\"42\" \/><\/span><span style=\"color: #56b74f;\"> Les avortements en \u00e9levage bovin<\/span><\/h1>\n<blockquote><p><span style=\"color: #ff0900;\"><b><span style=\"color: #ff6600;\">Un avortement est un signal d&rsquo;alerte qu&rsquo;il faut toujours prendre au s\u00e9rieux.<\/span><br \/>\n<\/b><\/span><b>\u2192\u00a0avortement = danger sanitaire<br \/>\n<\/b><b>\u2192 avortement = perte d&rsquo;argent<\/b><\/p><\/blockquote>\n<p><img loading=\"lazy\" class=\"alignnone size-full wp-image-1294\" src=\"http:\/\/gdsreseau3m.com\/wp-content\/uploads\/2018\/06\/1403697506_n1054827201_507618_962271.jpg\" alt=\"\" width=\"278\" height=\"278\" srcset=\"https:\/\/gdsreseau3m.com\/wp-content\/uploads\/2018\/06\/1403697506_n1054827201_507618_962271.jpg 278w, https:\/\/gdsreseau3m.com\/wp-content\/uploads\/2018\/06\/1403697506_n1054827201_507618_962271-150x150.jpg 150w\" sizes=\"(max-width: 278px) 100vw, 278px\" \/><\/p>\n<h3><span style=\"color: #56b74f;\">Qu&rsquo;est-ce qu\u2019un avortement ?<\/span><\/h3>\n<p><strong>D&rsquo;apr\u00e8s le Code Rural :<\/strong> \u00ab\u00a0On consid\u00e8re comme avortement possiblement infectieux l&rsquo;expulsion d&rsquo;un foetus ou d&rsquo;un animal mort n\u00e9 ou succombant dans les douze heures suivant la naissance, \u00e0 l&rsquo;exclusion des avortements d&rsquo;origine manifestement accidentelle.\u00a0\u00bb<\/p>\n<h3><span style=\"color: #56b74f;\">Comment r\u00e9agir ?\u00a0\u00a0 <\/span><\/h3>\n<p>Un avortement est souvent associ\u00e9 \u00e0 une pathologie contagieuse pour le reste du troupeau, voire pour l&rsquo;Homme (zoonose).<\/p>\n<p>Voici ci-dessous la conduite \u00e0 suivre en cas d&rsquo;avortement :<\/p>\n<ol>\n<li>\n<div><b>Se prot\u00e9ger <\/b>en portant au minimum des gants pour toutes manipulations (zoonoses),<\/div>\n<\/li>\n<li>\n<div><b>Isoler la m\u00e8re avort\u00e9e,<\/b> pour \u00e9viter la contamination aux autres animaux,<\/div>\n<\/li>\n<li>\n<div><b>Contacter son v\u00e9t\u00e9rinaire sanitaire pour la recherche brucellose, <u>c&rsquo;est une obligation l\u00e9gale<\/u> d\u00e8s le premier avortement <\/b>(L&rsquo;\u00c9tat prend \u00e0 sa charge le d\u00e9placement, l&rsquo;acte v\u00e9t\u00e9rinaire et les frais d&rsquo;analyses),<\/div>\n<\/li>\n<li>\n<div><b>Maintenir \u00e0 l&rsquo;abri l&rsquo;avorton<\/b><strong> et les produits d&rsquo;avortement<\/strong> jusqu&rsquo;\u00e0 la venue du v\u00e9t\u00e9rinaire (du soleil, de la chaleur, des carnivores domestiques et sauvages, &#8230;),<\/div>\n<\/li>\n<li>\n<div><b>Nettoyer et d\u00e9sinfecter<\/b> le mat\u00e9riel utilis\u00e9 en cas d&rsquo;assistance \u00e0 la mise-bas (m\u00eame vos habits) ainsi que le box d&rsquo;isolement o\u00f9 la femelle aura s\u00e9journ\u00e9,<\/div>\n<\/li>\n<li>\n<div><b>D\u00e9clarer <\/b>l&rsquo;avortement au service d&rsquo;identification (information de fin de gestation),<\/div>\n<\/li>\n<li>\n<div>Ne pas lui attribuer de num\u00e9ro ni le boucler ; le service d&rsquo;identification lui attribue un num\u00e9ro fictif\u00a0\u2192 5499xxxxxx \/ 5599xxxxxx \/ 5799xxxxxx &#8230;<\/div>\n<\/li>\n<li>\n<div><b>Enregistrer l&rsquo;avortement sur le registre d&rsquo;\u00e9levage<\/b> pour garder en m\u00e9moire cet \u00e9v\u00e9nement dans la carri\u00e8re de la m\u00e8re,<\/div>\n<\/li>\n<li>\n<div><b>\u00c9carter le lait <\/b>de la consommation humaine jusqu&rsquo;au rendu du r\u00e9sultat favorable de l&rsquo;analyse brucellose,<\/div>\n<\/li>\n<li><span style=\"color: #ff6600;\"><b>En cas de s\u00e9rie d&rsquo;avortements, contactez votre GDS pour faire des analyses compl\u00e9mentaires via le <a href=\"http:\/\/gdsreseau3m.com\/?page_id=1287\">PACK AVORTEMENTS<\/a><\/b><\/span><\/li>\n<\/ol>\n<div>\n<h3><span style=\"color: #56b74f;\">Avortement en s\u00e9rie ?<br \/>\n<\/span><\/h3>\n<\/div>\n<table style=\"height: 168px;\" border=\"0\" width=\"774\" cellspacing=\"0\" cellpadding=\"5\">\n<tbody>\n<tr>\n<td><b>SITUATION<\/b><\/td>\n<td><b>SEUILS D&rsquo;ALERTE<br \/>\n<\/b><\/td>\n<\/tr>\n<tr>\n<td valign=\"top\"><b>Avortements rapproch\u00e9s<\/b> dans le temps, par \u00ab\u00a0vague\u00a0\u00bb<\/td>\n<td valign=\"top\"><span style=\"color: #ff0000;\"><b>2 avortements en 30 jours<\/b> <\/span><br \/>\n(quelle que soit la taille du cheptel)<\/td>\n<\/tr>\n<tr>\n<td valign=\"top\"><b>Avortements espac\u00e9s <\/b>sur une p\u00e9riode plus longue<\/td>\n<td valign=\"top\"><span style=\"color: #fc0505;\"><b>3 avortement en 9 mois<\/b> <\/span><br \/>\nou &gt; 4% de naissances abortives pour les troupeaux de +100 femelles mises \u00e0 la reproduction<\/td>\n<\/tr>\n<tr>\n<td colspan=\"2\" valign=\"top\"><strong>Mais \u00e9galement lorsque la mortinatalit\u00e9 des veaux est anormalement \u00e9lev\u00e9e et que l&rsquo;origine reste ind\u00e9termin\u00e9e.<\/strong> <b><i><br \/>\n<\/i><\/b><\/td>\n<\/tr>\n<\/tbody>\n<\/table>\n<h3><span style=\"color: #56b74f;\">Focus sur les causes possibles d&rsquo;avortement<\/span><\/h3>\n<p>Si la recherche Brucellose est obligatoire et gratuite, la visite du v\u00e9t\u00e9rinaire doit \u00eatre l&rsquo;occasion de pousser les investigations plus loin pour rechercher les agents pathog\u00e8nes responsables ou les autres causes possibles.<\/p>\n<h4><span style=\"color: #800080;\">\u2192 Causes infectieuses<\/span><\/h4>\n<ul>\n<li><strong>Virus<\/strong> : BVD, IBR, schmallenberg,\u00a0 FCO, BVH-4, parvovirus, fi\u00e8vre de la vall\u00e9e du Rift, &#8230;<\/li>\n<li><strong>Bact\u00e9ries<\/strong> : brucellose, fi\u00e8vre Q, E.Coli, salmonellose, chlamydia, list\u00e9riose, leptospirose, ehrlichiose, &#8230;<\/li>\n<li><strong>Mycoses<\/strong> : aspergillus, mucor, &#8230;<\/li>\n<li><strong> Protozoaires<\/strong> : n\u00e9osporose, toxoplasmose, &#8230;<\/li>\n<\/ul>\n<p><a href=\"http:\/\/gdsreseau3m.com\/?page_id=2657\" target=\"_blank\" rel=\"noopener noreferrer\"><span style=\"color: #99cc00;\"><strong><span style=\"color: #ff6600;\">Voir la documentation sur les maladies abortives<\/span><\/strong><\/span><\/a><\/p>\n<h4><span style=\"color: #800080;\">\u2192 Causes non infectieuses<\/span><\/h4>\n<ul>\n<li><strong>G\u00e9n\u00e9tiques :<\/strong> complexe vert\u00e9bral, malformation, Bulldog<\/li>\n<li><strong> Traumatiques<\/strong> : stress thermique, coup, stress de manipulation, &#8230;<\/li>\n<li><strong>Alimentaires<\/strong> : d\u00e9ficit \u00e9nerg\u00e9tique, exc\u00e8s MAT, acidose, d\u00e9ficit en min\u00e9raux &#8211; en vitamines et\/ou oligo-\u00e9l\u00e9ments, eau de boisson, nitrate, plante toxique, mycotoxines, phyto-oestrog\u00e8ne, perturbateur endocrinien, &#8230;<\/li>\n<\/ul>\n<p><img loading=\"lazy\" class=\"alignnone size-full wp-image-1007\" src=\"http:\/\/gdsreseau3m.com\/wp-content\/uploads\/2018\/06\/1403784811_ergot.png\" alt=\"\" width=\"217\" height=\"205\" \/><\/p>\n<h3><span style=\"color: #56b74f;\">Ce que le GDS propose<\/span><\/h3>\n<p>Les causes possibles d&rsquo;avortement sont nombreuses et leur fr\u00e9quence d&rsquo;observation sont variable. <span style=\"color: #ff6600;\"><b>Pour hi\u00e9rarchiser les recherches en fonction de leur pertinence, les GDS vous proposent le <a href=\"http:\/\/gdsreseau3m.com\/?page_id=1287\">PACK AVORTEMENTS<\/a><\/b><b> <\/b><\/span><\/p>\n<p><span style=\"color: #ff6600;\"><b>Les analyses effectu\u00e9es dans le cadre de ce protocole sont en partie prises en charge par le GDS.<br \/>\n<\/b><\/span><\/p>\n<\/div>","protected":false},"excerpt":{"rendered":"<p>Les avortements en \u00e9levage bovinLe pack avortement des GDS Documentation technique sur les maladies abortives Les avortements en \u00e9levage bovin Un avortement est un signal d&rsquo;alerte qu&rsquo;il faut toujours prendre au s\u00e9rieux. \u2192\u00a0avortement = danger sanitaire \u2192 avortement = perte d&rsquo;argent Qu&rsquo;est-ce qu\u2019un avortement ? D&rsquo;apr\u00e8s le Code Rural : \u00ab\u00a0On consid\u00e8re comme avortement possiblement [&hellip;]<\/p>\n","protected":false},"author":1,"featured_media":0,"parent":0,"menu_order":0,"comment_status":"closed","ping_status":"closed","template":"","meta":[],"_links":{"self":[{"href":"https:\/\/gdsreseau3m.com\/index.php?rest_route=\/wp\/v2\/pages\/444"}],"collection":[{"href":"https:\/\/gdsreseau3m.com\/index.php?rest_route=\/wp\/v2\/pages"}],"about":[{"href":"https:\/\/gdsreseau3m.com\/index.php?rest_route=\/wp\/v2\/types\/page"}],"author":[{"embeddable":true,"href":"https:\/\/gdsreseau3m.com\/index.php?rest_route=\/wp\/v2\/users\/1"}],"replies":[{"embeddable":true,"href":"https:\/\/gdsreseau3m.com\/index.php?rest_route=%2Fwp%2Fv2%2Fcomments&post=444"}],"version-history":[{"count":27,"href":"https:\/\/gdsreseau3m.com\/index.php?rest_route=\/wp\/v2\/pages\/444\/revisions"}],"predecessor-version":[{"id":4282,"href":"https:\/\/gdsreseau3m.com\/index.php?rest_route=\/wp\/v2\/pages\/444\/revisions\/4282"}],"wp:attachment":[{"href":"https:\/\/gdsreseau3m.com\/index.php?rest_route=%2Fwp%2Fv2%2Fmedia&parent=444"}],"curies":[{"name":"wp","href":"https:\/\/api.w.org\/{rel}","templated":true}]}}