{"id":3028,"date":"2018-07-24T11:48:26","date_gmt":"2018-07-24T09:48:26","guid":{"rendered":"http:\/\/gdsreseau3m.com\/?page_id=3028"},"modified":"2024-09-10T15:18:10","modified_gmt":"2024-09-10T13:18:10","slug":"bovins-maladies-vectorielles-fco","status":"publish","type":"page","link":"https:\/\/gdsreseau3m.com\/?page_id=3028","title":{"rendered":"Bovins &#8211; Maladies vectorielles &#8211; FCO"},"content":{"rendered":"<div class=\"mpl-content-wrap\"><h6><a href=\"http:\/\/gdsreseau3m.com\/?page_id=3028\"><img loading=\"lazy\" class=\"alignnone wp-image-333\" src=\"http:\/\/gdsreseau3m.com\/wp-content\/uploads\/2018\/06\/treffleMenu.png\" alt=\"\" width=\"23\" height=\"22\" \/>FCO<\/a> <a href=\"http:\/\/gdsreseau3m.com\/?page_id=3042\"><img loading=\"lazy\" class=\"alignnone wp-image-333\" src=\"http:\/\/gdsreseau3m.com\/wp-content\/uploads\/2018\/06\/treffleMenu.png\" alt=\"\" width=\"23\" height=\"22\" \/>Besnoitiose<\/a> <a href=\"http:\/\/gdsreseau3m.com\/?page_id=3031\"><img loading=\"lazy\" class=\"alignnone wp-image-333\" src=\"http:\/\/gdsreseau3m.com\/wp-content\/uploads\/2018\/06\/treffleMenu.png\" alt=\"\" width=\"23\" height=\"22\" \/>Simulies<\/a> <a href=\"http:\/\/gdsreseau3m.com\/?page_id=3074\"><img loading=\"lazy\" class=\"alignnone wp-image-333\" src=\"http:\/\/gdsreseau3m.com\/wp-content\/uploads\/2018\/06\/treffleMenu.png\" alt=\"\" width=\"23\" height=\"22\" \/>Schmallenberg<\/a><\/h6>\n<p><a href=\"https:\/\/gdsreseau3m.com\/?page_id=6932\"><img loading=\"lazy\" class=\"alignnone size-large wp-image-6947\" src=\"http:\/\/gdsreseau3m.com\/wp-content\/uploads\/2024\/08\/buton-fco-3-1024x122.png\" alt=\"\" width=\"1024\" height=\"122\" srcset=\"https:\/\/gdsreseau3m.com\/wp-content\/uploads\/2024\/08\/buton-fco-3-1024x122.png 1024w, https:\/\/gdsreseau3m.com\/wp-content\/uploads\/2024\/08\/buton-fco-3-300x36.png 300w, https:\/\/gdsreseau3m.com\/wp-content\/uploads\/2024\/08\/buton-fco-3-768x92.png 768w, https:\/\/gdsreseau3m.com\/wp-content\/uploads\/2024\/08\/buton-fco-3-1536x183.png 1536w, https:\/\/gdsreseau3m.com\/wp-content\/uploads\/2024\/08\/buton-fco-3-2048x244.png 2048w\" sizes=\"(max-width: 1024px) 100vw, 1024px\" \/><\/a><\/p>\n<h1><span style=\"color: #56b74f;\"><a href=\"http:\/\/gdsreseau3m.com\/wp-content\/uploads\/2021\/06\/gds3m_2021-06-09_illu-article-note-echange-LSA-Coop-de-France.png\"><img loading=\"lazy\" class=\" wp-image-5769 alignright\" src=\"http:\/\/gdsreseau3m.com\/wp-content\/uploads\/2021\/06\/gds3m_2021-06-09_illu-article-note-echange-LSA-Coop-de-France-300x295.png\" alt=\"\" width=\"226\" height=\"222\" srcset=\"https:\/\/gdsreseau3m.com\/wp-content\/uploads\/2021\/06\/gds3m_2021-06-09_illu-article-note-echange-LSA-Coop-de-France-300x295.png 300w, https:\/\/gdsreseau3m.com\/wp-content\/uploads\/2021\/06\/gds3m_2021-06-09_illu-article-note-echange-LSA-Coop-de-France.png 457w\" sizes=\"(max-width: 226px) 100vw, 226px\" \/><\/a>FCO Fi\u00e8vre catarrhale ovine<\/span><\/h1>\n<p>La FCO ou la maladie de la langue bleue (\u00ab\u00a0bluetongue\u00a0\u00bb) est une maladie vectorielle des ruminants transmise par les moucherons (Culico\u00efdes).<\/p>\n<p>La FCO est une maladie \u00e0 d\u00e9claration obligatoire. Son apparition sur un territoire entra\u00eene des restrictions commerciales s\u00e9v\u00e8res qui concernent les animaux des esp\u00e8ces sensibles \u00e0 la maladie (ovins, bovins, caprins principalement) et leur semence, ovules et embryons.<\/p>\n<h3><span style=\"color: #56b74f;\">Situation en France m\u00e9tropolitaine<\/span><\/h3>\n<p>En l\u2019absence de programme de lutte en France continentale, elle circule librement depuis sa r\u00e9\u00e9mergence en France en 2015 (maladie enzootique) induisant de rares cas cliniques chez les ovins ou bovins.<\/p>\n<ul>\n<li>\n<h5>Pour connaitre la situation \u00e9pid\u00e9miologique en temps r\u00e9el :\u00a0 <a href=\"https:\/\/www.plateforme-esa.fr\/page\/thematique-fievre-catarrhale-ovine\" target=\"_blank\" rel=\"noopener noreferrer\">https:\/\/www.plateforme-esa.fr\/page\/thematique-fievre-catarrhale-ovine<\/a><\/h5>\n<\/li>\n<\/ul>\n<h3><span style=\"color: #56b74f;\">Signes cliniques<\/span><\/h3>\n<p>Les sympt\u00f4mes sont tr\u00e8s variables d\u2019un animal \u00e0 l\u2019autre, et peuvent atteindre simultan\u00e9ment plusieurs animaux dans un m\u00eame lot :<\/p>\n<ul>\n<li>Hyperthermie, abattement,<\/li>\n<li>Jetage nasal, salivation,<\/li>\n<li>\u0152d\u00e8mes de la face,<\/li>\n<li>Boiteries, difficult\u00e9s de locomotion,<\/li>\n<li>Cyanose de la langue ou langue bleue (ovin)<\/li>\n<li>Croutes sur le mufle, ulc\u00e9rations dans la bouche<\/li>\n<li>Incidence sur la fertilit\u00e9, mortalit\u00e9 d&rsquo;animaux,<\/li>\n<li>etc.<\/li>\n<\/ul>\n<h5>\u2192 Voir la <a href=\"http:\/\/gdsreseau3m.com\/wp-content\/uploads\/2018\/07\/Signescliniques\u00e0recherchersurdesanimauxsuspectsdeFCO.pdf\" target=\"_blank\" rel=\"noopener noreferrer\">liste compl\u00e8te des signes cliniques<\/a><\/h5>\n<p><a href=\"http:\/\/gdsreseau3m.com\/wp-content\/uploads\/2018\/06\/1438083089_vigilancefco.pdf\" target=\"_blank\" rel=\"noopener noreferrer\"><img loading=\"lazy\" class=\"alignnone wp-image-3063\" src=\"http:\/\/gdsreseau3m.com\/wp-content\/uploads\/2018\/07\/gds3m_reconnaissance-des-signes-clinique-FCO.png\" alt=\"\" width=\"586\" height=\"514\" srcset=\"https:\/\/gdsreseau3m.com\/wp-content\/uploads\/2018\/07\/gds3m_reconnaissance-des-signes-clinique-FCO.png 1100w, https:\/\/gdsreseau3m.com\/wp-content\/uploads\/2018\/07\/gds3m_reconnaissance-des-signes-clinique-FCO-300x263.png 300w, https:\/\/gdsreseau3m.com\/wp-content\/uploads\/2018\/07\/gds3m_reconnaissance-des-signes-clinique-FCO-768x674.png 768w, https:\/\/gdsreseau3m.com\/wp-content\/uploads\/2018\/07\/gds3m_reconnaissance-des-signes-clinique-FCO-1024x899.png 1024w\" sizes=\"(max-width: 586px) 100vw, 586px\" \/><\/a><\/p>\n<h5>Cliquez sur l&rsquo;image ci-dessus pour acc\u00e9der au images <a href=\"http:\/\/gdsreseau3m.com\/wp-content\/uploads\/2018\/06\/1438083089_vigilancefco.pdf\" target=\"_blank\" rel=\"noopener noreferrer\">des signes cliniques.<\/a><\/h5>\n<h3><span style=\"color: #56b74f;\">En cas de suspicion<\/span><\/h3>\n<p><b><span style=\"color: #808000;\">En cas de suspicion de signes cliniques \u00e9vocateurs de FCO, vous devez contactez votre v\u00e9t\u00e9rinaire et r\u00e9aliser une analyse.<\/span> La suspicion clinique\u00a0 doit \u00eatre imm\u00e9diatement notifi\u00e9e aux services v\u00e9t\u00e9rinaires DDSCPP<\/b>.<\/p>\n<h3><span style=\"color: #56b74f;\">Vaccination<\/span><\/h3>\n<p>La principale mesure de pr\u00e9vention est la vaccination des animaux. Elle est recommand\u00e9e mais non obligatoire, <strong>sauf pour les animaux \u00e0 destination de l&rsquo;export<\/strong> (vaccination alors r\u00e9alis\u00e9e et attest\u00e9e par le v\u00e9t\u00e9rinaire).<\/p>\n<p>La vaccination volontaire peut \u00eatre r\u00e9alis\u00e9e par l&rsquo;\u00e9leveur lui-m\u00eame. Les vaccins sont \u00e0 la charge de l&rsquo;\u00e9leveur.<\/p>\n<ul>\n<li>\n<h5>T\u00e9l\u00e9charger la \u00ab\u00a0<a href=\"http:\/\/gdsreseau3m.com\/wp-content\/uploads\/2021\/02\/Vaccins-FCO-autoris\u00e9s-en-FR-pour-s\u00e9rotypes-4-et-8-janvier-2021.pdf\" target=\"_blank\" rel=\"noopener noreferrer\">Synth\u00e8se des vaccins FCO disponibles en France et modalit\u00e9s de leur utilisation r\u00e9alis\u00e9e par Races de France\u00a0\u00bb<\/a> (janvier 2021 &#8211; PDF)<\/h5>\n<\/li>\n<\/ul>\n<h3><span style=\"color: #56b74f;\">D\u00e9sinsectisation<br \/>\n<\/span><\/h3>\n<ul>\n<li>\n<h5><a href=\"http:\/\/gdsreseau3m.com\/wp-content\/uploads\/2023\/09\/2023-09-26-FCO_Produits_de_desinsectisation-V2.pdf\">Liste des produits de d\u00e9sinsectisation des animaux<\/a><\/h5>\n<\/li>\n<\/ul>\n<p>En cas d&rsquo;achat d&rsquo;animaux issue d&rsquo;une zone \u00e0 risque, la d\u00e9sinsectisation des moyens e transport et des animaux est fortement recommand\u00e9e.<\/p>\n<h3><span style=\"color: #56b74f;\">Exportation<\/span><\/h3>\n<ul>\n<li>Consultez la <a href=\"http:\/\/gdsreseau3m.com\/wp-content\/uploads\/2023\/09\/2023-09-19_FCO_echanges_europeens-n4.pdf\">note d\u2019information<\/a> concernant les exigences FCO pour les \u00e9changes intra-europ\u00e9ens d\u2019animaux.<\/li>\n<li><a href=\"http:\/\/gdsreseau3m.com\/wp-content\/uploads\/2023\/08\/IT-FCO-2023-461_final.pdf\">Instruction technique 2023-461<\/a><\/li>\n<\/ul>\n<p><strong>Avant tout, contactez les Services v\u00e9t\u00e9rinaires de votre d\u00e9partement pour connaitre les conditions exactes d&rsquo;export des animaux.<\/strong><\/p>\n<ul>\n<li>DDPP 54 : <span class=\"LrzXr zdqRlf kno-fv\"><span aria-label=\"Appeler le 03 57 29 16 20\">03 57 29 16 20<\/span><\/span><\/li>\n<li>DDETSPP 55 : 03 29 77 42 00<\/li>\n<li>DDPP 57 : <span class=\"LrzXr zdqRlf kno-fv\"><span aria-label=\"Appeler le 03 87 39 75 00\">03 87 39 75 00<\/span><\/span><\/li>\n<\/ul>\n<p><em>Source : GDS France, <\/em><a href=\"http:\/\/www.plateforme-esa.fr\/\" target=\"_blank\" rel=\"noopener noreferrer\"><em>Plateforme ESA<\/em><\/a><\/p>\n<p>&nbsp;<\/p>\n<\/div>","protected":false},"excerpt":{"rendered":"<p>FCO Besnoitiose Simulies Schmallenberg FCO Fi\u00e8vre catarrhale ovine La FCO ou la maladie de la langue bleue (\u00ab\u00a0bluetongue\u00a0\u00bb) est une maladie vectorielle des ruminants transmise par les moucherons (Culico\u00efdes). La FCO est une maladie \u00e0 d\u00e9claration obligatoire. Son apparition sur un territoire entra\u00eene des restrictions commerciales s\u00e9v\u00e8res qui concernent les animaux des esp\u00e8ces sensibles \u00e0 [&hellip;]<\/p>\n","protected":false},"author":1,"featured_media":0,"parent":0,"menu_order":0,"comment_status":"closed","ping_status":"closed","template":"","meta":[],"_links":{"self":[{"href":"https:\/\/gdsreseau3m.com\/index.php?rest_route=\/wp\/v2\/pages\/3028"}],"collection":[{"href":"https:\/\/gdsreseau3m.com\/index.php?rest_route=\/wp\/v2\/pages"}],"about":[{"href":"https:\/\/gdsreseau3m.com\/index.php?rest_route=\/wp\/v2\/types\/page"}],"author":[{"embeddable":true,"href":"https:\/\/gdsreseau3m.com\/index.php?rest_route=\/wp\/v2\/users\/1"}],"replies":[{"embeddable":true,"href":"https:\/\/gdsreseau3m.com\/index.php?rest_route=%2Fwp%2Fv2%2Fcomments&post=3028"}],"version-history":[{"count":24,"href":"https:\/\/gdsreseau3m.com\/index.php?rest_route=\/wp\/v2\/pages\/3028\/revisions"}],"predecessor-version":[{"id":6995,"href":"https:\/\/gdsreseau3m.com\/index.php?rest_route=\/wp\/v2\/pages\/3028\/revisions\/6995"}],"wp:attachment":[{"href":"https:\/\/gdsreseau3m.com\/index.php?rest_route=%2Fwp%2Fv2%2Fmedia&parent=3028"}],"curies":[{"name":"wp","href":"https:\/\/api.w.org\/{rel}","templated":true}]}}