{"id":1623,"date":"2018-06-27T17:33:30","date_gmt":"2018-06-27T15:33:30","guid":{"rendered":"http:\/\/gdsreseau3m.com\/?page_id=1623"},"modified":"2024-09-06T10:52:35","modified_gmt":"2024-09-06T08:52:35","slug":"porcins-gestion-des-cheptels","status":"publish","type":"page","link":"https:\/\/gdsreseau3m.com\/?page_id=1623","title":{"rendered":"Porcins &#8211; Gestion des cheptels &#8211; D\u00e9claration de d\u00e9tention"},"content":{"rendered":"<div class=\"mpl-content-wrap\"><h6><img loading=\"lazy\" class=\"alignnone wp-image-333\" src=\"http:\/\/gdsreseau3m.com\/wp-content\/uploads\/2018\/06\/treffleMenu.png\" alt=\"\" width=\"23\" height=\"22\" \/><a href=\"http:\/\/gdsreseau3m.com\/?page_id=1623\">D\u00e9claration de d\u00e9tention<\/a><img loading=\"lazy\" class=\"alignnone wp-image-333\" src=\"http:\/\/gdsreseau3m.com\/wp-content\/uploads\/2018\/06\/treffleMenu.png\" alt=\"\" width=\"23\" height=\"22\" \/><a href=\"http:\/\/gdsreseau3m.com\/?page_id=1714\">Prophylaxies<\/a><img loading=\"lazy\" class=\"alignnone wp-image-333\" src=\"http:\/\/gdsreseau3m.com\/wp-content\/uploads\/2018\/06\/treffleMenu.png\" alt=\"\" width=\"23\" height=\"22\" \/><a href=\"http:\/\/gdsreseau3m.com\/?page_id=1718\">Bios\u00e9curit\u00e9<\/a><img loading=\"lazy\" class=\"alignnone wp-image-333\" src=\"http:\/\/gdsreseau3m.com\/wp-content\/uploads\/2018\/06\/treffleMenu.png\" alt=\"\" width=\"23\" height=\"22\" \/><a href=\"http:\/\/gdsreseau3m.com\/?page_id=1720\">Transmission des ICA<\/a><img loading=\"lazy\" class=\"alignnone wp-image-333\" src=\"http:\/\/gdsreseau3m.com\/wp-content\/uploads\/2018\/06\/treffleMenu.png\" alt=\"\" width=\"23\" height=\"22\" \/><a href=\"http:\/\/gdsreseau3m.com\/?page_id=1722\">Visite sanitaire porcine<\/a><\/h6>\n<h1><img loading=\"lazy\" class=\"alignnone wp-image-751\" src=\"http:\/\/gdsreseau3m.com\/wp-content\/uploads\/2018\/06\/Porcins.png\" alt=\"\" width=\"61\" height=\"32\" \/> <span style=\"color: #9b3590;\">D\u00e9claration de d\u00e9tention<\/span><\/h1>\n<h3><span style=\"color: #9b3590;\">Gestion administrative de votre atelier porcin<\/span><\/h3>\n<p>Tout d\u00e9tenteur de porcin, \u00e0 titre permanent ou temporaire, doit \u00eatre d\u00e9clar\u00e9 selon la r\u00e9glementation en cours.<\/p>\n<p>Quelle que soit la finalit\u00e9 <i>(animaux de production, de compagnie, exp\u00e9rimentation, spectacle,&#8230;)<\/i>, la d\u00e9claration de d\u00e9tenteur est obligatoire. Elle concerne donc \u00e0 la fois les \u00e9leveurs professionnels comme les particuliers.<\/p>\n<h4><span style=\"color: #626262;\">Seuil minimal de d\u00e9claration de d\u00e9tention :<\/span><\/h4>\n<h3><span style=\"color: #ff2b00;\"><span style=\"color: #ff6600;\">\u2192\u00a0 \u00c0 partir de 1 porc ou sanglier en sa possession <\/span><b><br \/>\n<\/b><\/span><\/h3>\n<p><em><span style=\"color: #808000;\">Dans le contexte actuel de menace sanitaire suite \u00e0 l&rsquo;arriv\u00e9e de la peste porcine africaine \u00e0 quelques kilom\u00e8tres de la fronti\u00e8re franco-belge, la r\u00e9glementation relative \u00e0 l&rsquo;identification du cheptel porcin a \u00e9volu\u00e9 : <strong>l&rsquo;obligation de d\u00e9claration de d\u00e9tention s&rsquo;applique d\u00e8s la d\u00e9tention d&rsquo;1 animal<\/strong> pour tous les d\u00e9tenteurs de suid\u00e9s (porcs ou sangliers). <\/span><\/em><\/p>\n<p><em><span style=\"color: #808000;\">Cette r\u00e8gle est en vigueur d\u00e8s septembre 2018 pour les communes en Zone d&rsquo;Observation Renforc\u00e9e PPA \u00e0 la fronti\u00e8re belge et le serra pour tout le territoire fran\u00e7ais au 1er novembre 2018. <\/span><\/em><\/p>\n<p><em><span style=\"color: #808000;\">Pour rappel, le seuil pr\u00e9c\u00e9dent de d\u00e9claration \u00e9tait \u00e0 : 2 porcs charcutiers ou 1 porc reproducteur.<\/span> <\/em><\/p>\n<ul>\n<li>T\u00e9l\u00e9chargez et remplissez le <a href=\"http:\/\/gdsreseau3m.com\/wp-content\/uploads\/2018\/09\/2015_03_18_DA_formulaire-vierge_version2.00Porc.pdf\" target=\"_blank\" rel=\"noopener\">formulaire li\u00e9 \u00e0 la d\u00e9tention de porcs<\/a><\/li>\n<\/ul>\n<p>La d\u00e9tention de porcs implique le respect des r\u00e8gles de l&rsquo;identification porcine et s&rsquo;accompagne, entre autres, d&rsquo;obligations sanitaires telles que la prophylaxie r\u00e9glement\u00e9e.<\/p>\n<p>Pour des renseignements sur l&rsquo;identification des porcs = contactez la Chambre d&rsquo;Agriculture, votre GDS ou le GIE de votre d\u00e9partement.<\/p>\n<ul>\n<li><strong>En savoir plus : voir la plaquette <\/strong><span style=\"color: #9b3590;\"><b><a style=\"color: #9b3590;\" href=\"http:\/\/gdsreseau3m.com\/wp-content\/uploads\/2018\/06\/1407161280_Guide_de_l__eleveur_pour_l__identification_de_ses_porcins.pdf\" target=\"_blank\" rel=\"noopener\"><strong>\u00ab\u00a0Guide de l&rsquo;\u00e9leveur pour l&rsquo;identification de ses porcins\u00a0\u00bb<\/strong> <\/a><\/b><\/span><\/li>\n<\/ul>\n<p>&nbsp;<\/p>\n<h4>Vous avez un projet de vous installez en atelier porcin ? Lisez le guide !<\/h4>\n<ul>\n<li>Guide pratique pour l\u2019installation en production porcine d&rsquo;Interporc Grand Est (2024) : <a href=\"https:\/\/www.interporcgrandest.fr\/metiers\/installation.php\">https:\/\/www.interporcgrandest.fr\/metiers\/installation.php<\/a><\/li>\n<\/ul>\n<\/div>","protected":false},"excerpt":{"rendered":"<p>D\u00e9claration de d\u00e9tentionProphylaxiesBios\u00e9curit\u00e9Transmission des ICAVisite sanitaire porcine D\u00e9claration de d\u00e9tention Gestion administrative de votre atelier porcin Tout d\u00e9tenteur de porcin, \u00e0 titre permanent ou temporaire, doit \u00eatre d\u00e9clar\u00e9 selon la r\u00e9glementation en cours. Quelle que soit la finalit\u00e9 (animaux de production, de compagnie, exp\u00e9rimentation, spectacle,&#8230;), la d\u00e9claration de d\u00e9tenteur est obligatoire. Elle concerne donc \u00e0 [&hellip;]<\/p>\n","protected":false},"author":1,"featured_media":0,"parent":0,"menu_order":0,"comment_status":"closed","ping_status":"closed","template":"","meta":[],"_links":{"self":[{"href":"https:\/\/gdsreseau3m.com\/index.php?rest_route=\/wp\/v2\/pages\/1623"}],"collection":[{"href":"https:\/\/gdsreseau3m.com\/index.php?rest_route=\/wp\/v2\/pages"}],"about":[{"href":"https:\/\/gdsreseau3m.com\/index.php?rest_route=\/wp\/v2\/types\/page"}],"author":[{"embeddable":true,"href":"https:\/\/gdsreseau3m.com\/index.php?rest_route=\/wp\/v2\/users\/1"}],"replies":[{"embeddable":true,"href":"https:\/\/gdsreseau3m.com\/index.php?rest_route=%2Fwp%2Fv2%2Fcomments&post=1623"}],"version-history":[{"count":18,"href":"https:\/\/gdsreseau3m.com\/index.php?rest_route=\/wp\/v2\/pages\/1623\/revisions"}],"predecessor-version":[{"id":6994,"href":"https:\/\/gdsreseau3m.com\/index.php?rest_route=\/wp\/v2\/pages\/1623\/revisions\/6994"}],"wp:attachment":[{"href":"https:\/\/gdsreseau3m.com\/index.php?rest_route=%2Fwp%2Fv2%2Fmedia&parent=1623"}],"curies":[{"name":"wp","href":"https:\/\/api.w.org\/{rel}","templated":true}]}}