{"id":1619,"date":"2018-06-27T17:33:03","date_gmt":"2018-06-27T15:33:03","guid":{"rendered":"http:\/\/gdsreseau3m.com\/?page_id=1619"},"modified":"2021-03-03T08:30:27","modified_gmt":"2021-03-03T07:30:27","slug":"porcins-maladies","status":"publish","type":"page","link":"https:\/\/gdsreseau3m.com\/?page_id=1619","title":{"rendered":"Porcins &#8211; Maladies &#8211; Aujeszky"},"content":{"rendered":"<div class=\"mpl-content-wrap\"><h6><img loading=\"lazy\" class=\"alignnone wp-image-333\" src=\"http:\/\/gdsreseau3m.com\/wp-content\/uploads\/2018\/06\/treffleMenu.png\" alt=\"\" width=\"23\" height=\"22\" \/><a href=\"http:\/\/gdsreseau3m.com\/?page_id=1619\">Aujeszky<\/a><img loading=\"lazy\" class=\"alignnone wp-image-333\" src=\"http:\/\/gdsreseau3m.com\/wp-content\/uploads\/2018\/06\/treffleMenu.png\" alt=\"\" width=\"23\" height=\"22\" \/><a href=\"http:\/\/gdsreseau3m.com\/?page_id=1638\">SDRP<\/a><img loading=\"lazy\" class=\"alignnone wp-image-333\" src=\"http:\/\/gdsreseau3m.com\/wp-content\/uploads\/2018\/06\/treffleMenu.png\" alt=\"\" width=\"23\" height=\"22\" \/><a href=\"http:\/\/gdsreseau3m.com\/?page_id=1640\">Peste porcine classique<\/a><img loading=\"lazy\" class=\"alignnone wp-image-333\" src=\"http:\/\/gdsreseau3m.com\/wp-content\/uploads\/2018\/06\/treffleMenu.png\" alt=\"\" width=\"23\" height=\"22\" \/><a href=\"http:\/\/gdsreseau3m.com\/?page_id=1644\">Peste porcine africaine<\/a><img loading=\"lazy\" class=\"alignnone wp-image-333\" src=\"http:\/\/gdsreseau3m.com\/wp-content\/uploads\/2018\/06\/treffleMenu.png\" alt=\"\" width=\"23\" height=\"22\" \/><a href=\"http:\/\/gdsreseau3m.com\/?page_id=1646\">Diarrh\u00e9e \u00e9pid\u00e9mique porcine<\/a><\/h6>\n<h1><span style=\"color: #56b74f;\"><img loading=\"lazy\" class=\"alignnone wp-image-751\" src=\"http:\/\/gdsreseau3m.com\/wp-content\/uploads\/2018\/06\/Porcins.png\" alt=\"\" width=\"61\" height=\"32\" \/> <span style=\"color: #9b3590;\">La maladie d&rsquo;Aujeszky<\/span><\/span><\/h1>\n<h3><span style=\"color: #9b3590;\">Le point sur la maladie :<\/span><\/h3>\n<div>\n<p>La maladie d&rsquo;Aujesky est due \u00e0 <strong>un herpes virus<\/strong><b> tr\u00e8s contagieux,<\/b> non transmissible \u00e0 l&rsquo;Homme. Elle touche habituellement les suid\u00e9s et accidentellement les bovins, ovins, chiens et carnivores.<\/p>\n<p>Une \u00e9pizootie aurait des <b>cons\u00e9quences dramatiques<\/b> pour l&rsquo;ensemble de la fili\u00e8re porcine.<br \/>\nLa <b>vigilance <\/b>et la <b>rapidit\u00e9 <\/b>de r\u00e9action en cas de foyer sont essentielles afin d&rsquo;\u00e9viter l&rsquo;extension de la maladie.<\/p>\n<\/div>\n<h3><span style=\"color: #9b3590;\">Les signes suspects :\u00a0<\/span><\/h3>\n<div>\n<h4><span style=\"color: #626262;\">J&rsquo;appelle mon v\u00e9t\u00e9rinaire sanitaire lorsque j&rsquo;observe<br \/>\n<\/span><\/h4>\n<ul>\n<li>un syndrome grippal persistant \u00e0 l&rsquo;engraissement<\/li>\n<li>une perte d&rsquo;app\u00e9tit et des avortements sur 5% (ou plus) des truies avec un minimum de 4 truies sur une p\u00e9riode inf\u00e9rieur \u00e0 15 jours<\/li>\n<li>de pertes d&rsquo;app\u00e9tit, des avortements (ou des porcelets modifi\u00e9s) et des pertes n\u00e9onatales accompagn\u00e9es de signes nerveux sur 20% (ou plus) des porcelets sur une bande<\/li>\n<\/ul>\n<p>Le diagnostic se fait \u00e0 partir de pr\u00e9l\u00e8vements et analyses v\u00e9t\u00e9rinaires.<\/p>\n<\/div>\n<ul>\n<li><span style=\"color: #626262;\"><b>Voir la plaquette <\/b><\/span><b><u><span style=\"color: #626262;\"><a style=\"color: #626262;\" href=\"http:\/\/gdsreseau3m.com\/wp-content\/uploads\/2018\/06\/Maladie-Aujeszky_2.pdf\" target=\"_blank\" rel=\"noopener noreferrer\">Et si c&rsquo;\u00e9tait la maladie d&rsquo;Aujeszky ?<\/a><\/span><br \/>\n<a href=\"http:\/\/gdsreseau3m.com\/wp-content\/uploads\/2018\/06\/Maladie-Aujeszky_2.pdf\" target=\"_blank\" rel=\"noopener noreferrer\"><img loading=\"lazy\" class=\"alignnone wp-image-1655 size-full\" src=\"http:\/\/gdsreseau3m.com\/wp-content\/uploads\/2018\/06\/1406877733_Photo_plaquette_aujeszky.jpg\" alt=\"\" width=\"211\" height=\"300\" \/><\/a><\/u><\/b><\/li>\n<\/ul>\n<h4><span style=\"color: #626262;\">Son contenu :<br \/>\n<\/span><\/h4>\n<ul>\n<li>Comment la maladie se diffuse t-elle ?<\/li>\n<li>Comment mon \u00e9levage peut se contaminer ?<\/li>\n<li>Quand doit-on suspecter la maladie d&rsquo;Aujeszky ?<\/li>\n<li>Comment prot\u00e9ger mon \u00e9levage ?<\/li>\n<\/ul>\n<h3><span style=\"color: #9b3590;\">Surveillance et r\u00e9glementation<\/span><\/h3>\n<h4><span style=\"color: #626262;\">\u00c9tat de lieux<\/span><\/h4>\n<p>Les efforts conduits collectivement au niveau national ont permis \u00e0 la France de devenir<b> indemne de maladie d&rsquo;Aujeszky <\/b>depuis 2009. Le dispositif de surveillance a donc \u00e9t\u00e9 revu en cons\u00e9quence par l&rsquo;arr\u00eat\u00e9 minist\u00e9riel d<span style=\"color: #333333;\">u <\/span><span style=\"color: #56b74f;\"><span style=\"color: #333333;\">28 janvier 2009 :<\/span> <\/span><\/p>\n<div>\n<ul>\n<li>Surveillance s\u00e9rologique annuelle pour les cheptels naisseur et naisseur-engraisseur est supprim\u00e9e,<\/li>\n<li>Renforcement de la surveillance clinique des porcs sur le terrain ; par le biais d&rsquo;une visite sanitaire porcine obligatoire et par l&rsquo;alerte syst\u00e9matique du v\u00e9t\u00e9rinaire en cas de signes \u00e9vocateurs observ\u00e9s,<\/li>\n<li>Seules quelques cat\u00e9gories d&rsquo;\u00e9levages consid\u00e9r\u00e9es <i>\u00ab\u00a0\u00e0 risque particulier\u00a0\u00bb<\/i> conservent leur fr\u00e9quence de pr\u00e9l\u00e8vements sanguins obligatoire : pour les \u00e9levages en plein air de porcs et de sangliers et les \u00e9levages s\u00e9lectionneurs\/multiplicateurs (<a href=\"http:\/\/gdsreseau3m.com\/?page_id=1714\" target=\"_self\" rel=\"noopener noreferrer\"><span style=\"color: #56b74f;\">Voir les modalit\u00e9s de la prophylaxie).<\/span><\/a><\/li>\n<\/ul>\n<\/div>\n<h4><span style=\"color: #626262;\">Suspicion <\/span><\/h4>\n<p>Le virus persiste dans la faune sauvage (sangliers). A noter qu&rsquo;en janvier 2018, la DDP54 confirme la d\u00e9claration en Meurthe-et-Moselle de deux cas d&rsquo;Aujeszky sur des chiens domestiques (cas de \u00ab\u00a0pseudo-rage\u00a0\u00bb &#8211; grattage intense, voir d\u00e9mentiel). Une vigilance particuli\u00e8re est donc de rigueur pour les propri\u00e9taires de chiens, surtout les chasseurs.<\/p>\n<p>Une vigilance accrue et une alerte rapide sont essentielles pour prot\u00e9ger l&rsquo;ensemble de la fili\u00e8re porcine.<\/p>\n<p>En cas de suspicion maladie d&rsquo;Aujeszky, le v\u00e9t\u00e9rinaire doit \u00eatre alert\u00e9 et des analyses r\u00e9alis\u00e9es. Cette maladie \u00e9tant\u00a0 r\u00e9put\u00e9e contagieuse chez toutes les esp\u00e8ces de mammif\u00e8res, ce classement induit que toute suspicion est \u00e0 d\u00e9clarer aupr\u00e8s des services v\u00e9t\u00e9rinaires.<\/p>\n<h4><span style=\"color: #626262;\">Pr\u00e9vention<\/span><\/h4>\n<p>Il faut observer <strong>les r\u00e8gles de base de la conduite hygi\u00e9nique de l&rsquo;\u00e9levag<\/strong>e : isolement sanitaire de l&rsquo;\u00e9levage, protection contre les sources de contamination, qualit\u00e9 de l&rsquo;ambiance dans les b\u00e2timents. De m\u00eame lors des introductions, <strong>faire attention aux garanties de cheptels.<\/strong><\/p>\n<\/div>","protected":false},"excerpt":{"rendered":"<p>AujeszkySDRPPeste porcine classiquePeste porcine africaineDiarrh\u00e9e \u00e9pid\u00e9mique porcine La maladie d&rsquo;Aujeszky Le point sur la maladie : La maladie d&rsquo;Aujesky est due \u00e0 un herpes virus tr\u00e8s contagieux, non transmissible \u00e0 l&rsquo;Homme. Elle touche habituellement les suid\u00e9s et accidentellement les bovins, ovins, chiens et carnivores. Une \u00e9pizootie aurait des cons\u00e9quences dramatiques pour l&rsquo;ensemble de la fili\u00e8re [&hellip;]<\/p>\n","protected":false},"author":1,"featured_media":0,"parent":0,"menu_order":0,"comment_status":"closed","ping_status":"closed","template":"","meta":[],"_links":{"self":[{"href":"https:\/\/gdsreseau3m.com\/index.php?rest_route=\/wp\/v2\/pages\/1619"}],"collection":[{"href":"https:\/\/gdsreseau3m.com\/index.php?rest_route=\/wp\/v2\/pages"}],"about":[{"href":"https:\/\/gdsreseau3m.com\/index.php?rest_route=\/wp\/v2\/types\/page"}],"author":[{"embeddable":true,"href":"https:\/\/gdsreseau3m.com\/index.php?rest_route=\/wp\/v2\/users\/1"}],"replies":[{"embeddable":true,"href":"https:\/\/gdsreseau3m.com\/index.php?rest_route=%2Fwp%2Fv2%2Fcomments&post=1619"}],"version-history":[{"count":15,"href":"https:\/\/gdsreseau3m.com\/index.php?rest_route=\/wp\/v2\/pages\/1619\/revisions"}],"predecessor-version":[{"id":5589,"href":"https:\/\/gdsreseau3m.com\/index.php?rest_route=\/wp\/v2\/pages\/1619\/revisions\/5589"}],"wp:attachment":[{"href":"https:\/\/gdsreseau3m.com\/index.php?rest_route=%2Fwp%2Fv2%2Fmedia&parent=1619"}],"curies":[{"name":"wp","href":"https:\/\/api.w.org\/{rel}","templated":true}]}}