{"id":1468,"date":"2018-06-22T16:15:41","date_gmt":"2018-06-22T14:15:41","guid":{"rendered":"http:\/\/gdsreseau3m.com\/?page_id=1468"},"modified":"2025-06-05T10:01:24","modified_gmt":"2025-06-05T08:01:24","slug":"bovins-information-et-reglementation-la-prophylaxie","status":"publish","type":"page","link":"https:\/\/gdsreseau3m.com\/?page_id=1468","title":{"rendered":"Bovins &#8211; Information et r\u00e9glementation &#8211; La prophylaxie"},"content":{"rendered":"<div class=\"mpl-content-wrap\"><h6><a href=\"http:\/\/gdsreseau3m.com\/?page_id=304\"><img loading=\"lazy\" class=\"alignnone wp-image-333\" src=\"http:\/\/gdsreseau3m.com\/wp-content\/uploads\/2018\/06\/treffleMenu.png\" alt=\"\" width=\"23\" height=\"22\" \/><\/a><a href=\"http:\/\/gdsreseau3m.com\/?page_id=454\">Achat\/vente<\/a><img loading=\"lazy\" class=\"alignnone wp-image-333\" src=\"http:\/\/gdsreseau3m.com\/wp-content\/uploads\/2018\/06\/treffleMenu.png\" alt=\"\" width=\"23\" height=\"22\" \/><a href=\"http:\/\/gdsreseau3m.com\/?page_id=1468\">La prophylaxie<\/a><img loading=\"lazy\" class=\"alignnone wp-image-333\" src=\"http:\/\/gdsreseau3m.com\/wp-content\/uploads\/2018\/06\/treffleMenu.png\" alt=\"\" width=\"23\" height=\"22\" \/><a href=\"http:\/\/gdsreseau3m.com\/?page_id=1473\">Registre d&rsquo;\u00e9levage et carnet sanitaire<\/a><img loading=\"lazy\" class=\"alignnone wp-image-333\" src=\"http:\/\/gdsreseau3m.com\/wp-content\/uploads\/2018\/06\/treffleMenu.png\" alt=\"\" width=\"23\" height=\"22\" \/><a href=\"http:\/\/gdsreseau3m.com\/?page_id=1475\">Bios\u00e9curit\u00e9<\/a><img loading=\"lazy\" class=\"alignnone wp-image-333\" src=\"http:\/\/gdsreseau3m.com\/wp-content\/uploads\/2018\/06\/treffleMenu.png\" alt=\"\" width=\"23\" height=\"22\" \/><a href=\"http:\/\/gdsreseau3m.com\/?page_id=1477\">Transmission des ICA<\/a><\/h6>\n<h1><img loading=\"lazy\" class=\"alignnone wp-image-749 \" src=\"http:\/\/gdsreseau3m.com\/wp-content\/uploads\/2018\/06\/Bovins1.png\" alt=\"\" width=\"51\" height=\"38\" \/> <span style=\"color: #56b74f;\">Les prophylaxies en \u00e9levage bovin<\/span><\/h1>\n<h3><span style=\"color: #56b74f;\">Leurs r\u00f4les :<\/span><\/h3>\n<ul>\n<li>Surveiller les maladies r\u00e9glement\u00e9es (obligation l\u00e9gale),<\/li>\n<li>Conduire \u00e0 l&rsquo;acquisition et maintien de qualification d&rsquo;\u00e9levage<\/li>\n<\/ul>\n<h3><span style=\"color: #56b74f;\">Modalit\u00e9s de mise en \u0153uvre :<\/span><\/h3>\n<h3><\/h3>\n<ul>\n<li>Contr\u00f4les r\u00e9guliers sur sang et lait de tank<\/li>\n<li>D\u00e9pistages \u00e0 l&rsquo;introduction<i> (se r\u00e9f\u00e9rer \u00e0 la page <a href=\"http:\/\/gdsreseau3m.com\/?page_id=454\">achat\/vente<\/a>)<\/i><\/li>\n<li>Surveillance des avortements<\/li>\n<\/ul>\n<p><a href=\"http:\/\/gdsreseau3m.com\/wp-content\/uploads\/2024\/02\/Prise-de-sang_GDS54_issu-film-AG.png\"><img loading=\"lazy\" class=\"alignnone size-medium wp-image-6831\" src=\"http:\/\/gdsreseau3m.com\/wp-content\/uploads\/2024\/02\/Prise-de-sang_GDS54_issu-film-AG-300x169.png\" alt=\"\" width=\"300\" height=\"169\" srcset=\"https:\/\/gdsreseau3m.com\/wp-content\/uploads\/2024\/02\/Prise-de-sang_GDS54_issu-film-AG-300x169.png 300w, https:\/\/gdsreseau3m.com\/wp-content\/uploads\/2024\/02\/Prise-de-sang_GDS54_issu-film-AG-1024x576.png 1024w, https:\/\/gdsreseau3m.com\/wp-content\/uploads\/2024\/02\/Prise-de-sang_GDS54_issu-film-AG-768x432.png 768w, https:\/\/gdsreseau3m.com\/wp-content\/uploads\/2024\/02\/Prise-de-sang_GDS54_issu-film-AG.png 1202w\" sizes=\"(max-width: 300px) 100vw, 300px\" \/><\/a><\/p>\n<h3><span style=\"color: #56b74f;\">Les prophylaxies annuelles obligatoires<\/span><\/h3>\n<table width=\"100%\">\n<tbody>\n<tr>\n<td><strong>Brucellose<\/strong><\/td>\n<td>\u2022 \u00c9levage allaitant : s\u00e9rologie annuelle sur 20% des bovins de plus de 2 ans<br \/>\n\u2022 \u00c9levage laitier : contr\u00f4le annuel sur un lait de m\u00e9lange<br \/>\n\u2022 Avortement : d\u00e9claration et recherche obligatoire<\/td>\n<\/tr>\n<tr>\n<td><strong>Leucose<\/strong><\/td>\n<td>\u2022 \u00c9levage allaitant : s\u00e9rologie sur 20% des bovins de plus de 2 ans tous les 5 ans<br \/>\n\u2022 \u00c9levage laitier : contr\u00f4le sur le lait de m\u00e9lange tous les 5 ans<\/td>\n<\/tr>\n<tr>\n<td>\u00a0<strong>IBR<\/strong><\/td>\n<td>\u2022 \u00c9levage allaitant d\u00e9tenant moins de 40 bovins de 24 mois et plus : d\u00e9pistage s\u00e9rologique annuel syst\u00e9matique sur tous les bovins de plus de 2 ans.<\/p>\n<p>\u2022 \u00c9levage allaitant d\u00e9tenant plus de 40 bovins \u00e2g\u00e9s de 24 mois et plus : all\u00e8gement, c\u2019est-\u00e0-dire d\u00e9pistage s\u00e9rologique de 40 bovins de plus de 2 ans.<br \/>\n\u2022 \u00c9levage laitier : contr\u00f4le s\u00e9rologique semestriel (f\u00e9vrier-septembre) sur lait de grand m\u00e9lange (tank)<\/td>\n<\/tr>\n<tr>\n<td><strong>\u00a0Varron<\/strong><\/td>\n<td>\u2022 Contr\u00f4les al\u00e9atoires et orient\u00e9s des \u00e9levages par s\u00e9rologie de m\u00e9lange<\/td>\n<\/tr>\n<tr>\n<td><strong>BVD<\/strong><\/td>\n<td>\u2022 Contr\u00f4les s\u00e9rologiques sentinelles sur les cat\u00e9gories 12-24 mois et\/ou 24-48 mois en fonction du statut \u00e9pid\u00e9miologique de l\u2019\u00e9levage.<\/td>\n<\/tr>\n<\/tbody>\n<\/table>\n<p>&nbsp;<\/p>\n<ul>\n<li><b>T\u00e9l\u00e9charger <a href=\"http:\/\/gdsreseau3m.com\/wp-content\/uploads\/2023\/12\/tarifs-analyses-et-prophylaxie-2024.pdf\">les tarifs de prophylaxie 2024\/2025 en Meurthe-et-Moselle\u00a0<\/a> (version PDF) :<br \/>\n<a href=\"http:\/\/gdsreseau3m.com\/wp-content\/uploads\/2025\/06\/Tarifs-analyses-et-prophylaxie-2025.pdf\"><img loading=\"lazy\" class=\"alignnone wp-image-1505 size-full\" src=\"http:\/\/gdsreseau3m.com\/wp-content\/uploads\/2018\/06\/Tarifs_2018-icon.png\" alt=\"\" width=\"108\" height=\"154\" \/><\/a><\/b><\/li>\n<\/ul>\n<p>&nbsp;<\/p>\n<h3><span style=\"color: #56b74f;\">Charte de mise en \u0153uvre des missions d\u00e9l\u00e9gu\u00e9es par l&rsquo;\u00c9tat<\/span><\/h3>\n<div>La charte s&rsquo;impose \u00e0 tout d\u00e9tenteur d&rsquo;animaux concern\u00e9 par l&rsquo;ex\u00e9cution des missions de service public d\u00e9l\u00e9gu\u00e9es par l&rsquo;\u00c9tat \u00e0 GDS Grand-Est reconnu O.V.S. (Organisme \u00e0 Vocation Sanitaire) dans le domaine animal pour la r\u00e9gion Grand-Est, ces missions \u00e9tant n\u00e9cessaires \u00e0 la qualification sanitaire des troupeaux.<\/div>\n<div>\n<p>Concernant les activit\u00e9s des O.V.S., tout d\u00e9tenteur a la possibilit\u00e9 de faire appel d\u2019une d\u00e9cision prise ou de porter un recours ou r\u00e9clamation relative \u00e0 une insatisfaction. La charte de mise en \u0153uvre des misions d\u00e9l\u00e9gu\u00e9es par l\u2019\u00c9tat n&rsquo;est pas consultable en ligne. Veuillez vous rapprocher de votre section d\u00e9partementale pour l&rsquo;obtenir.<\/p>\n<\/div>\n<\/div>","protected":false},"excerpt":{"rendered":"<p>Achat\/venteLa prophylaxieRegistre d&rsquo;\u00e9levage et carnet sanitaireBios\u00e9curit\u00e9Transmission des ICA Les prophylaxies en \u00e9levage bovin Leurs r\u00f4les : Surveiller les maladies r\u00e9glement\u00e9es (obligation l\u00e9gale), Conduire \u00e0 l&rsquo;acquisition et maintien de qualification d&rsquo;\u00e9levage Modalit\u00e9s de mise en \u0153uvre : Contr\u00f4les r\u00e9guliers sur sang et lait de tank D\u00e9pistages \u00e0 l&rsquo;introduction (se r\u00e9f\u00e9rer \u00e0 la page achat\/vente) Surveillance des [&hellip;]<\/p>\n","protected":false},"author":1,"featured_media":0,"parent":0,"menu_order":0,"comment_status":"closed","ping_status":"closed","template":"","meta":[],"_links":{"self":[{"href":"https:\/\/gdsreseau3m.com\/index.php?rest_route=\/wp\/v2\/pages\/1468"}],"collection":[{"href":"https:\/\/gdsreseau3m.com\/index.php?rest_route=\/wp\/v2\/pages"}],"about":[{"href":"https:\/\/gdsreseau3m.com\/index.php?rest_route=\/wp\/v2\/types\/page"}],"author":[{"embeddable":true,"href":"https:\/\/gdsreseau3m.com\/index.php?rest_route=\/wp\/v2\/users\/1"}],"replies":[{"embeddable":true,"href":"https:\/\/gdsreseau3m.com\/index.php?rest_route=%2Fwp%2Fv2%2Fcomments&post=1468"}],"version-history":[{"count":37,"href":"https:\/\/gdsreseau3m.com\/index.php?rest_route=\/wp\/v2\/pages\/1468\/revisions"}],"predecessor-version":[{"id":7231,"href":"https:\/\/gdsreseau3m.com\/index.php?rest_route=\/wp\/v2\/pages\/1468\/revisions\/7231"}],"wp:attachment":[{"href":"https:\/\/gdsreseau3m.com\/index.php?rest_route=%2Fwp%2Fv2%2Fmedia&parent=1468"}],"curies":[{"name":"wp","href":"https:\/\/api.w.org\/{rel}","templated":true}]}}