{"id":1419,"date":"2018-06-22T15:33:30","date_gmt":"2018-06-22T13:33:30","guid":{"rendered":"http:\/\/gdsreseau3m.com\/?page_id=1419"},"modified":"2018-07-19T13:48:45","modified_gmt":"2018-07-19T11:48:45","slug":"bovins-autres-actions-opti-certitraite","status":"publish","type":"page","link":"https:\/\/gdsreseau3m.com\/?page_id=1419","title":{"rendered":"Bovins &#8211; Autres actions &#8211; Optitraite &#038; Certitraite"},"content":{"rendered":"<div class=\"mpl-content-wrap\"><h6><img loading=\"lazy\" class=\"alignnone wp-image-333\" src=\"http:\/\/gdsreseau3m.com\/wp-content\/uploads\/2018\/06\/treffleMenu.png\" alt=\"\" width=\"23\" height=\"22\" \/><a href=\"http:\/\/gdsreseau3m.com\/?page_id=1416\">Parasitisme<\/a><img loading=\"lazy\" class=\"alignnone wp-image-333\" src=\"http:\/\/gdsreseau3m.com\/wp-content\/uploads\/2018\/06\/treffleMenu.png\" alt=\"\" width=\"23\" height=\"22\" \/><a href=\"http:\/\/gdsreseau3m.com\/?page_id=1419\">Optitraite &amp; Certitraite<\/a>\u00a0<img loading=\"lazy\" class=\"alignnone wp-image-333\" src=\"http:\/\/gdsreseau3m.com\/wp-content\/uploads\/2018\/06\/treffleMenu.png\" alt=\"\" width=\"23\" height=\"22\" \/><a href=\"http:\/\/gdsreseau3m.com\/?page_id=1422\">Jeunes Agriculteurs<\/a><img loading=\"lazy\" class=\"alignnone wp-image-333\" src=\"http:\/\/gdsreseau3m.com\/wp-content\/uploads\/2018\/06\/treffleMenu.png\" alt=\"\" width=\"23\" height=\"22\" \/><a href=\"http:\/\/gdsreseau3m.com\/?page_id=1424\">R\u00e9seau p\u00e2ture<\/a><\/h6>\n<h1><img loading=\"lazy\" class=\"alignnone wp-image-749 \" src=\"http:\/\/gdsreseau3m.com\/wp-content\/uploads\/2018\/06\/Bovins1.png\" alt=\"\" width=\"51\" height=\"38\" \/> <span style=\"color: #56b74f;\">Optitraite &amp; Certitraite\u00a0(en Moselle uniquement)<\/span><\/h1>\n<p>Depuis 40 ans le GDS de la Moselle a une d\u00e9l\u00e9gation de ma\u00eetre d\u2019\u0153uvre dans le domaine du contr\u00f4le des machines \u00e0 traire, dans l&rsquo;optique d&rsquo;am\u00e9liorer la qualit\u00e9 du lait dans les \u00e9levages. Il s&rsquo;agit de\u00a0 coordonner l&rsquo;action des diff\u00e9rents intervenants sur une installation de traite (concessionnaires, laiteries, OPA et \u00e9leveurs).<br \/>\nLe GDS57 prend une part active dans le CROCIT Centre-Est (Comit\u00e9 R\u00e9gional d&rsquo;Organisation des Contr\u00f4les des Installations de Traite) cr\u00e9\u00e9 en 2011.<\/p>\n<h3><span style=\"color: #56b74f;\">OPTITRAITE : Contr\u00f4le annuel des installations de traite<\/span><\/h3>\n<p><img loading=\"lazy\" class=\"size-full wp-image-1439 alignleft\" src=\"http:\/\/gdsreseau3m.com\/wp-content\/uploads\/2018\/06\/1409743837_optitraite.jpg\" alt=\"\" width=\"208\" height=\"83\" \/>Le contr\u00f4le Optitraite est \u00e0 faire tous les ans sur toutes les installations de traite, il est exig\u00e9 dans le cadre de la Charte des bonnes pratiques d&rsquo;\u00e9levage et de la conditionnalit\u00e9 des aides agricoles, avec obligation de r\u00e9parer en cas de non-conformit\u00e9. Au-del\u00e0 du caract\u00e8re r\u00e9glementaire qu&rsquo;il rev\u00eat, le contr\u00f4le annuel des machines \u00e0 traire est indispensable pour rep\u00e9rer les dysfonctionnements qui peuvent d\u00e9grader la qualit\u00e9 du lait et l&rsquo;\u00e9tat sanitaire des mamelles et des trayons. Il est effectu\u00e9s par des agents form\u00e9s qui poss\u00e8dent l&rsquo;agr\u00e9ment Optitraite, g\u00e9n\u00e9ralement issus des concessionnaires et des laiteries.<\/p>\n<h3><span style=\"color: #56b74f;\">CERTITRAITE : Certification des installations de traite<\/span><\/h3>\n<p><img loading=\"lazy\" class=\"alignnone size-full wp-image-1440\" src=\"http:\/\/gdsreseau3m.com\/wp-content\/uploads\/2018\/06\/1409744264_certitraite.jpg\" alt=\"\" width=\"169\" height=\"61\" \/><\/p>\n<p>Le protocole Certitraite vise \u00e0 certifier la conformit\u00e9 des nouvelles installations de mani\u00e8re ind\u00e9pendante. Il permet de v\u00e9rifier que le montage et les r\u00e9glages d&rsquo;une machine \u00e0 traire sont conformes lors de sa mise en route, que ce soit pour une installation neuve, r\u00e9nov\u00e9e ou d&rsquo;occasion, robots compris. Ce contr\u00f4le est r\u00e9alis\u00e9 en pr\u00e9sence de l&rsquo;installateur qui peut alors rem\u00e9dier plus rapidement aux anomalies constat\u00e9es. La certification doit \u00eatre r\u00e9alis\u00e9e par un technicien d&rsquo;organisme agricole accr\u00e9dit\u00e9 au niveau national : en Moselle, c&rsquo;est le GDS qui en a la charge.<\/p>\n<p>Depuis 2002, plus de 200 installations ont \u00e9t\u00e9 v\u00e9rifi\u00e9es en Moselle. De nombreux param\u00e8tres sont test\u00e9s (vide, r\u00e9serve r\u00e9elle, fuites, fonctionnement des pulsateurs et des faisceaux trayeurs, contr\u00f4le du nettoyage\u2026). 12% des machines n\u00e9cessitent une contre visite et seules 20% sont certifi\u00e9es sans aucune intervention, ce qui confirme l&rsquo;importance de ce contr\u00f4le ind\u00e9pendant. Les r\u00e9sultats sur les machines d&rsquo;occasion restent toujours tr\u00e8s m\u00e9diocres.<\/p>\n<p>\u00c0 l&rsquo;issue du contr\u00f4le, l&rsquo;\u00e9leveur re\u00e7oit une fiche contenant tous les r\u00e9sultats et les conseils n\u00e9cessaires pour l&rsquo;entretien de son installation.<\/p>\n<div>\n<div>\n<h3><span style=\"color: #56b74f;\">Renseignement &amp; contact :<\/span><\/h3>\n<p><strong> <a href=\"mailto:gds57@gddsb-moselle.asso.fr\">GDS de Moselle<\/a> : T\u00e9l. : 03 87 66 12 98<\/strong><\/p>\n<\/div>\n<\/div>\n<\/div>","protected":false},"excerpt":{"rendered":"<p>ParasitismeOptitraite &amp; Certitraite\u00a0Jeunes AgriculteursR\u00e9seau p\u00e2ture Optitraite &amp; Certitraite\u00a0(en Moselle uniquement) Depuis 40 ans le GDS de la Moselle a une d\u00e9l\u00e9gation de ma\u00eetre d\u2019\u0153uvre dans le domaine du contr\u00f4le des machines \u00e0 traire, dans l&rsquo;optique d&rsquo;am\u00e9liorer la qualit\u00e9 du lait dans les \u00e9levages. Il s&rsquo;agit de\u00a0 coordonner l&rsquo;action des diff\u00e9rents intervenants sur une installation de [&hellip;]<\/p>\n","protected":false},"author":1,"featured_media":0,"parent":0,"menu_order":0,"comment_status":"closed","ping_status":"closed","template":"","meta":[],"_links":{"self":[{"href":"https:\/\/gdsreseau3m.com\/index.php?rest_route=\/wp\/v2\/pages\/1419"}],"collection":[{"href":"https:\/\/gdsreseau3m.com\/index.php?rest_route=\/wp\/v2\/pages"}],"about":[{"href":"https:\/\/gdsreseau3m.com\/index.php?rest_route=\/wp\/v2\/types\/page"}],"author":[{"embeddable":true,"href":"https:\/\/gdsreseau3m.com\/index.php?rest_route=\/wp\/v2\/users\/1"}],"replies":[{"embeddable":true,"href":"https:\/\/gdsreseau3m.com\/index.php?rest_route=%2Fwp%2Fv2%2Fcomments&post=1419"}],"version-history":[{"count":14,"href":"https:\/\/gdsreseau3m.com\/index.php?rest_route=\/wp\/v2\/pages\/1419\/revisions"}],"predecessor-version":[{"id":2772,"href":"https:\/\/gdsreseau3m.com\/index.php?rest_route=\/wp\/v2\/pages\/1419\/revisions\/2772"}],"wp:attachment":[{"href":"https:\/\/gdsreseau3m.com\/index.php?rest_route=%2Fwp%2Fv2%2Fmedia&parent=1419"}],"curies":[{"name":"wp","href":"https:\/\/api.w.org\/{rel}","templated":true}]}}