{"id":125,"date":"2018-06-15T15:07:24","date_gmt":"2018-06-15T13:07:24","guid":{"rendered":"http:\/\/gdsreseau3m.com\/?page_id=125"},"modified":"2024-03-07T11:58:15","modified_gmt":"2024-03-07T10:58:15","slug":"nos-chiffres-cles","status":"publish","type":"page","link":"https:\/\/gdsreseau3m.com\/?page_id=125","title":{"rendered":"Nos Chiffres cl\u00e9s"},"content":{"rendered":"<div class=\"mpl-content-wrap\"><h2 style=\"text-align: left;\"><img loading=\"lazy\" class=\"alignnone size-full wp-image-607\" src=\"http:\/\/gdsreseau3m.com\/wp-content\/uploads\/2018\/06\/id-reseau-gds3d.png\" alt=\"\" width=\"175\" height=\"40\" \/><\/h2>\n<h2><span style=\"color: #2180c0;\">Nos r\u00e9f\u00e9rences et chiffres cl\u00e9s pour l\u2019action<\/span><\/h2>\n<table style=\"height: 525px;\" width=\"567\">\n<tbody>\n<tr>\n<td width=\"153\"><img loading=\"lazy\" class=\"size-full wp-image-1921 aligncenter\" src=\"http:\/\/gdsreseau3m.com\/wp-content\/uploads\/2018\/07\/ref-01.png\" alt=\"\" width=\"136\" height=\"97\" \/><\/p>\n<p style=\"text-align: center;\"><strong><span style=\"color: #2180c0;\">633 183 <\/span><\/strong>bovins g\u00e9r\u00e9s, dont <strong><span style=\"color: #2180c0;\">230 685<\/span><\/strong> naissances par an<\/p>\n<\/td>\n<td style=\"text-align: center;\" width=\"153\"><img loading=\"lazy\" class=\"size-full wp-image-1922 aligncenter\" src=\"http:\/\/gdsreseau3m.com\/wp-content\/uploads\/2018\/07\/ref-02.png\" alt=\"\" width=\"136\" height=\"97\" \/><strong><span style=\"color: #2180c0;\">17 673 km\u00b2<\/span><\/strong>\u00a0surveill\u00e9s (superficie des 3 d\u00e9partements 54, 55 et 57)<\/td>\n<td style=\"text-align: center;\" width=\"153\"><img loading=\"lazy\" class=\"size-full wp-image-1922 aligncenter\" src=\"http:\/\/gdsreseau3m.com\/wp-content\/uploads\/2018\/07\/ref-03.png\" alt=\"\" width=\"136\" height=\"97\" \/><strong><span style=\"color: #2180c0;\">4 450<\/span><\/strong> adh\u00e9rents bovins satisfaits<\/td>\n<\/tr>\n<tr>\n<td style=\"text-align: center;\" width=\"153\"><img loading=\"lazy\" class=\"size-full wp-image-1924 aligncenter\" src=\"http:\/\/gdsreseau3m.com\/wp-content\/uploads\/2018\/07\/ref-04.png\" alt=\"\" width=\"136\" height=\"97\" \/><strong><span style=\"color: #2180c0;\">+ 1 000<\/span><\/strong> cheptels visit\u00e9s chaque ann\u00e9e<\/td>\n<td style=\"text-align: center;\" width=\"153\"><img loading=\"lazy\" class=\"size-full wp-image-1925 aligncenter\" src=\"http:\/\/gdsreseau3m.com\/wp-content\/uploads\/2018\/07\/ref-05.png\" alt=\"\" width=\"136\" height=\"97\" \/><strong><span style=\"color: #2180c0;\">77<\/span><\/strong> cabinets v\u00e9t\u00e9rinaires partenaires<\/td>\n<td style=\"text-align: center;\" width=\"153\"><img loading=\"lazy\" class=\"size-full wp-image-1926 aligncenter\" src=\"http:\/\/gdsreseau3m.com\/wp-content\/uploads\/2018\/07\/ref-06.png\" alt=\"\" width=\"136\" height=\"97\" \/><strong><span style=\"color: #2180c0;\">24<\/span><\/strong> personnes engag\u00e9es au service des \u00e9leveurs<\/td>\n<\/tr>\n<tr>\n<td style=\"text-align: center;\" width=\"153\"><img loading=\"lazy\" class=\"size-full wp-image-1927 aligncenter\" src=\"http:\/\/gdsreseau3m.com\/wp-content\/uploads\/2018\/07\/ref-07.png\" alt=\"\" width=\"136\" height=\"97\" \/><strong><span style=\"color: #2180c0;\">97,5%<\/span><\/strong> des \u00e9leveurs de bovins adh\u00e8rent au GDS et \u00e0 ses valeurs<\/td>\n<td style=\"text-align: center;\" width=\"153\"><img loading=\"lazy\" class=\"size-full wp-image-1928 aligncenter\" src=\"http:\/\/gdsreseau3m.com\/wp-content\/uploads\/2018\/07\/ref-08.png\" alt=\"\" width=\"136\" height=\"97\" \/><strong><span style=\"color: #2180c0;\">1 600 000\u20ac<\/span><\/strong> d&rsquo;aides revers\u00e9s aux \u00e9leveurs<\/td>\n<td style=\"text-align: center;\" width=\"153\"><img loading=\"lazy\" class=\"wp-image-4236 aligncenter\" src=\"http:\/\/gdsreseau3m.com\/wp-content\/uploads\/2019\/07\/gds3m_illu-chiffres-cl\u00e9-9_1-pr\u00e9occupation.jpg\" alt=\"\" width=\"113\" height=\"76\" \/><span style=\"color: #2180c0;\"><strong>1 pr\u00e9occupation<\/strong><\/span> : la sant\u00e9 des troupeaux<\/td>\n<\/tr>\n<\/tbody>\n<\/table>\n<ul>\n<li><a href=\"http:\/\/gdsreseau3m.com\/wp-content\/uploads\/2024\/03\/55_Rapport-Eco-AG-2023v4.pdf\">Rapport d&rsquo;activit\u00e9 2023 GDS 55<\/a><\/li>\n<li><a href=\"http:\/\/gdsreseau3m.com\/wp-content\/uploads\/2024\/03\/Rapport-activite-GDS54-AG-2023-FINALE.pdf\">Rapport d&rsquo;activit\u00e9 2023 GDS 54<\/a><\/li>\n<\/ul>\n<\/div>","protected":false},"excerpt":{"rendered":"<p>Nos r\u00e9f\u00e9rences et chiffres cl\u00e9s pour l\u2019action 633 183 bovins g\u00e9r\u00e9s, dont 230 685 naissances par an 17 673 km\u00b2\u00a0surveill\u00e9s (superficie des 3 d\u00e9partements 54, 55 et 57) 4 450 adh\u00e9rents bovins satisfaits + 1 000 cheptels visit\u00e9s chaque ann\u00e9e 77 cabinets v\u00e9t\u00e9rinaires partenaires 24 personnes engag\u00e9es au service des \u00e9leveurs 97,5% des \u00e9leveurs de [&hellip;]<\/p>\n","protected":false},"author":1,"featured_media":0,"parent":0,"menu_order":0,"comment_status":"closed","ping_status":"closed","template":"","meta":[],"_links":{"self":[{"href":"https:\/\/gdsreseau3m.com\/index.php?rest_route=\/wp\/v2\/pages\/125"}],"collection":[{"href":"https:\/\/gdsreseau3m.com\/index.php?rest_route=\/wp\/v2\/pages"}],"about":[{"href":"https:\/\/gdsreseau3m.com\/index.php?rest_route=\/wp\/v2\/types\/page"}],"author":[{"embeddable":true,"href":"https:\/\/gdsreseau3m.com\/index.php?rest_route=\/wp\/v2\/users\/1"}],"replies":[{"embeddable":true,"href":"https:\/\/gdsreseau3m.com\/index.php?rest_route=%2Fwp%2Fv2%2Fcomments&post=125"}],"version-history":[{"count":56,"href":"https:\/\/gdsreseau3m.com\/index.php?rest_route=\/wp\/v2\/pages\/125\/revisions"}],"predecessor-version":[{"id":1920,"href":"https:\/\/gdsreseau3m.com\/index.php?rest_route=\/wp\/v2\/pages\/125\/revisions\/1920"}],"wp:attachment":[{"href":"https:\/\/gdsreseau3m.com\/index.php?rest_route=%2Fwp%2Fv2%2Fmedia&parent=125"}],"curies":[{"name":"wp","href":"https:\/\/api.w.org\/{rel}","templated":true}]}}