{"id":1214,"date":"2018-06-22T09:56:01","date_gmt":"2018-06-22T07:56:01","guid":{"rendered":"http:\/\/gdsreseau3m.com\/?page_id=1214"},"modified":"2021-12-09T14:40:20","modified_gmt":"2021-12-09T13:40:20","slug":"bovins-paratuberculose-assainissement","status":"publish","type":"page","link":"https:\/\/gdsreseau3m.com\/?page_id=1214","title":{"rendered":"Bovins &#8211; Paratuberculose &#8211; Assainissement"},"content":{"rendered":"<div class=\"mpl-content-wrap\"><h6><img loading=\"lazy\" class=\"alignnone wp-image-333\" src=\"http:\/\/gdsreseau3m.com\/wp-content\/uploads\/2018\/06\/treffleMenu.png\" alt=\"\" width=\"23\" height=\"22\" \/><a href=\"http:\/\/gdsreseau3m.com\/?page_id=2594\">La maladie<\/a><img loading=\"lazy\" class=\"alignnone wp-image-333\" src=\"http:\/\/gdsreseau3m.com\/wp-content\/uploads\/2018\/06\/treffleMenu.png\" alt=\"\" width=\"23\" height=\"22\" \/><a href=\"http:\/\/gdsreseau3m.com\/?page_id=1209\">Situation locale<\/a><img loading=\"lazy\" class=\"alignnone wp-image-333\" src=\"http:\/\/gdsreseau3m.com\/wp-content\/uploads\/2018\/06\/treffleMenu.png\" alt=\"\" width=\"23\" height=\"22\" \/><a href=\"http:\/\/gdsreseau3m.com\/?page_id=2613\">Garantie d&rsquo;\u00e9levage<\/a><img loading=\"lazy\" class=\"alignnone wp-image-333\" src=\"http:\/\/gdsreseau3m.com\/wp-content\/uploads\/2018\/06\/treffleMenu.png\" alt=\"\" width=\"23\" height=\"22\" \/><a href=\"http:\/\/gdsreseau3m.com\/?page_id=1214\">Assainissement<\/a><img loading=\"lazy\" class=\"alignnone wp-image-333\" src=\"http:\/\/gdsreseau3m.com\/wp-content\/uploads\/2018\/06\/treffleMenu.png\" alt=\"\" width=\"23\" height=\"22\" \/><a href=\"http:\/\/gdsreseau3m.com\/?page_id=1216\">Contr\u00f4le des risques<\/a><\/h6>\n<h1><span style=\"color: #56b74f;\"><img loading=\"lazy\" class=\"alignnone wp-image-749 \" src=\"http:\/\/gdsreseau3m.com\/wp-content\/uploads\/2018\/06\/Bovins1.png\" alt=\"\" width=\"55\" height=\"41\" \/><\/span><span style=\"color: #56b74f;\"> Assainissement\u00a0de la paratuberculose<\/span><\/h1>\n<p>Les GDS soutiennent techniquement et financi\u00e8rement les \u00e9leveurs qui souhaitent \u00e9radiquer la maladie au sein de leur cheptel.<\/p>\n<h3><span style=\"color: #56b74f;\">Objectifs du plan de lutte des GDS<\/span><b><br \/>\n<\/b><\/h3>\n<p>L&rsquo;entr\u00e9e dans le protocole de lutte contre la paratuberculose est volontaire. Elle se fait \u00e0 la suite de la pr\u00e9sence confirm\u00e9e de la maladie au sein de l&rsquo;\u00e9levage <i>(vente positive, cas clinique, etc.). <\/i>Ses objectifs sont les suivants : <i><br \/>\n<\/i><\/p>\n<ul>\n<li>Disparition des signes cliniques,<\/li>\n<li>Maitrise de la maladie,<\/li>\n<li>Assainissement progressif des \u00e9levages atteints, afin d&rsquo;\u00e9viter les rechutes cliniques et de limiter l&rsquo;excr\u00e9tion et la circulation de<i> Mycobacterium paratuberculosis<\/i><\/li>\n<\/ul>\n<p>Cela passe par une visite d&rsquo;\u00e9levage conduite par le technicien du G.D.S. visant \u00e0 mettre en \u0153uvre des mesures sanitaires dont la finalit\u00e9 est de :<\/p>\n<div>\n<ul>\n<li>Maitriser les facteurs de risque d&rsquo;expression clinique de la maladie chez les adultes,<\/li>\n<li>Maitriser les facteurs de risque de contamination des jeunes veaux.<\/li>\n<\/ul>\n<\/div>\n<h3><span style=\"color: #56b74f;\">Mise en \u0153uvre d\u00e9taill\u00e9e<\/span><\/h3>\n<h4><span style=\"color: #56b74f;\">1. D\u00e9pistage et \u00e9limination des bovins positifs le plus rapidement possible<\/span><\/h4>\n<div>\n<p>Afin de limiter les risques de contamination du milieu, et donc abaisser les risques de contamination des nouveaux animaux.<\/p>\n<p>Afin de d\u00e9tecter le plus pr\u00e9cocement possible les animaux excr\u00e9teurs et\/ou s\u00e9ropositifs, avant qu&rsquo;ils ne repr\u00e9sentent plus aucune valeur \u00e9conomique.<\/p>\n<p><u>Les axes du plan de lutte :<\/u><\/p>\n<ul>\n<li>Le d\u00e9pistage syst\u00e9matique de tous les bovins de plus de 24 mois (\u00e9ventuellement plus t\u00f4t \u00e0 partir de 18 mois),<\/li>\n<li>La r\u00e9forme dans les meilleurs d\u00e9lais les animaux positifs, en \u00e9vitant tout contact avec les jeunes (animaux de moins de 1 an),<\/li>\n<li>La r\u00e9forme prioritaire des descendantes de m\u00e8res positives, la non mise \u00e0 la reproduction de celles-ci (destin\u00e9es \u00e0 l&rsquo;engraissement).<\/li>\n<\/ul>\n<p><b>A la suite des d\u00e9pistages r\u00e9alis\u00e9s sur les animaux, nous d\u00e9terminons le taux de pr\u00e9valence de la maladie au sien de l&rsquo;exploitation. Les conditions du plan de lutte sont alors adapt\u00e9es \u00e0 la pression d&rsquo;infection relev\u00e9e.<\/b><\/p>\n<\/div>\n<h4><span style=\"color: #56b74f;\">2. Ma\u00eetrise des risques de contamination au sein de l&rsquo;\u00e9levage<\/span><\/h4>\n<div>Afin de limiter au maximum les contacts entre les jeunes animaux et les d\u00e9jections contaminantes des adultes infect\u00e9s (la bouse est le principal \u00e9l\u00e9ment infectieux). Ce point ne doit en aucun cas \u00eatre n\u00e9glig\u00e9, car il est aussi important que l&rsquo;\u00e9limination des positifs ! Cela passe par :<\/div>\n<ul>\n<li><b>L&rsquo;isolement des animaux infect\u00e9s,<br \/>\n<\/b><\/li>\n<li><strong>De bonnes pratiques d&rsquo;\u00e9levage des veaux<\/strong> (voir tableau ci-dessous)<\/li>\n<\/ul>\n<div>\n<table style=\"height: 247px;\" width=\"663\">\n<tbody>\n<tr>\n<td><b>\u00a0En \u00e9levage allaitant<\/b><\/td>\n<td><b>En \u00e9levage laitier<br \/>\n<\/b><\/td>\n<\/tr>\n<tr>\n<td>\u2022 S\u00e9parer les couples m\u00e8re-veau contamin\u00e9s du reste du troupeau,<br \/>\n\u2022 Veiller quotidiennement \u00e0 l&rsquo;hygi\u00e8ne\u00a0 des b\u00e2timents qui abritent les couples m\u00e8re-veau<br \/>\n\u2022 Pr\u00e9voir un box \u00e0 veaux<\/td>\n<td>\n<div>\u2022 S\u00e9parer le veau de sa m\u00e8re le plus vite possible en veillant \u00e0 ce qu&rsquo;il prenne uniquement le colostrum de sa m\u00e8re (quand celle-ci n&rsquo;est pas infect\u00e9e) et dans des conditions d&rsquo;hygi\u00e8ne optimales,<\/div>\n<div>\u2022 Ne pas distribuer et congeler de colostrum ou de lait issu de m\u00e8re connue infect\u00e9e<\/div>\n<div>\u2022 N<span style=\"font-family: inherit; font-size: inherit;\">ourrir les veaux avec du lait en poudre<br \/>\n<\/span><\/div>\n<div>\u2022 \u00c9viter le contact entre les bouses des adultes et les jeunes veaux.<\/div>\n<\/td>\n<\/tr>\n<\/tbody>\n<\/table>\n<p><b><img loading=\"lazy\" class=\"alignnone wp-image-1273\" src=\"http:\/\/gdsreseau3m.com\/wp-content\/uploads\/2018\/06\/1403689550_bix_velage_.jpg\" alt=\"\" width=\"269\" height=\"202\" srcset=\"https:\/\/gdsreseau3m.com\/wp-content\/uploads\/2018\/06\/1403689550_bix_velage_.jpg 448w, https:\/\/gdsreseau3m.com\/wp-content\/uploads\/2018\/06\/1403689550_bix_velage_-300x225.jpg 300w, https:\/\/gdsreseau3m.com\/wp-content\/uploads\/2018\/06\/1403689550_bix_velage_-400x300.jpg 400w\" sizes=\"(max-width: 269px) 100vw, 269px\" \/> <\/b><img loading=\"lazy\" class=\"alignnone wp-image-1274\" src=\"http:\/\/gdsreseau3m.com\/wp-content\/uploads\/2018\/06\/1403790306_fumier_tas.jpg\" alt=\"\" width=\"268\" height=\"201\" srcset=\"https:\/\/gdsreseau3m.com\/wp-content\/uploads\/2018\/06\/1403790306_fumier_tas.jpg 448w, https:\/\/gdsreseau3m.com\/wp-content\/uploads\/2018\/06\/1403790306_fumier_tas-300x225.jpg 300w, https:\/\/gdsreseau3m.com\/wp-content\/uploads\/2018\/06\/1403790306_fumier_tas-400x300.jpg 400w\" sizes=\"(max-width: 268px) 100vw, 268px\" \/><\/p>\n<ul>\n<li><b>D<\/b><strong>es mesures d&rsquo;hygi\u00e8ne strictes au v\u00ealage et la pr\u00e9sence d&rsquo;un box de v\u00ealage propre et nettoy\u00e9 apr\u00e8s chaque v\u00ealage,<\/strong><\/li>\n<li><strong>Vaccination<\/strong><\/li>\n<li><b>R\u00e9server les fumiers et <\/b><strong>lisiers aux parcs non p\u00e2tur\u00e9es ou aux parcs p\u00e2tur\u00e9s par des animaux \u00e2g\u00e9s de plus d&rsquo;1 an <\/strong><\/li>\n<li><b>L&rsquo;hygi\u00e8ne des b\u00e2timents d&rsquo;\u00e9levage<\/b> (nettoyage et d\u00e9sinfection r\u00e9guliers, notamment ceux accueillant les jeunes de moins de 1 an. Un d\u00e9sinfectant classique est efficace contre la bact\u00e9rie responsable de la paratuberculose).<\/li>\n<li><b>L&rsquo;alimentatio<\/b><strong>n :<\/strong> veiller \u00e0 l&rsquo;\u00e9quilibre alimentaire de l&rsquo;ensemble des animaux<\/li>\n<li><b>L&rsquo;acc\u00e8s \u00e0 l&rsquo;eau :<\/b> les points d&rsquo;eau doivent \u00eatre entretenus de fa\u00e7on \u00e0 \u00e9viter les souillures par les d\u00e9jections. Les abreuvoirs doivent \u00eatre nettoy\u00e9s r\u00e9guli\u00e8rement. Au parc, l&rsquo;am\u00e9nagement des abords doit permettre d&rsquo;\u00e9viter l&rsquo;eau stagnante. Interdire l&rsquo;acc\u00e8s aux mares et ruisseaux.<\/li>\n<li><b>Le parasitisme :<\/b> la douve et le paramphistome peuvent \u00eatre des facteurs favorisant l&rsquo;expression clinique de la maladie (par une d\u00e9viation du syst\u00e8me immunitaire, donc une moindre r\u00e9sistance aux autres maladies).<\/li>\n<li><b>Les introductions de nouveaux animaux <\/b>= \u00e9viter les introductions ou r\u00e9aliser une analyse sur sang (s\u00e9rologie) et sur bouses (PCR) sur les animaux plus de 18 mois. S&rsquo;il s&rsquo;agit d&rsquo;un animal plus jeune, son contr\u00f4le sera diff\u00e9r\u00e9 jusqu&rsquo;\u00e0 ce qu&rsquo;il ait l&rsquo;\u00e2ge requis. Se renseigner sur le statut du cheptel d&rsquo;origine. <b>En cas de r\u00e9sultats positifs, renvoyer les animaux concern\u00e9s gr\u00e2ce au<a href=\"http:\/\/gdsreseau3m.com\/wp-content\/uploads\/2021\/12\/BILLET-DE-GARANTIE-CONVENTIONNELLE-v2019_sitegds3m.pdf\"><span style=\"color: #56b74f;\"> billet de garantie conventionnelle :<\/span><\/a><\/b><\/li>\n<\/ul>\n<\/div>\n<div style=\"padding-left: 40px;\"><a href=\"http:\/\/gdsreseau3m.com\/wp-content\/uploads\/2021\/12\/BILLET-DE-GARANTIE-CONVENTIONNELLE-v2019_sitegds3m.pdf\" target=\"_blank\" rel=\"noopener noreferrer\"><img loading=\"lazy\" class=\"alignnone wp-image-1277 size-full\" src=\"http:\/\/gdsreseau3m.com\/wp-content\/uploads\/2018\/06\/F3M_Billet_de_garantie_conventionnelle-icon.png\" alt=\"\" width=\"151\" height=\"109\" srcset=\"https:\/\/gdsreseau3m.com\/wp-content\/uploads\/2018\/06\/F3M_Billet_de_garantie_conventionnelle-icon.png 151w, https:\/\/gdsreseau3m.com\/wp-content\/uploads\/2018\/06\/F3M_Billet_de_garantie_conventionnelle-icon-150x109.png 150w\" sizes=\"(max-width: 151px) 100vw, 151px\" \/><\/a><\/div>\n<blockquote>\n<div><\/div>\n<div><span style=\"color: #e3a220;\"><b>La bonne r\u00e9ussite d&rsquo;un plan repose autant sur le d\u00e9pistage et l&rsquo;\u00e9limination des positifs que sur la ma\u00eetrise des risques de contamination des jeunes animaux.<\/b><\/span><\/div>\n<\/blockquote>\n<h3><span style=\"color: #008cd2;\"><b><br \/>\n<\/b><\/span><span style=\"color: #56b74f;\">Engagements techniques et financier<span style=\"color: #56b74f;\">s du GDS<\/span><\/span><\/h3>\n<p><em>Contacter votre GDS pour confirmation. <\/em><\/p>\n<ul>\n<li>Subventions financi\u00e8res pour la r\u00e9forme acc\u00e9l\u00e9r\u00e9e des bovins positifs et descendants de bovins positifs,<\/li>\n<li>Subventions financi\u00e8res pour la r\u00e9alisation d&rsquo;analyses (sang et f\u00e8ces),<\/li>\n<li>Suivi rapproch\u00e9 des \u00e9levages engag\u00e9s (visite annuelle).<\/li>\n<\/ul>\n<div>Il existe <b>plusieurs niveaux de lutte<\/b>, plus ou moins restrictifs, choisi en concertation avec le technicien, en fonction des attentes de l&rsquo;\u00e9leveur, de sa motivation et du taux de pr\u00e9valence de la maladie.<i><br \/>\n<\/i><\/div>\n<ul>\n<li>Le d\u00e9lai d&rsquo;abattage impos\u00e9 varie en fonction du plan choisi,<\/li>\n<li>La hauteur des aides \u00e0 la reforme des bovins connus positifs est plus ou moins importante en fonction du d\u00e9lai d&rsquo;abatage,<\/li>\n<li>Les ventes de bovins en \u00e9levage sont plus ou moins restrictives, mais reste d\u00e9conseill\u00e9es voire non autoris\u00e9es,<\/li>\n<li>Les mesures de maitrise des risques de contaminations des jeunes animaux pr\u00e9sent\u00e9es plus haut doivent, dans tous les cas, \u00eatre respect\u00e9es rigoureusement.<\/li>\n<\/ul>\n<p>Plus d&rsquo;information, contactez votre conseiller sanitaire.<\/p>\n<blockquote>\n<div><span style=\"color: #008cd2;\"><b><span style=\"color: #f0a50e;\">\u00c0 la fin de l&rsquo;assainissement, il est possible pour l&rsquo;\u00e9leveur de rentrer dans la d\u00e9marche de garantie paratuberculose afin de valoriser le travail accompli et d&rsquo;apporter une valeur ajout\u00e9e non n\u00e9gligeable aux animaux \u00e0 la vente. <\/span><\/b><\/span><\/div>\n<\/blockquote>\n<\/div>","protected":false},"excerpt":{"rendered":"<p>La maladieSituation localeGarantie d&rsquo;\u00e9levageAssainissementContr\u00f4le des risques Assainissement\u00a0de la paratuberculose Les GDS soutiennent techniquement et financi\u00e8rement les \u00e9leveurs qui souhaitent \u00e9radiquer la maladie au sein de leur cheptel. Objectifs du plan de lutte des GDS L&rsquo;entr\u00e9e dans le protocole de lutte contre la paratuberculose est volontaire. Elle se fait \u00e0 la suite de la pr\u00e9sence confirm\u00e9e [&hellip;]<\/p>\n","protected":false},"author":1,"featured_media":0,"parent":0,"menu_order":0,"comment_status":"closed","ping_status":"closed","template":"","meta":[],"_links":{"self":[{"href":"https:\/\/gdsreseau3m.com\/index.php?rest_route=\/wp\/v2\/pages\/1214"}],"collection":[{"href":"https:\/\/gdsreseau3m.com\/index.php?rest_route=\/wp\/v2\/pages"}],"about":[{"href":"https:\/\/gdsreseau3m.com\/index.php?rest_route=\/wp\/v2\/types\/page"}],"author":[{"embeddable":true,"href":"https:\/\/gdsreseau3m.com\/index.php?rest_route=\/wp\/v2\/users\/1"}],"replies":[{"embeddable":true,"href":"https:\/\/gdsreseau3m.com\/index.php?rest_route=%2Fwp%2Fv2%2Fcomments&post=1214"}],"version-history":[{"count":27,"href":"https:\/\/gdsreseau3m.com\/index.php?rest_route=\/wp\/v2\/pages\/1214\/revisions"}],"predecessor-version":[{"id":6099,"href":"https:\/\/gdsreseau3m.com\/index.php?rest_route=\/wp\/v2\/pages\/1214\/revisions\/6099"}],"wp:attachment":[{"href":"https:\/\/gdsreseau3m.com\/index.php?rest_route=%2Fwp%2Fv2%2Fmedia&parent=1214"}],"curies":[{"name":"wp","href":"https:\/\/api.w.org\/{rel}","templated":true}]}}