{"id":1074,"date":"2018-06-21T15:07:25","date_gmt":"2018-06-21T13:07:25","guid":{"rendered":"http:\/\/gdsreseau3m.com\/?page_id=1074"},"modified":"2018-07-24T11:41:20","modified_gmt":"2018-07-24T09:41:20","slug":"ovins-technique-videos-techniques","status":"publish","type":"page","link":"https:\/\/gdsreseau3m.com\/?page_id=1074","title":{"rendered":"Ovins \u2013 Technique + &#8211; Vid\u00e9os techniques"},"content":{"rendered":"<div class=\"mpl-content-wrap\"><h6><a href=\"http:\/\/gdsreseau3m.com\/?page_id=304\"><img loading=\"lazy\" class=\"alignnone wp-image-333\" src=\"http:\/\/gdsreseau3m.com\/wp-content\/uploads\/2018\/06\/treffleMenu.png\" alt=\"\" width=\"23\" height=\"22\" \/><\/a><a href=\"http:\/\/gdsreseau3m.com\/?page_id=984\">Dossiers techniques<\/a><a href=\"http:\/\/gdsreseau3m.com\/?page_id=1074\"><img loading=\"lazy\" class=\"alignnone wp-image-333\" src=\"http:\/\/gdsreseau3m.com\/wp-content\/uploads\/2018\/06\/treffleMenu.png\" alt=\"\" width=\"23\" height=\"22\" \/>Vid\u00e9os techniques<\/a><\/h6>\n<h1><img loading=\"lazy\" class=\"alignnone wp-image-750\" src=\"http:\/\/gdsreseau3m.com\/wp-content\/uploads\/2018\/06\/Ovins.png\" alt=\"\" width=\"39\" height=\"32\" \/>\u00a0 <span style=\"color: #2180c0;\">Vid\u00e9os techniques <\/span><\/h1>\n<div>\n<h3><span style=\"color: #2180c0;\">\u00c9valuer la note d&rsquo;\u00e9tat corporel NEC en production ovine<\/span><\/h3>\n<div style=\"width: 640px;\" class=\"wp-video\"><!--[if lt IE 9]><script>document.createElement('video');<\/script><![endif]-->\n<video class=\"wp-video-shortcode\" id=\"video-1074-1\" width=\"640\" height=\"360\" poster=\"http:\/\/gdsreseau3m.com\/wp-content\/uploads\/2018\/06\/GDS-3M-2012.png\" preload=\"metadata\" controls=\"controls\"><source type=\"video\/mp4\" src=\"http:\/\/gdsreseau3m.com\/wp-content\/uploads\/2018\/06\/GDS-3M-2012.mp4?_=1\" \/><a href=\"http:\/\/gdsreseau3m.com\/wp-content\/uploads\/2018\/06\/GDS-3M-2012.mp4\">http:\/\/gdsreseau3m.com\/wp-content\/uploads\/2018\/06\/GDS-3M-2012.mp4<\/a><\/video><\/div>\n<p>Vid\u00e9o Inn&rsquo;ovin<\/p>\n<h3><span style=\"color: #2180c0;\">Le colostrum, l&rsquo;assurance vie de l&rsquo;agneau<\/span><\/h3>\n<div style=\"width: 640px;\" class=\"wp-video\"><video class=\"wp-video-shortcode\" id=\"video-1074-2\" width=\"640\" height=\"360\" poster=\"http:\/\/gdsreseau3m.com\/wp-content\/uploads\/2018\/06\/Le-colostrum-lassurance-vie-de-lagneau-YouTube.png\" preload=\"metadata\" controls=\"controls\"><source type=\"video\/mp4\" src=\"http:\/\/gdsreseau3m.com\/wp-content\/uploads\/2018\/06\/GDS-3M-2012.mp4?_=2\" \/><a href=\"http:\/\/gdsreseau3m.com\/wp-content\/uploads\/2018\/06\/GDS-3M-2012.mp4\">http:\/\/gdsreseau3m.com\/wp-content\/uploads\/2018\/06\/GDS-3M-2012.mp4<\/a><\/video><\/div>\n<p><em>Vid\u00e9o issue de la chaine Vim\u00e9o de l&rsquo;Institut de l&rsquo;Elevage <\/em><a href=\"https:\/\/vimeo.com\/idele\" target=\"_blank\" rel=\"noopener\"><em>https:\/\/vimeo.com\/idele<\/em><\/a><\/p>\n<\/div>\n<\/div>","protected":false},"excerpt":{"rendered":"<p>Dossiers techniquesVid\u00e9os techniques \u00a0 Vid\u00e9os techniques \u00c9valuer la note d&rsquo;\u00e9tat corporel NEC en production ovine Vid\u00e9o Inn&rsquo;ovin Le colostrum, l&rsquo;assurance vie de l&rsquo;agneau Vid\u00e9o issue de la chaine Vim\u00e9o de l&rsquo;Institut de l&rsquo;Elevage https:\/\/vimeo.com\/idele<\/p>\n","protected":false},"author":1,"featured_media":0,"parent":0,"menu_order":0,"comment_status":"closed","ping_status":"closed","template":"","meta":[],"_links":{"self":[{"href":"https:\/\/gdsreseau3m.com\/index.php?rest_route=\/wp\/v2\/pages\/1074"}],"collection":[{"href":"https:\/\/gdsreseau3m.com\/index.php?rest_route=\/wp\/v2\/pages"}],"about":[{"href":"https:\/\/gdsreseau3m.com\/index.php?rest_route=\/wp\/v2\/types\/page"}],"author":[{"embeddable":true,"href":"https:\/\/gdsreseau3m.com\/index.php?rest_route=\/wp\/v2\/users\/1"}],"replies":[{"embeddable":true,"href":"https:\/\/gdsreseau3m.com\/index.php?rest_route=%2Fwp%2Fv2%2Fcomments&post=1074"}],"version-history":[{"count":7,"href":"https:\/\/gdsreseau3m.com\/index.php?rest_route=\/wp\/v2\/pages\/1074\/revisions"}],"predecessor-version":[{"id":3027,"href":"https:\/\/gdsreseau3m.com\/index.php?rest_route=\/wp\/v2\/pages\/1074\/revisions\/3027"}],"wp:attachment":[{"href":"https:\/\/gdsreseau3m.com\/index.php?rest_route=%2Fwp%2Fv2%2Fmedia&parent=1074"}],"curies":[{"name":"wp","href":"https:\/\/api.w.org\/{rel}","templated":true}]}}